{"id":200,"date":"2013-04-25T02:57:57","date_gmt":"2013-04-25T02:57:57","guid":{"rendered":"http:\/\/www1.herrera.unt.edu.ar\/faceyt\/agrimensura\/?page_id=200"},"modified":"2014-08-21T16:02:08","modified_gmt":"2014-08-21T19:02:08","slug":"02-algebra-i","status":"publish","type":"page","link":"https:\/\/www.facet.unt.edu.ar\/agrimensura\/02-algebra-i\/","title":{"rendered":"\u00c1lgebra y Geometr\u00eda Anal\u00edtica"},"content":{"rendered":"<p><strong>OBJETIVOS:<\/strong><\/p>\n<p>Que el alumno: Adquiera habilidad en el manejo de vectores en R<sup>n<\/sup>, estudie c\u00f3nicas, deduzca sus propiedades, identifique y grafique l\u00edneas y superficies en R<sup>3<\/sup>, adquiera competencias sobre los n\u00fameros complejos y sus aplicaciones en problemas de ingenier\u00eda.<\/p>\n<p><strong>Carga horaria: <\/strong>96 horas<\/p>\n<p>Horas total dedicada a problemas de aplicaci\u00f3n: 32<\/p>\n<p><strong>CONTENIDOS:<\/strong><\/p>\n<p><strong>UNIDAD TEM\u00c1TICA 1: VECTORES<\/strong><\/p>\n<p>Vectores en R<sup>n<\/sup> : Definici\u00f3n. Igualdad. Suma. Producto por un escalar. Propiedades. Producto escalar. Paralelismo. Ortogonalidad. Norma o m\u00f3dulo. \u00c1ngulo entre vectores. Proyecci\u00f3n vectorial ortogonal y Proyecci\u00f3n escalar. Producto vectorial. Doble producto mixto. Propiedades<\/p>\n<p><strong>UNIDAD TEMATICA 2: APLICACIONES DE VECTORES<\/strong><\/p>\n<p>Aplicaciones de Vectores a la Geometr\u00eda Anal\u00edtica: Ecuaciones vectorial, param\u00e9tricas y cartesianas de la recta. Recta por dos puntos. Ecuaci\u00f3n general y segmentaria de la recta en R<sup>2<\/sup>. \u00c1ngulo entre dos rectas. Paralelismo y ortogonalidad de rectas. Ecuaci\u00f3n vectorial y cartesiana del plano. Paralelismo y ortogonalidad de planos. Paralelismo y ortogonalidad entre rectas y planos. Distancias<\/p>\n<p><strong>UNIDAD\u00a0TEM\u00c1TICA\u00a03: C\u00d3NICAS<\/strong><\/p>\n<p>C\u00f3nicas: Circunferencia \u2013 Elipse \u2013 Hip\u00e9rbola \u2013 Par\u00e1bola. Definici\u00f3n. Ecuaci\u00f3n Can\u00f3nica y General de c\u00f3nicas con ejes paralelos a los coordenados. Propiedades de las c\u00f3nicas. Recta Tangente a una c\u00f3nica. Regla del desdoblamiento<\/p>\n<p><strong>UNIDAD\u00a0TEM\u00c1TICA\u00a04: SUPERFICIE Y L\u00cdNEA VECTORES<\/strong><\/p>\n<p>Superficie y L\u00ednea: Definici\u00f3n. Superficies C\u00f3nicas. Superficies Cil\u00edndricas. Cu\u00e1dricas: Superficies Esf\u00e9ricas \u2013 Elipsoide \u2013 Hiperboloides de una hoja y de dos hojas \u2013 Paraboloides<\/p>\n<p><strong>UNIDAD\u00a0TEM\u00c1TICA\u00a05: N\u00daMEROS COMPLEJOS<\/strong><\/p>\n<p>N\u00fameros Complejos: Definici\u00f3n. Operaciones. Propiedades. Forma bin\u00f3mica. Conjugado. Propiedades. M\u00f3dulo. Propiedades. Forma Polar. Potencia y Radicaci\u00f3n de n\u00fameros complejos. Forma Exponencial<\/p>\n<p><strong>DESCRIPCI\u00d3N ANAL\u00cdTICA DE LAS ACTIVIDADES TE\u00d3RICAS Y PR\u00c1CTICAS:<\/strong><\/p>\n<p>CLASE TE\u00d3RICO PR\u00c1CTICAS: Se desarrollan los aspectos te\u00f3ricos necesarios y se Resuelven problemas de aplicaci\u00f3n de cada tema.<\/p>\n<p>CLASES PR\u00c1CTICAS: EL alumno trabaja con material impreso, suministrado por el personal a cargo de la asignatura, con el que se pretende que logren afianzar los conceptos nuevos adquiridos. Este material es una cartilla con los problemas a desarrollar en las clases pr\u00e1cticas y problemas adicionales a resolver por el alumno en forma aut\u00f3noma y que luego podr\u00e1 discutir en los horarios de consulta. Las clases pr\u00e1cticas son obligatorias.<\/p>\n<p>Las clases de consultas se organizan encuentros en horarios extra clase con el objetivo que el alumno pueda disipar dudas de aspectos te\u00f3ricos y pr\u00e1cticos.<\/p>\n<p>El alumno dispone de material impreso donde consta el programa anal\u00edtico, r\u00e9gimen de aprobaci\u00f3n, docentes que participan en el dictado. Se usa para la ense\u00f1anza tiza y pizarr\u00f3n.<\/p>\n<p><strong>BIBLIOGRAF\u00cdA:<\/strong><\/p>\n<ul>\n<li>Geometr\u00eda Anal\u00edtica del Plano y del Espacio y Nomograf\u00eda &#8211; Donato Di Pietro &#8211; Alsina- Buenos Aires \u2013 1975.<\/li>\n<li>Geometr\u00eda Anal\u00edtica del Plano y del Espacio y Nomograf\u00eda &#8211; Donato Di Pietro &#8211; Alsina- Buenos Aires \u20131979.<\/li>\n<li>Geometr\u00eda Anal\u00edtica del Plano y del Espacio y Nomograf\u00eda &#8211; Donato Di Pietro &#8211; Alsina- Buenos Aires \u2013 1981.<\/li>\n<li>\u00c1lgebra Lineal Aplicada &#8211; Ben Noble, Daniel, James W &#8211; Prentice- Hall- M\u00e9xico \u20131989.<\/li>\n<li>\u00c1lgebra Lineal Aplicada &#8211; Ben Noble, Daniel, James W &#8211; Prentice-Hall- Englewood Cliffs-M\u00e9xico \u2013 1989.<\/li>\n<li>Introducci\u00f3n al \u00c1lgebra Lineal &#8211; Serge Lang &#8211; Addison-Wesley Iberoamericana, -1990.<\/li>\n<li>Introduction to linear algebra &#8211; Serge Lang &#8211; Addison-Wesley- Massachusetts \u2013 1970<\/li>\n<li>Geometr\u00eda Anal\u00edtica con vectores y matrices \u2013 Murdoch &#8211; Limusa- Wiley- M\u00e9xico \u20131968.<\/li>\n<li>Geometr\u00eda Anal\u00edtica con vectores y matrices \u2013 Murdoch &#8211; Limusa- Wiley- M\u00e9xico \u20131977.<\/li>\n<li>Geometr\u00eda Anal\u00edtica con vectores y matrices \u2013 Murdoch &#8211; Limusa- Wiley- M\u00e9xico \u20131981.<\/li>\n<li>\u00c1lgebra I &#8211; Volumen I &#8211; Armando Rojo &#8211; El Ateneo- Buenos Aires \u2013 1975.<\/li>\n<li>\u00c1lgebra I &#8211; Volumen I &#8211; Armando Rojo &#8211; El Ateneo- Buenos Aires \u2013 1978.<\/li>\n<li>\u00c1lgebra I &#8211; Volumen II &#8211; Armando Rojo &#8211; El Ateneo- Buenos Aires \u2013 1978.<\/li>\n<li>\u00c1lgebra I &#8211; Volumen I &#8211; Armando Rojo &#8211; El Ateneo- Buenos Aires \u2013 1994.<\/li>\n<li>\u00c1lgebra I &#8211; Volumen I &#8211; Armando Rojo &#8211; El Ateneo- Buenos Aires \u2013 1985.<\/li>\n<li>\u00c1lgebra I &#8211; Volumen I &#8211; Armando Rojo &#8211; El Ateneo- Buenos Aires \u2013 1986.<\/li>\n<li>\u00c1lgebra I &#8211; Volumen II &#8211; Armando Rojo &#8211; El Ateneo- Buenos Aires \u20131983.<\/li>\n<li>\u00c1lgebra I &#8211; Volumen II &#8211; Armando Rojo &#8211; El Ateneo- Buenos Aires \u20131987.<\/li>\n<li>\u00c1lgebra I &#8211; Volumen II &#8211; Armando Rojo &#8211; El Ateneo- Buenos Aires \u20131998.<\/li>\n<li>C\u00e1lculo y Geometr\u00eda Anal\u00edtica &#8211; Sherman Stein &#8211; McGraw-Hill, M\u00e9xico-Buenos Aires \u20131984<\/li>\n<li>C\u00e1lculo y Geometr\u00eda Anal\u00edtica Vol II &#8211; Sherman Stein &#8211; McGraw-Hill, Santaf\u00e9 de Bogot\u00e1 \u2013 1995.<\/li>\n<li>Algebra lineal &#8211; Kolman, Bernard; Hill, David R. &#8211; Pearson Educaci\u00f3n-Prentice Hall. -2006.<\/li>\n<\/ul>\n<p><strong>\u00a0<\/strong><strong>Metodolog\u00eda y Forma de evaluaci\u00f3n:<\/strong><\/p>\n<p>Las evaluaciones permiten cuantificar el grado de adquisici\u00f3n y manejo de los conocimientos por parte de los alumnos. Para regularizar la asignatura los alumnos deben aprobar dos parciales escritos que constan de cuatro o cinco ejercicios pr\u00e1cticos, cada uno de los cuales tienen una recuperaci\u00f3n. Se rinden en la 8\u00aa y 16\u00aa semana respectivamente.<\/p>\n<p>Para aprobar la asignatura los alumnos deben rendir un examen final conceptual e integrador. Acceden a este examen final oral o escrito, una vez que han regularizado la actividad curricular. El alumno dispone de dos horas reloj para desarrollarlo.<\/p>\n<p>Los requisitos de regularidad y condiciones de aprobaci\u00f3n son conocidos por los alumnos el primer d\u00eda de clases del cuatrimestre y publicados en la cartilla de trabajos pr\u00e1cticos.<\/p>\n<p>&nbsp;<\/p>\n","protected":false},"excerpt":{"rendered":"<p>OBJETIVOS: Que el alumno: Adquiera habilidad en el manejo de vectores en Rn, estudie c\u00f3nicas, deduzca sus propiedades, identifique y grafique l\u00edneas y superficies en R3, adquiera competencias sobre los n\u00fameros complejos y sus aplicaciones en problemas de ingenier\u00eda. Carga horaria: 96 horas Horas total dedicada a problemas de aplicaci\u00f3n: 32 CONTENIDOS: UNIDAD TEM\u00c1TICA 1: [&hellip;]<\/p>\n","protected":false},"author":10,"featured_media":0,"parent":0,"menu_order":0,"comment_status":"closed","ping_status":"closed","template":"","meta":[],"_links":{"self":[{"href":"https:\/\/www.facet.unt.edu.ar\/agrimensura\/wp-json\/wp\/v2\/pages\/200"}],"collection":[{"href":"https:\/\/www.facet.unt.edu.ar\/agrimensura\/wp-json\/wp\/v2\/pages"}],"about":[{"href":"https:\/\/www.facet.unt.edu.ar\/agrimensura\/wp-json\/wp\/v2\/types\/page"}],"author":[{"embeddable":true,"href":"https:\/\/www.facet.unt.edu.ar\/agrimensura\/wp-json\/wp\/v2\/users\/10"}],"replies":[{"embeddable":true,"href":"https:\/\/www.facet.unt.edu.ar\/agrimensura\/wp-json\/wp\/v2\/comments?post=200"}],"version-history":[{"count":2,"href":"https:\/\/www.facet.unt.edu.ar\/agrimensura\/wp-json\/wp\/v2\/pages\/200\/revisions"}],"predecessor-version":[{"id":337,"href":"https:\/\/www.facet.unt.edu.ar\/agrimensura\/wp-json\/wp\/v2\/pages\/200\/revisions\/337"}],"wp:attachment":[{"href":"https:\/\/www.facet.unt.edu.ar\/agrimensura\/wp-json\/wp\/v2\/media?parent=200"}],"curies":[{"name":"wp","href":"https:\/\/api.w.org\/{rel}","templated":true}]}}

Álgebra y Geometría Analítica

<p><strong>OBJETIVOS:</strong></p>
<p>Que el alumno: Adquiera habilidad en el manejo de vectores en R<sup>n</sup>, estudie cónicas, deduzca sus propiedades, identifique y grafique líneas y superficies en R<sup>3</sup>, adquiera competencias sobre los números complejos y sus aplicaciones en problemas de ingeniería.</p>
<p><strong>Carga horaria: </strong>96 horas</p>
<p>Horas total dedicada a problemas de aplicación: 32</p>
<p><strong>CONTENIDOS:</strong></p>
<p><strong>UNIDAD TEMÁTICA 1: VECTORES</strong></p>
<p>Vectores en R<sup>n</sup> : Definición. Igualdad. Suma. Producto por un escalar. Propiedades. Producto escalar. Paralelismo. Ortogonalidad. Norma o módulo. Ángulo entre vectores. Proyección vectorial ortogonal y Proyección escalar. Producto vectorial. Doble producto mixto. Propiedades</p>
<p><strong>UNIDAD TEMATICA 2: APLICACIONES DE VECTORES</strong></p>
<p>Aplicaciones de Vectores a la Geometría Analítica: Ecuaciones vectorial, paramétricas y cartesianas de la recta. Recta por dos puntos. Ecuación general y segmentaria de la recta en R<sup>2</sup>. Ángulo entre dos rectas. Paralelismo y ortogonalidad de rectas. Ecuación vectorial y cartesiana del plano. Paralelismo y ortogonalidad de planos. Paralelismo y ortogonalidad entre rectas y planos. Distancias</p>
<p><strong>UNIDAD TEMÁTICA 3: CÓNICAS</strong></p>
<p>Cónicas: Circunferencia – Elipse – Hipérbola – Parábola. Definición. Ecuación Canónica y General de cónicas con ejes paralelos a los coordenados. Propiedades de las cónicas. Recta Tangente a una cónica. Regla del desdoblamiento</p>
<p><strong>UNIDAD TEMÁTICA 4: SUPERFICIE Y LÍNEA VECTORES</strong></p>
<p>Superficie y Línea: Definición. Superficies Cónicas. Superficies Cilíndricas. Cuádricas: Superficies Esféricas – Elipsoide – Hiperboloides de una hoja y de dos hojas – Paraboloides</p>
<p><strong>UNIDAD TEMÁTICA 5: NÚMEROS COMPLEJOS</strong></p>
<p>Números Complejos: Definición. Operaciones. Propiedades. Forma binómica. Conjugado. Propiedades. Módulo. Propiedades. Forma Polar. Potencia y Radicación de números complejos. Forma Exponencial</p>
<p><strong>DESCRIPCIÓN ANALÍTICA DE LAS ACTIVIDADES TEÓRICAS Y PRÁCTICAS:</strong></p>
<p>CLASE TEÓRICO PRÁCTICAS: Se desarrollan los aspectos teóricos necesarios y se Resuelven problemas de aplicación de cada tema.</p>
<p>CLASES PRÁCTICAS: EL alumno trabaja con material impreso, suministrado por el personal a cargo de la asignatura, con el que se pretende que logren afianzar los conceptos nuevos adquiridos. Este material es una cartilla con los problemas a desarrollar en las clases prácticas y problemas adicionales a resolver por el alumno en forma autónoma y que luego podrá discutir en los horarios de consulta. Las clases prácticas son obligatorias.</p>
<p>Las clases de consultas se organizan encuentros en horarios extra clase con el objetivo que el alumno pueda disipar dudas de aspectos teóricos y prácticos.</p>
<p>El alumno dispone de material impreso donde consta el programa analítico, régimen de aprobación, docentes que participan en el dictado. Se usa para la enseñanza tiza y pizarrón.</p>
<p><strong>BIBLIOGRAFÍA:</strong></p>
<ul>
<li>Geometría Analítica del Plano y del Espacio y Nomografía &#8211; Donato Di Pietro &#8211; Alsina- Buenos Aires – 1975.</li>
<li>Geometría Analítica del Plano y del Espacio y Nomografía &#8211; Donato Di Pietro &#8211; Alsina- Buenos Aires –1979.</li>
<li>Geometría Analítica del Plano y del Espacio y Nomografía &#8211; Donato Di Pietro &#8211; Alsina- Buenos Aires – 1981.</li>
<li>Álgebra Lineal Aplicada &#8211; Ben Noble, Daniel, James W &#8211; Prentice- Hall- México –1989.</li>
<li>Álgebra Lineal Aplicada &#8211; Ben Noble, Daniel, James W &#8211; Prentice-Hall- Englewood Cliffs-México – 1989.</li>
<li>Introducción al Álgebra Lineal &#8211; Serge Lang &#8211; Addison-Wesley Iberoamericana, -1990.</li>
<li>Introduction to linear algebra &#8211; Serge Lang &#8211; Addison-Wesley- Massachusetts – 1970</li>
<li>Geometría Analítica con vectores y matrices – Murdoch &#8211; Limusa- Wiley- México –1968.</li>
<li>Geometría Analítica con vectores y matrices – Murdoch &#8211; Limusa- Wiley- México –1977.</li>
<li>Geometría Analítica con vectores y matrices – Murdoch &#8211; Limusa- Wiley- México –1981.</li>
<li>Álgebra I &#8211; Volumen I &#8211; Armando Rojo &#8211; El Ateneo- Buenos Aires – 1975.</li>
<li>Álgebra I &#8211; Volumen I &#8211; Armando Rojo &#8211; El Ateneo- Buenos Aires – 1978.</li>
<li>Álgebra I &#8211; Volumen II &#8211; Armando Rojo &#8211; El Ateneo- Buenos Aires – 1978.</li>
<li>Álgebra I &#8211; Volumen I &#8211; Armando Rojo &#8211; El Ateneo- Buenos Aires – 1994.</li>
<li>Álgebra I &#8211; Volumen I &#8211; Armando Rojo &#8211; El Ateneo- Buenos Aires – 1985.</li>
<li>Álgebra I &#8211; Volumen I &#8211; Armando Rojo &#8211; El Ateneo- Buenos Aires – 1986.</li>
<li>Álgebra I &#8211; Volumen II &#8211; Armando Rojo &#8211; El Ateneo- Buenos Aires –1983.</li>
<li>Álgebra I &#8211; Volumen II &#8211; Armando Rojo &#8211; El Ateneo- Buenos Aires –1987.</li>
<li>Álgebra I &#8211; Volumen II &#8211; Armando Rojo &#8211; El Ateneo- Buenos Aires –1998.</li>
<li>Cálculo y Geometría Analítica &#8211; Sherman Stein &#8211; McGraw-Hill, México-Buenos Aires –1984</li>
<li>Cálculo y Geometría Analítica Vol II &#8211; Sherman Stein &#8211; McGraw-Hill, Santafé de Bogotá – 1995.</li>
<li>Algebra lineal &#8211; Kolman, Bernard; Hill, David R. &#8211; Pearson Educación-Prentice Hall. -2006.</li>
</ul>
<p><strong> </strong><strong>Metodología y Forma de evaluación:</strong></p>
<p>Las evaluaciones permiten cuantificar el grado de adquisición y manejo de los conocimientos por parte de los alumnos. Para regularizar la asignatura los alumnos deben aprobar dos parciales escritos que constan de cuatro o cinco ejercicios prácticos, cada uno de los cuales tienen una recuperación. Se rinden en la 8ª y 16ª semana respectivamente.</p>
<p>Para aprobar la asignatura los alumnos deben rendir un examen final conceptual e integrador. Acceden a este examen final oral o escrito, una vez que han regularizado la actividad curricular. El alumno dispone de dos horas reloj para desarrollarlo.</p>
<p>Los requisitos de regularidad y condiciones de aprobación son conocidos por los alumnos el primer día de clases del cuatrimestre y publicados en la cartilla de trabajos prácticos.</p>
<p>&nbsp;</p>

<p>OBJETIVOS: Que el alumno: Adquiera habilidad en el manejo de vectores en Rn, estudie cónicas, deduzca sus propiedades, identifique y grafique líneas y superficies en R3, adquiera competencias sobre los números complejos y sus aplicaciones en problemas de ingeniería. Carga horaria: 96 horas Horas total dedicada a problemas de aplicación: 32 CONTENIDOS: UNIDAD TEMÁTICA 1: [&hellip;]</p>
