{"id":207,"date":"2013-04-25T03:01:56","date_gmt":"2013-04-25T03:01:56","guid":{"rendered":"http:\/\/www1.herrera.unt.edu.ar\/faceyt\/agrimensura\/?page_id=207"},"modified":"2014-08-21T16:13:10","modified_gmt":"2014-08-21T19:13:10","slug":"04-sistemas-de-representacion","status":"publish","type":"page","link":"https:\/\/www.facet.unt.edu.ar\/agrimensura\/04-sistemas-de-representacion\/","title":{"rendered":"Sistemas de Representaci\u00f3n"},"content":{"rendered":"<p><strong>OBJETIVOS<\/strong><br \/>\nAprender a representar e interpretar vol\u00famenes simples y complejos, tanto de caras planas como de superficies de revoluci\u00f3n. Adquirir conocimientos de Geometr\u00eda Descriptiva para abordar problemas de dise\u00f1o estructural. Conocer las normas sobre representaciones<\/p>\n<p><strong>CARGA HORARIA<\/strong><br \/>\nHoras totales: 80<br \/>\nHoras totales de resoluci\u00f3n de problemas \u00a0de aplicaci\u00f3n: 48<\/p>\n<p><strong>PROGRAMA ANAL\u00cdTICO<\/strong><\/p>\n<ol>\n<li><span style=\"text-decoration: underline\">INTRODUCCI\u00d3N<\/span><\/li>\n<\/ol>\n<p>1.1.\u00a0\u00a0\u00a0\u00a0 Conocimiento de los \u00fatiles a emplear en dibujo: papeles, durezas\u00a0 de minas, etc. Escalas usuales. Caligraf\u00eda.<\/p>\n<ol>\n<li><span style=\"text-decoration: underline\">PROYECCIONES<\/span><\/li>\n<\/ol>\n<p>2.1.\u00a0\u00a0\u00a0\u00a0 Sistemas de representaci\u00f3n: M\u00e9todo de Monge. Sistema americano.<\/p>\n<p>2.2.\u00a0\u00a0\u00a0\u00a0 Proyecciones con modelos a la vista. S\u00f3lidos elementales con caras planas formados a partir de un cubo (\u00a01:1:1\u00a0), de un prisma de base cuadrada (\u00a01:1:2\u00a0) y de un paralelep\u00edpedo (\u00a01:2:4\u00a0).<\/p>\n<p>2.3.\u00a0\u00a0\u00a0\u00a0 Proyecciones sin modelos a la vista. Dadas dos proyecciones de s\u00f3lidos de caras planas, solos o formando conjunto, ejecutar las otras proyecciones que se indiquen.<\/p>\n<ol>\n<li><span style=\"text-decoration: underline\">PERSPECTIVAS\u00a0 <\/span><\/li>\n<\/ol>\n<p>3.1.\u00a0\u00a0\u00a0\u00a0 Distintos tipos de perspectivas y su elecci\u00f3n para la representaci\u00f3n de un volumen.<\/p>\n<p>3.2.\u00a0\u00a0\u00a0\u00a0 Perspectiva dim\u00e9trica de 7\u00b0, 42\u00b0 y vertical sin modelo a la vista. Normas.<\/p>\n<p>3.3.\u00a0\u00a0\u00a0\u00a0 Proyecciones y perspectivas dim\u00e9tricas de s\u00f3lidos de caras planas tratados anteriormente, solos o formando conjuntos. A partir de dos proyecciones realizar las proyecciones y perspectivas que se indiquen. Idem. con cuerpos poli\u00e9dricos de proporciones distintas a los mencionados en 2.2.<\/p>\n<p>3.4.\u00a0\u00a0\u00a0\u00a0 Nociones de ENTALLADURAS. Porciones prism\u00e1ticas que se retiran desde un solo extremo que se superponen o no. Entalladuras desde extremos opuestos que se cruzan entre s\u00ed. Proyecciones y perspectivas.<\/p>\n<ol>\n<li><span style=\"text-decoration: underline\">CUERPOS CON SUPERFICIES CURVAS <\/span><\/li>\n<\/ol>\n<p>4.1.\u00a0\u00a0\u00a0\u00a0 Circunferencia y c\u00edrculo: su representaci\u00f3n en perspectiva dim\u00e9trica 7\u00b0, 42\u00b0 y vertical. Normas.<\/p>\n<p>4.2.\u00a0\u00a0\u00a0\u00a0 Proyecciones y perspectivas del cilindro circular recto. Idem. para el cono circular recto. Se har\u00e1n perspectivas en todas las posiciones posibles, empleando ejes en posiciones perpendiculares a los planos de proyecciones.<\/p>\n<p>4.3.\u00a0\u00a0\u00a0\u00a0 Ejercicios de aplicaci\u00f3n con s\u00f3lidos con un eje de revoluci\u00f3n,\u00a0\u00a0 formados\u00a0 por superficies cil\u00edndricas, c\u00f3nicas y planas.<\/p>\n<p>4.4.\u00a0\u00a0\u00a0\u00a0 \u00cddem. con cuerpos de dos ejes perpendiculares, coplanares o no.<\/p>\n<p>4.5.\u00a0\u00a0\u00a0\u00a0 Representaci\u00f3n en proyecciones y en perspectiva dim\u00e9trica de la esfera Ejercicios de aplicaci\u00f3n: S\u00f3lidos con ejes de revoluci\u00f3n en tres direcciones perpendiculares del espacio, limitados por superficies cil\u00edndricas, c\u00f3nicas, esf\u00e9ricas y planas.<\/p>\n<ol>\n<li><span style=\"text-decoration: underline\">SECCIONAMIENTO DE CUERPOS<\/span><\/li>\n<\/ol>\n<p>5.1.\u00a0\u00a0\u00a0\u00a0 Seccionamiento mediante planos perpendiculares a alguno de los de\u00a0 proyecciones, de cuerpos poli\u00e9dricos. Proyecciones y perspectivas.<\/p>\n<p>5.2.\u00a0\u00a0\u00a0\u00a0 Seccionamientos del cilindro, del cono y de la esfera mediante planos oblicuos. Obtenci\u00f3n de la elipse, de la hip\u00e9rbola y de la par\u00e1bola. Proyecciones y perspectivas dim\u00e9tricas.<\/p>\n<ol>\n<li><span style=\"text-decoration: underline\">INTERSECCIONES DE SUPERFICIES DE REVOLUCI\u00d3N<\/span><\/li>\n<\/ol>\n<p>6.1.\u00a0\u00a0\u00a0\u00a0 Cilindro con cilindro: Proyecciones y perspectivas. Aplicaciones.<\/p>\n<p>6.2.\u00a0\u00a0\u00a0\u00a0 Cilindro con cono: Proyecciones y perspectivas. Aplicaciones.<\/p>\n<p>6.3.\u00a0\u00a0\u00a0\u00a0 Cilindro con esfera: Proyecciones y perspectivas. Aplicaciones.<\/p>\n<ol>\n<li><span style=\"text-decoration: underline\">CORTES A TRAV\u00c9S DE PIEZAS<\/span><\/li>\n<\/ol>\n<p>7.1.\u00a0\u00a0\u00a0\u00a0 Secciones: Quebradas, abatidas, auxiliares, de detalles, giradas, desplazadas, etc. Normas.<\/p>\n<ol>\n<li><span style=\"text-decoration: underline\">NOCIONES DE GEOMETR\u00cdA DESCRIPTIVA<\/span><\/li>\n<\/ol>\n<p>8.1.\u00a0\u00a0\u00a0\u00a0 Representaci\u00f3n del punto, recta, plano y volumen en el primer cuadrante. Posiciones generales y especiales.<\/p>\n<p>8.2.\u00a0\u00a0\u00a0\u00a0 Cambios de planos de proyecci\u00f3n. Visibilidad. Problemas: Determinaci\u00f3n\u00a0\u00a0 de verdaderas magnitudes de rectas, de superficies planas, de \u00e1ngulos planos y diedros. Perpendicularidad y distancias entre punto y recta, rectas paralelas\u00a0 y alabeadas, y entre punto y plano. Intersecciones entre recta y plano,\u00a0 y\u00a0 entre planos entre s\u00ed. Desarrollos.<\/p>\n<p>8.3.\u00a0\u00a0\u00a0\u00a0 Elecci\u00f3n y ejecuci\u00f3n de vistas auxiliares de primer y segundo \u00f3rdenes. Representaci\u00f3n de cuerpos en proyecciones necesarias y suficientes seg\u00fan Normas.<\/p>\n<ol>\n<li><span style=\"text-decoration: underline\">INTRODUCCI\u00d3N AL DISE\u00d1O ASISTIDO<\/span><\/li>\n<\/ol>\n<p><strong>PROGRAMA DE TRABAJOS PRACTICOS DE GABINETE<\/strong><\/p>\n<p><span style=\"text-decoration: underline\">Trabajo Pr\u00e1ctico N\u00ba 1<\/span>:\u00a0Adiestramiento en el trazado de l\u00edneas<\/p>\n<p><span style=\"text-decoration: underline\">Trabajo Pr\u00e1ctico N\u00ba 2:<\/span> Trazado a mano alzada, pr\u00e1ctica de proyecciones sobre un plano. Proporciones<\/p>\n<p><span style=\"text-decoration: underline\">Trabajo Pr\u00e1ctico N\u00ba3<\/span>:\u00a0Pr\u00e1ctica de Caligraf\u00eda.<\/p>\n<p><span style=\"text-decoration: underline\">Trabajo Pr\u00e1ctico N\u00ba4 y 5<\/span>:\u00a0Dibujar cuatro Proyecciones de un cuerpo con modelo a la vista.<\/p>\n<p><span style=\"text-decoration: underline\">Trabajo Pr\u00e1ctico N\u00ba6<\/span>:\u00a0Dibujar las proyecciones de un conjunto de dos cuerpos sobrepuestos (modelo a lavista)<\/p>\n<p><span style=\"text-decoration: underline\">Trabajo Pr\u00e1ctico N\u00ba7<\/span><strong>: <\/strong>Dibujar lasProyecciones de un conjunto de dos cuerpos yuxtapuesto (modelo a la vista)<\/p>\n<p><span style=\"text-decoration: underline\">Trabajo Pr\u00e1ctico N\u00ba8<\/span>:\u00a0Efectuar el rotulo normalizado<\/p>\n<p><span style=\"text-decoration: underline\">Trabajo Pr\u00e1ctico N\u00ba9 y10<\/span>:\u00a0Dibujar la perspectiva de un cuerpo de un\u00a0 modelo a la vista. 7\u00ba a la izquierda y a la derecha.<\/p>\n<p><span style=\"text-decoration: underline\">Trabajo Pr\u00e1ctico N\u00ba11, 12 13 y 14<\/span>: Resolver la tercera proyecci\u00f3n y dibujar una perspectiva de\u00a0 un\u00a0 cuerpo, dado en dos proyecciones.<\/p>\n<p><span style=\"text-decoration: underline\">Trabajo Pr\u00e1ctico N\u00ba15 y 16:<\/span> Resolver la tercera\u00a0 proyecci\u00f3n y dibujar una perspectiva\u00a0 de un conjunto de dos cuerpos, dado en dos proyecciones.<\/p>\n<p><span style=\"text-decoration: underline\">Trabajo Pr\u00e1ctico N\u00ba20 y 21<\/span>:\u00a0Resolver la tercera proyecci\u00f3n, el seccionamiento y dibujar una perspectiva\u00a0 de un cuerpo, dado en dos proyecciones<\/p>\n<p><span style=\"text-decoration: underline\">Trabajo Pr\u00e1ctico N\u00ba22<\/span>:\u00a0Resolver la tercera proyecci\u00f3n, el seccionamiento de uno de ellos y dibujar una perspectiva\u00a0 de un conjunto de doscuerpos, dado en dos proyecciones.<\/p>\n<p><span style=\"text-decoration: underline\">Trabajo Pr\u00e1ctico N\u00ba23<\/span><strong>: <\/strong>Geometr\u00eda Descriptiva.Efectuar dos cambios de planos de un cuerpo dado<\/p>\n<p><span style=\"text-decoration: underline\">Trabajo Pr\u00e1ctico N\u00ba24 y 25:<\/span> Geometr\u00eda Descriptiva. Resolver problemas de Verdadera magnitud de recta, plano y \u00e1ngulos, distancias, intersecciones.<\/p>\n<p><span style=\"text-decoration: underline\">Trabajo Pr\u00e1ctico N\u00ba26 y 27:\u00a0<\/span>Dibujar la perspectiva de cilindros y conos puros con ejes de revoluci\u00f3n Vertical y a 7\u00ba<\/p>\n<p><span style=\"text-decoration: underline\">Trabajo Pr\u00e1ctico N\u00ba28<\/span>:\u00a0Resolver la tercera proyecci\u00f3n, el seccionamiento de dos de ellos y una perspectiva\u00a0 de un conjunto de tres cuerpos, dado en dos proyecciones.<\/p>\n<p><span style=\"text-decoration: underline\">Trabajo Pr\u00e1ctico N\u00ba 29:<\/span> Problemas con cilindro con detalles perspectiva con eje a 42\u00ba<\/p>\n<p><span style=\"text-decoration: underline\">Trabajo Pr\u00e1ctico N\u00ba30:<\/span> Proyecciones y perspectiva de un cuerpo cil\u00edndrico de dos ejes paralelos<\/p>\n<p><span style=\"text-decoration: underline\">Trabajo Pr\u00e1ctico N\u00ba 31<\/span>:\u00a0Proyecciones y perspectiva de la esfera<\/p>\n<p><span style=\"text-decoration: underline\">Trabajo Pr\u00e1ctico N\u00ba32<\/span>:\u00a0Proyecciones y perspectiva de un cuerpo cil\u00edndrico de dos ejes perpendiculares<\/p>\n<p><span style=\"text-decoration: underline\">Trabajo Pr\u00e1ctico N\u00ba33<\/span>:\u00a0Proyecciones y perspectiva\u00a0 de un cuerpo cil\u00edndrico de tres ejes<\/p>\n<p><span style=\"text-decoration: underline\">Trabajo Pr\u00e1ctico N\u00ba34<\/span>:\u00a0Proyecciones y perspectiva de Seccionamiento de cilindro<\/p>\n<p><span style=\"text-decoration: underline\">Trabajo Pr\u00e1ctico N\u00ba35<\/span>:\u00a0Proyecciones y perspectiva de Seccionamiento de cono<\/p>\n<p><span style=\"text-decoration: underline\">Trabajo Pr\u00e1ctico N\u00ba36<\/span>:\u00a0Proyecciones y perspectiva de intersecci\u00f3n cilindro-cilindro<\/p>\n<p><span style=\"text-decoration: underline\">Trabajo Pr\u00e1ctico N\u00ba 37:<\/span> Proyecciones y perspectiva de un problema combinado de intersecci\u00f3n de cilindro -cilindro-cono<\/p>\n<p><span style=\"text-decoration: underline\">Trabajo Pr\u00e1ctico N\u00ba38<\/span>:\u00a0Proyecciones y perspectiva de Seccionamiento de esfera-Intersecci\u00f3n de esfera-cilindro<\/p>\n<p><span style=\"text-decoration: underline\">Trabajo Pr\u00e1ctico N\u00ba39:<\/span> Proyecciones de un cuerpo combinado con ejes desplazados<\/p>\n<p><span style=\"text-decoration: underline\">Trabajo Pr\u00e1ctico N\u00ba40:<\/span> Perspectiva del Trabajo Pr\u00e1ctico N\u00ba39<\/p>\n<p><span style=\"text-decoration: underline\">Trabajo Pr\u00e1ctico N\u00ba41<\/span>:\u00a0Proyecciones y perspectiva de un cuerpo combinado con ejes desplazados<\/p>\n<p><span style=\"text-decoration: underline\">Trabajo Pr\u00e1ctico N\u00ba 42:<\/span> Vista Auxiliares de 1er Orden<\/p>\n<p><span style=\"text-decoration: underline\">Trabajo Pr\u00e1ctico N\u00ba 43:<\/span> Vista Auxiliares de 2do. Orden<\/p>\n<p><span style=\"text-decoration: underline\">Trabajo Pr\u00e1ctico N\u00ba44:<\/span> Resolver las proyecciones de un cuerpo con trayectoria de secci\u00f3n indicada<\/p>\n<p><span style=\"text-decoration: underline\">Trabajo Pr\u00e1ctico N\u00ba45<\/span>:\u00a0Resolver las proyecciones de un cuerpo con trayectoria de secci\u00f3n indicada<\/p>\n<p><span style=\"text-decoration: underline\">Trabajo Pr\u00e1ctico N\u00ba46<\/span>:\u00a0Resolver las proyecciones de un cuerpo empleando \u00bd vista y \u00bd corte-perspectiva retirando \u00bc por los planos diametrales<\/p>\n<p><span style=\"text-decoration: underline\">Trabajo Pr\u00e1ctico N\u00ba47<\/span>:\u00a0Secciones Quebradas abatidas<\/p>\n<p><span style=\"text-decoration: underline\">Trabajo Practico N\u00ba 48<\/span>: Efectuar el Trabajo Practico N\u00ba 4 y 5, utilizando para su ejecuci\u00f3n el software Autocad.<\/p>\n<p><strong>BIBLIOGRAF\u00cdA<\/strong><\/p>\n<p><span style=\"text-decoration: underline\">La Perspectiva Dim\u00e9trica<\/span>; Cortez, J. C.; L\u00f3pez Oteo, E; Rodriguez Prados, J. D. R.1993<\/p>\n<p><span style=\"text-decoration: underline\">Practicas de Dibujo Tecnico<\/span>: Villanueva, Mauro.1967<\/p>\n<p><span style=\"text-decoration: underline\">Expresi\u00f3n Grafica en la ingenier\u00eda. Introducci\u00f3n al Dibujo Industrial<\/span>: Perez Diaz, J. L. y Palacios Cuenca, S. 1998<\/p>\n<p><span style=\"text-decoration: underline\">Graphic Science. Engineering Drawing. Descriptive Geometry. <\/span><span style=\"text-decoration: underline\">Graphical Solutions. <\/span><span style=\"text-decoration: underline\">French, Thomas &amp; Vierck, Charles. <\/span>1958<\/p>\n<p>Manual 2. Normas de dibujo DIN. 1954.<\/p>\n<p>Manual de Normas para Dibujo T\u00e9cnico IRAM. 2008<\/p>\n<p><span style=\"text-decoration: underline\">Technical Descriptive<\/span>: Leighton Weellman- 1957<\/p>\n<p>Dibujo T\u00e9cnico: Spencer-Novar-Dygon-2009<\/p>\n<p><strong>METODOLOG\u00cdA Y FORMAS DE EVALUACI\u00d3N<\/strong><\/p>\n<p>Para regularizar la asignatura los alumnos deben reunir las siguientes condiciones:<\/p>\n<p>1.Tener como m\u00ednimo el 80% de asistencia a clases te\u00f3ricas y pr\u00e1cticas.<\/p>\n<p>2. Aprobar el 80 % de los Trabajos Pr\u00e1cticos.<\/p>\n<p>3. Aprobar las dos pruebas parciales. Si es desaprobado en una de las pruebas se recupera la misma con un examen del mismo tema, si es desaprobado rinde una prueba integral junto con los que hubiesen desaprobado dos ex\u00e1menes parciales. Para obtenerla Eximici\u00f3nde Examen Final los alumnos deben aprobar los dos parciales y su promedio debe ser igual o mayor de 7 (siete). Los alumnos que cumplen con las condiciones establecidas en los puntos 1, 2, 3, pueden presentarse a rendir la evaluaci\u00f3n Final en tiempo y forma establecido en la reglamentaci\u00f3n vigente. Los ex\u00e1menes libres constan de tres pruebas donde se engloba los temas de todo el programa de la asignatura.<\/p>\n","protected":false},"excerpt":{"rendered":"<p>OBJETIVOS Aprender a representar e interpretar vol\u00famenes simples y complejos, tanto de caras planas como de superficies de revoluci\u00f3n. Adquirir conocimientos de Geometr\u00eda Descriptiva para abordar problemas de dise\u00f1o estructural. Conocer las normas sobre representaciones CARGA HORARIA Horas totales: 80 Horas totales de resoluci\u00f3n de problemas \u00a0de aplicaci\u00f3n: 48 PROGRAMA ANAL\u00cdTICO INTRODUCCI\u00d3N 1.1.\u00a0\u00a0\u00a0\u00a0 Conocimiento de [&hellip;]<\/p>\n","protected":false},"author":10,"featured_media":0,"parent":0,"menu_order":0,"comment_status":"closed","ping_status":"closed","template":"","meta":[],"_links":{"self":[{"href":"https:\/\/www.facet.unt.edu.ar\/agrimensura\/wp-json\/wp\/v2\/pages\/207"}],"collection":[{"href":"https:\/\/www.facet.unt.edu.ar\/agrimensura\/wp-json\/wp\/v2\/pages"}],"about":[{"href":"https:\/\/www.facet.unt.edu.ar\/agrimensura\/wp-json\/wp\/v2\/types\/page"}],"author":[{"embeddable":true,"href":"https:\/\/www.facet.unt.edu.ar\/agrimensura\/wp-json\/wp\/v2\/users\/10"}],"replies":[{"embeddable":true,"href":"https:\/\/www.facet.unt.edu.ar\/agrimensura\/wp-json\/wp\/v2\/comments?post=207"}],"version-history":[{"count":3,"href":"https:\/\/www.facet.unt.edu.ar\/agrimensura\/wp-json\/wp\/v2\/pages\/207\/revisions"}],"predecessor-version":[{"id":343,"href":"https:\/\/www.facet.unt.edu.ar\/agrimensura\/wp-json\/wp\/v2\/pages\/207\/revisions\/343"}],"wp:attachment":[{"href":"https:\/\/www.facet.unt.edu.ar\/agrimensura\/wp-json\/wp\/v2\/media?parent=207"}],"curies":[{"name":"wp","href":"https:\/\/api.w.org\/{rel}","templated":true}]}}