{"id":260,"date":"2013-04-25T03:45:19","date_gmt":"2013-04-25T03:45:19","guid":{"rendered":"http:\/\/www1.herrera.unt.edu.ar\/faceyt\/agrimensura\/?page_id=260"},"modified":"2013-04-25T03:45:19","modified_gmt":"2013-04-25T03:45:19","slug":"25-vias-de-comunicacion","status":"publish","type":"page","link":"https:\/\/www.facet.unt.edu.ar\/agrimensura\/25-vias-de-comunicacion\/","title":{"rendered":"V\u00edas de Comunicaci\u00f3n"},"content":{"rendered":"<p>Programa Anal\u00edtico:\u00a0\u00a0\u00a0 <strong>VIAS DE COMUNICACI\u00d3N<\/strong><\/p>\n<p>Carrera: <strong>Ingenier\u00eda en Agrimensura.\u00a0\u00a0\u00a0 Plan 1998 mod. 2004<\/strong><\/p>\n<p>R\u00e9gimen: <strong>Cuatrimestral.<\/strong><\/p>\n<p><strong>OBJETIVOS:<\/strong><\/p>\n<p>Introducir al alumno en los conceptos b\u00e1sicos viales estudios de campa\u00f1a y de gabinete vinculados al dise\u00f1o geom\u00e9trico de un camino.<\/p>\n<p>Desarrollar habilidades para realizar los estudios de campa\u00f1a y de gabinete para la elaboraci\u00f3n, replanteo, medici\u00f3n, organizaci\u00f3n y conducci\u00f3n de obras viales, de acuerdo a especificaciones t\u00e9cnicas, con los equipos viales y los materiales que dispongan.<\/p>\n<p>Carga horaria: 96<\/p>\n<p><strong>CONTENIDOS:<\/strong><\/p>\n<p><strong>Conceptos B\u00e1sicos del Dise\u00f1o Geom\u00e9trico<\/strong><\/p>\n<p>Componentes, evoluci\u00f3n y etapas para el dise\u00f1o de un camino. Normas generales para el dise\u00f1o Geom\u00e9trico. Relaci\u00f3n con la seguridad. Normas dela DNV<\/p>\n<p>Velocidad directriz, de operaci\u00f3n y de marcha. Determinaci\u00f3n de la velocidad de dise\u00f1o.<\/p>\n<p>Distancias de visibilidad: de detenci\u00f3n, de sobrepaso, en intersecciones y de decisi\u00f3n. Normas DNV.<\/p>\n<p><strong>Alineamiento Planim\u00e9trico<\/strong><\/p>\n<p>Elementos b\u00e1sicos del alineamiento planim\u00e9trico: recta, curva circular, curva de transici\u00f3n. Curvas horizontales circulares. Fricci\u00f3n lateral. Peraltes m\u00e1ximos. Radios m\u00ednimos: absolutos y deseables. Relaci\u00f3n entre peralte, radio y velocidad. Determinaci\u00f3n del peralte seg\u00fan DNV. Curvas con transici\u00f3n. Transici\u00f3n del peralte y del sobreancho. Tratamiento de la banquina externa en las curvas con peralte. C\u00e1lculo y replanteo de curvas. Clotoide. Uso de tablas. Programas de computaci\u00f3n.<\/p>\n<p><strong>Alineamiento Vertical<\/strong><\/p>\n<p>Proyecto de la rasante: factores a tener en cuenta. Pendientes: m\u00e1xima y m\u00ednima. Longitud cr\u00edtica y m\u00e1xima. Curvas verticales: par\u00e1bola cuadr\u00e1tica y c\u00fabica. Longitudes y par\u00e1metros absolutos y deseables. Uso de tablas, gr\u00e1ficos y programas. Influencia de la altitud.<\/p>\n<p><strong>Secci\u00f3n Transversal<\/strong><\/p>\n<p>Elementos de la secci\u00f3n transversal de un camino: calzada, banquinas, taludes, contrataludes, contrabanquinas, cunetas, costado del camino, carriles auxiliares, cantero central, calles colectoras, cordones, veredas. Secciones transversales t\u00edpicas. Dise\u00f1o de la secci\u00f3n transversal: medidas, pendientes y recubrimientos. Prevenci\u00f3n de la erosi\u00f3n. Seguridad: redondeo de aristas, zona de recuperaci\u00f3n, barreras de seguridad y secci\u00f3n de las cunetas..<\/p>\n<p><strong>Trabajo con Equipos Mec\u00e1nicos.<\/strong><\/p>\n<p>Equipos para la ejecuci\u00f3n de Obras B\u00e1sicas. Diferentes tipos. Factores a considerar para la elecci\u00f3n de equipos. Costo horario de equipos, factores que inciden en el rendimiento de los equipos. Resistencia al rodamiento. Pendientes. Fuerza de tracci\u00f3n disponible y utilizable. Planillas y gr\u00e1ficos de perfomance y de\u00a0 capacidad de ascenso.<\/p>\n<p><strong>Organizaci\u00f3n de los Trabajos en una Obra Vial<\/strong><\/p>\n<p>Ejecuci\u00f3n de Desbosque, destronque y limpieza de terreno. Ejecuci\u00f3n del Movimiento de Suelos y Terraplenes.<\/p>\n<p><strong>Ejecuci\u00f3n de los Desag\u00fces aplicado a las V\u00edas de Comunicaci\u00f3n<\/strong><\/p>\n<p>Cunetas. Revestimientos. Saltos y r\u00e1pidos. Retardadores. Cunetas de guardia. Planos tipo D.N.V.<\/p>\n<p>Alcantarillas. Caracter\u00edsticas principales. Planos tipos D.N.V.<\/p>\n<p>Drenaje subterr\u00e1neo. Conceptos Generales<\/p>\n<p><strong>Calzadas<\/strong><\/p>\n<p>Conceptos Generales de los distintos tipos de paquetes estructurales.<\/p>\n<p>Carpetas de Rodamiento: Enripiados. Bases estabilizadas Granulares. Tratamientos Asf\u00e1lticos. Pavimentos Superiores de Asfalto y de Hormig\u00f3n<\/p>\n<p><strong>Controles de Calidad y Ensayos de los Materiales utilizados en Obras viales<\/strong><\/p>\n<p>Granulometr\u00eda. Clasificaci\u00f3n de las Part\u00edculas por su tama\u00f1o. Curva Granulom\u00e9trica.<\/p>\n<p>Consistencia del Material. L\u00edmites de Atterberg: Limite Pl\u00e1stico. Limite L\u00edquido. Limite de Contracci\u00f3n. \u00cdndice de Plasticidad.<\/p>\n<p>Densidades. Compactaci\u00f3n. Control de Compactaci\u00f3n.<\/p>\n<p>Asfaltos. Viscosidad. Penetraci\u00f3n. Punto de Ablandamiento. Peso Espec\u00edfico. Ductilidad. Ensayo de Oliensis<\/p>\n<p>Hormig\u00f3n. Ensayo a la compresi\u00f3n.<\/p>\n<p>&nbsp;<\/p>\n<p><strong>BIBLIOGRAF\u00cdA<\/strong>:<\/p>\n<table width=\"743\" border=\"0\" cellspacing=\"0\" cellpadding=\"0\">\n<tbody>\n<tr>\n<td rowspan=\"2\" width=\"217\">T\u00edtulo<\/td>\n<td rowspan=\"2\" width=\"142\">Autor(es)<\/td>\n<td rowspan=\"2\" width=\"118\">Editorial<\/td>\n<td rowspan=\"2\" width=\"81\">A\u00f1o de edici\u00f3n<\/td>\n<td rowspan=\"2\" width=\"86\">Ejemplares disponibles<\/td>\n<td rowspan=\"2\" width=\"99\">Ubicaci\u00f3n<\/td>\n<td width=\"0\" height=\"41\"><\/td>\n<\/tr>\n<tr>\n<td width=\"0\" height=\"41\"><\/td>\n<\/tr>\n<tr>\n<td width=\"217\">Obras de Sistematizaci\u00f3n Fluvial en Torrentes y Rios Con Espigones &#8211; Manual T\u00e9cnica<\/td>\n<td width=\"142\">Ing. Gerardo Fracassi<\/td>\n<td width=\"118\">Maccaferri do Brasil Ltda.<\/td>\n<td width=\"81\">2012<\/td>\n<td width=\"86\">4<\/td>\n<td width=\"99\">N2-0-01\u00a0\u00a0\u00a0\u00a0 N2-0-04<\/td>\n<td width=\"0\" height=\"64\"><\/td>\n<\/tr>\n<tr>\n<td width=\"217\">Ingenieria de Transito Fundamentos y Aplicaciones<\/td>\n<td width=\"142\">Rafael Cal y Mayor R. &#8211; James C\u00e1rdenas G.<\/td>\n<td width=\"118\">Alfaomega<\/td>\n<td width=\"81\">2007<\/td>\n<td width=\"86\">2<\/td>\n<td width=\"99\">N2-0-01\u00a0\u00a0\u00a0\u00a0 N2-0-04<\/td>\n<td width=\"0\" height=\"64\"><\/td>\n<\/tr>\n<tr>\n<td width=\"217\">Ingenieria de Transito Fundamentos y Aplicaciones<\/td>\n<td width=\"142\">Rafael Cal y Mayor R. &#8211; James C\u00e1rdenas G.<\/td>\n<td width=\"118\">Alfaomega<\/td>\n<td width=\"81\">2007<\/td>\n<td width=\"86\">1<\/td>\n<td width=\"99\">Biblioteca 625:73 C141 M473i8<\/td>\n<td width=\"0\" height=\"64\"><\/td>\n<\/tr>\n<tr>\n<td width=\"217\">Consultor\u00eda e Ingenier\u00eda Ambiental<\/td>\n<td width=\"142\">Domingo G\u00f3mez Orea &#8211; Mauricio G\u00f3mez Villarino<\/td>\n<td width=\"118\">Ediciones Mundi-Prensa<\/td>\n<td width=\"81\">2007<\/td>\n<td width=\"86\">1<\/td>\n<td width=\"99\">N2-0-01\u00a0\u00a0\u00a0\u00a0 N2-0-04<\/td>\n<td width=\"0\" height=\"64\"><\/td>\n<\/tr>\n<tr>\n<td width=\"217\">Ingenieria de Transito y Carreteras<\/td>\n<td width=\"142\">Nicholas J. Garber &#8211; Lester A. Hoel<\/td>\n<td width=\"118\">Thomson<\/td>\n<td width=\"81\">2005<\/td>\n<td width=\"86\">1<\/td>\n<td width=\"99\">N2-0-01\u00a0\u00a0\u00a0\u00a0 N2-0-04<\/td>\n<td width=\"0\" height=\"43\"><\/td>\n<\/tr>\n<tr>\n<td width=\"217\">Ingenieria de Transito y Carreteras<\/td>\n<td width=\"142\">Nicholas J. Garber &#8211; Lester A. Hoel<\/td>\n<td width=\"118\">Thomson<\/td>\n<td width=\"81\">2005<\/td>\n<td width=\"86\">2<\/td>\n<td width=\"99\">Biblioteca 625:629 G213i3e<\/td>\n<td width=\"0\" height=\"64\"><\/td>\n<\/tr>\n<tr>\n<td width=\"217\">Ingenieria de Carreteras Volumen II<\/td>\n<td width=\"142\">Carlos Kraemer y otros<\/td>\n<td width=\"118\">Editorial Mc Graw Hill<\/td>\n<td width=\"81\">2004<\/td>\n<td width=\"86\">1<\/td>\n<td width=\"99\">N2-0-01\u00a0\u00a0\u00a0\u00a0 N2-0-04<\/td>\n<td width=\"0\" height=\"43\"><\/td>\n<\/tr>\n<tr>\n<td width=\"217\">Ingenieria de Carreteras Volumen II<\/td>\n<td width=\"142\">Carlos Kraemer y otros<\/td>\n<td width=\"118\">Editorial Mc Graw Hill<\/td>\n<td width=\"81\">2004<\/td>\n<td width=\"86\">1<\/td>\n<td width=\"99\">Biblioteca 625.7\/.846<\/td>\n<td width=\"0\" height=\"43\"><\/td>\n<\/tr>\n<tr>\n<td width=\"217\">Ingenieria de Carreteras Volumen I<\/td>\n<td width=\"142\">Carlos Kraemer y otros<\/td>\n<td width=\"118\">Editorial Mc Graw Hill<\/td>\n<td width=\"81\">2004<\/td>\n<td width=\"86\">1<\/td>\n<td width=\"99\">N2-0-01\u00a0\u00a0\u00a0\u00a0 N2-0-04<\/td>\n<td width=\"0\" height=\"43\"><\/td>\n<\/tr>\n<tr>\n<td width=\"217\">Ingenieria de Carreteras Volumen I<\/td>\n<td width=\"142\">Carlos Kraemer y otros<\/td>\n<td width=\"118\">Editorial Mc Graw Hill<\/td>\n<td width=\"81\">2004<\/td>\n<td width=\"86\">1<\/td>\n<td width=\"99\">Biblioteca 625.7\/.846<\/td>\n<td width=\"0\" height=\"43\"><\/td>\n<\/tr>\n<tr>\n<td width=\"217\">Manual de Se\u00f1alizacion Horizontal<\/td>\n<td width=\"142\">Cristacol S.A<\/td>\n<td width=\"118\">Cristacol S.A.<\/td>\n<td width=\"81\">2002<\/td>\n<td width=\"86\">1<\/td>\n<td width=\"99\">N2-0-01\u00a0\u00a0\u00a0\u00a0 N2-0-04<\/td>\n<td width=\"0\" height=\"43\"><\/td>\n<\/tr>\n<tr>\n<td width=\"217\">Introducci\u00f3n a la Ingenieria Ambiental<\/td>\n<td width=\"142\">Javier Arellano Diaz<\/td>\n<td width=\"118\">Alfaomega Grupo Editor<\/td>\n<td width=\"81\">2002<\/td>\n<td width=\"86\">1<\/td>\n<td width=\"99\">N2-0-01\u00a0\u00a0\u00a0\u00a0 N2-0-04<\/td>\n<td width=\"0\" height=\"64\"><\/td>\n<\/tr>\n<tr>\n<td width=\"217\">Demarcaci\u00f3n Horizontal &#8211; Aplicaci\u00f3n e Inspecci\u00f3n<\/td>\n<td width=\"142\">Cristacol S.A<\/td>\n<td width=\"118\">Cristacol S.A.<\/td>\n<td width=\"81\">2002<\/td>\n<td width=\"86\">1<\/td>\n<td width=\"99\">N2-0-01\u00a0\u00a0\u00a0\u00a0 N2-0-04<\/td>\n<td width=\"0\" height=\"43\"><\/td>\n<\/tr>\n<tr>\n<td width=\"217\">Manual para Materiales para Se\u00f1alizacion Horizontal<\/td>\n<td width=\"142\">Cristacol S.A<\/td>\n<td width=\"118\">Cristacol S.A.<\/td>\n<td width=\"81\">2000\/2002<\/td>\n<td width=\"86\">2<\/td>\n<td width=\"99\">N2-0-01\u00a0\u00a0\u00a0\u00a0 N2-0-04<\/td>\n<td width=\"0\" height=\"43\"><\/td>\n<\/tr>\n<tr>\n<td width=\"217\">Legislaci\u00f3n sobre Tr\u00e1nsito<\/td>\n<td width=\"142\">Dr. Adolfo R. Vazquez<\/td>\n<td width=\"118\">Ediciones La Llave<\/td>\n<td width=\"81\">1999<\/td>\n<td width=\"86\">1<\/td>\n<td width=\"99\">N2-0-01\u00a0\u00a0\u00a0\u00a0 N2-0-04<\/td>\n<td width=\"0\" height=\"43\"><\/td>\n<\/tr>\n<tr>\n<td width=\"217\">Hidrolog\u00eda en la Ingenier\u00eda<\/td>\n<td width=\"142\">Germ\u00e1n Monsalve S\u00e1enz<\/td>\n<td width=\"118\">Alfaomega Grupo Editor<\/td>\n<td width=\"81\">1999<\/td>\n<td width=\"86\">1<\/td>\n<td width=\"99\">N2-0-01\u00a0\u00a0\u00a0\u00a0 N2-0-04<\/td>\n<td width=\"0\" height=\"64\"><\/td>\n<\/tr>\n<tr>\n<td width=\"217\">Ley N\u00b0 24,449 y Decreto Reglamentario N\u00b0 779\/95<\/td>\n<td width=\"142\">&nbsp;<\/td>\n<td width=\"118\">Editorial Bregna<\/td>\n<td width=\"81\">1997<\/td>\n<td width=\"86\">1<\/td>\n<td width=\"99\">N2-0-01\u00a0\u00a0\u00a0\u00a0 N2-0-04<\/td>\n<td width=\"0\" height=\"43\"><\/td>\n<\/tr>\n<tr>\n<td width=\"217\">Seguridad Vial Del factor humano a las nuevas tecnologias<\/td>\n<td width=\"142\">varios<\/td>\n<td width=\"118\">Editoiral Sintesis<\/td>\n<td width=\"81\">1995<\/td>\n<td width=\"86\">1<\/td>\n<td width=\"99\">N2-0-01\u00a0\u00a0\u00a0\u00a0 N2-0-04<\/td>\n<td width=\"0\" height=\"64\"><\/td>\n<\/tr>\n<tr>\n<td width=\"217\">Movimiento de tierras &#8211; Manual de Excavaciones<\/td>\n<td width=\"142\">Herbert L. Nichols<\/td>\n<td width=\"118\">Compa\u00f1\u00eda Editorial Continental S.A.<\/td>\n<td width=\"81\">1995<\/td>\n<td width=\"86\">1<\/td>\n<td width=\"99\">Biblioteca 614.86 s456<\/td>\n<td width=\"0\" height=\"85\"><\/td>\n<\/tr>\n<tr>\n<td width=\"217\">Ingenier\u00eda de Carreteras<\/td>\n<td width=\"142\">Paul H. Wright<\/td>\n<td width=\"118\">Limusa-Grupo Noriega M\u00e9xico<\/td>\n<td width=\"81\">1993<\/td>\n<td width=\"86\">1<\/td>\n<td width=\"99\">Biblioteca 625.7\/.8 W952i<\/td>\n<td width=\"0\" height=\"85\"><\/td>\n<\/tr>\n<tr>\n<td width=\"217\">Caminos &#8211; Un nuevo enfoque para la gestion y conservacion de redes viales<\/td>\n<td width=\"142\">Andreas Schliessler &#8211; Alberto Bull<\/td>\n<td width=\"118\">Naciones Unidas_CEPAL<\/td>\n<td width=\"81\">1992<\/td>\n<td width=\"86\">1<\/td>\n<td width=\"99\">N2-0-01\u00a0\u00a0\u00a0\u00a0 N2-0-04<\/td>\n<td width=\"0\" height=\"64\"><\/td>\n<\/tr>\n<tr>\n<td width=\"217\">Seminario sobre Seguridad Vial<\/td>\n<td width=\"142\">varios<\/td>\n<td width=\"118\">Asociaciona Argentina de Carreteras<\/td>\n<td width=\"81\">1981<\/td>\n<td width=\"86\">1<\/td>\n<td width=\"99\">N2-0-01\u00a0\u00a0\u00a0\u00a0 N2-0-04<\/td>\n<td width=\"0\" height=\"85\"><\/td>\n<\/tr>\n<tr>\n<td width=\"217\">Manual de Productos de Acero para Drenaje y Construcci\u00f3n Vial<\/td>\n<td width=\"142\">American Iron and Steel Institute<\/td>\n<td width=\"118\">Armco International Division<\/td>\n<td width=\"81\">1981<\/td>\n<td width=\"86\">1<\/td>\n<td width=\"99\">N2-0-01\u00a0\u00a0\u00a0\u00a0 N2-0-04<\/td>\n<td width=\"0\" height=\"64\"><\/td>\n<\/tr>\n<tr>\n<td width=\"217\">Normas de Dise\u00f1o Geometrico de Carreteras Tomo 2<\/td>\n<td width=\"142\">Ing. F.G.O. Rhule<\/td>\n<td width=\"118\">Direccion Nacional de Vialidad<\/td>\n<td width=\"81\">1980<\/td>\n<td width=\"86\">1<\/td>\n<td width=\"99\">N2-0-01\u00a0\u00a0\u00a0\u00a0 N2-0-04<\/td>\n<td width=\"0\" height=\"64\"><\/td>\n<\/tr>\n<tr>\n<td width=\"217\">Normas de Dise\u00f1o Geometrico de Carreteras Tomo 1<\/td>\n<td width=\"142\">Cadia &#8211; Coara &#8211; Leiderman Consultoras<\/td>\n<td width=\"118\">Direccion Nacional de Vialidad<\/td>\n<td width=\"81\">1980<\/td>\n<td width=\"86\">1<\/td>\n<td width=\"99\">N2-0-01\u00a0\u00a0\u00a0\u00a0 N2-0-04<\/td>\n<td width=\"0\" height=\"64\"><\/td>\n<\/tr>\n<tr>\n<td width=\"217\">Normas de Dise\u00f1o Geometrico de Carreteras Atlas<\/td>\n<td width=\"142\">Ing. F.G.O. Rhule<\/td>\n<td width=\"118\">Direccion Nacional de Vialidad<\/td>\n<td width=\"81\">1980<\/td>\n<td width=\"86\">1<\/td>\n<td width=\"99\">N2-0-01 \u00a0\u00a0\u00a0\u00a0N2-0-04<\/td>\n<td width=\"0\" height=\"64\"><\/td>\n<\/tr>\n<tr>\n<td width=\"217\">La Ingenieriade Suelos en las Vias Terrestres Carreteras, Ferrocarriles y Aeropistas<\/td>\n<td width=\"142\">Alfonso Rico Rodriguezm Hermilio del Castillo<\/td>\n<td width=\"118\">Limusa-Wiley<\/td>\n<td width=\"81\">1974<\/td>\n<td width=\"86\">1<\/td>\n<td width=\"99\">Biblioteca 624.131:625 R511 R696i<\/td>\n<td width=\"0\" height=\"64\"><\/td>\n<\/tr>\n<tr>\n<td width=\"217\">Ingenier\u00eda de Tr\u00e1nsito<\/td>\n<td width=\"142\">Rafael Cal y Mayor<\/td>\n<td width=\"118\">Asoc.Mexicana de Caminos y Repr.y Serv. De Ingenieria Mexico<\/td>\n<td width=\"81\">1974<\/td>\n<td width=\"86\">1<\/td>\n<td width=\"99\">Biblioteca 625.73 C141 M473iE4<\/td>\n<td width=\"0\" height=\"149\"><\/td>\n<\/tr>\n<tr>\n<td width=\"217\">Manual para el uso de explosivos<\/td>\n<td width=\"142\">E.I. du Pont de Nemours &amp; Co.<\/td>\n<td width=\"118\">Compa\u00f1\u00eda Editorial Continental S.A.<\/td>\n<td width=\"81\">1973<\/td>\n<td width=\"86\">1<\/td>\n<td width=\"99\">N2-0-01\u00a0\u00a0\u00a0\u00a0 N2-0-04<\/td>\n<td width=\"0\" height=\"85\"><\/td>\n<\/tr>\n<tr>\n<td width=\"217\">Caterpillar Perfomance Handbook<\/td>\n<td width=\"142\">Caterpillar<\/td>\n<td width=\"118\">Caterpillar<\/td>\n<td width=\"81\">1973<\/td>\n<td width=\"86\">1<\/td>\n<td width=\"99\">N2-0-01\u00a0\u00a0\u00a0\u00a0 N2-0-04<\/td>\n<td width=\"0\" height=\"43\"><\/td>\n<\/tr>\n<tr>\n<td width=\"217\">Curvas con Transiciones para Caminos<\/td>\n<td width=\"142\">Joseph Banett<\/td>\n<td width=\"118\">Direccion Nacional de Vialidad<\/td>\n<td width=\"81\">1972<\/td>\n<td width=\"86\">2<\/td>\n<td width=\"99\">N2-0-01\u00a0\u00a0\u00a0\u00a0 N2-0-04<\/td>\n<td width=\"0\" height=\"64\"><\/td>\n<\/tr>\n<tr>\n<td width=\"217\">Pliego General de Condiciones y Especificaciones T\u00e9cnicas Mas Usuales<\/td>\n<td width=\"142\">Direccion Nacional de Vialidad<\/td>\n<td width=\"118\">Direccion Nacional de Vialidad<\/td>\n<td width=\"81\">1971<\/td>\n<td width=\"86\">1<\/td>\n<td width=\"99\">N2-0-01\u00a0\u00a0\u00a0\u00a0 N2-0-04<\/td>\n<td width=\"0\" height=\"64\"><\/td>\n<\/tr>\n<tr>\n<td width=\"217\">Ingenieria de Trafico<\/td>\n<td width=\"142\">Antonio Valdes<\/td>\n<td width=\"118\">Editorial Dossat<\/td>\n<td width=\"81\">1971<\/td>\n<td width=\"86\">1<\/td>\n<td width=\"99\">N2-0-01\u00a0\u00a0\u00a0\u00a0 N2-0-04<\/td>\n<td width=\"0\" height=\"43\"><\/td>\n<\/tr>\n<tr>\n<td width=\"217\">Carreteras, Calles y Autopistas<\/td>\n<td width=\"142\">Raul Valle Rodas<\/td>\n<td width=\"118\">Editorial El Ateneo<\/td>\n<td width=\"81\">1970<\/td>\n<td width=\"86\">1<\/td>\n<td width=\"99\">N2-0-01\u00a0\u00a0\u00a0\u00a0 N2-0-04<\/td>\n<td width=\"0\" height=\"43\"><\/td>\n<\/tr>\n<tr>\n<td width=\"217\">Ingenieria de carreteras, calles, viaductos y pasos a desnivel<\/td>\n<td width=\"142\">Clarkson H. Oglesby y Laurence I. Hewes<\/td>\n<td width=\"118\">Compa\u00f1\u00eda Editorial Continental S.A.<\/td>\n<td width=\"81\">1969<\/td>\n<td width=\"86\">1<\/td>\n<td width=\"99\">Biblioteca 625:629 G213i3e<\/td>\n<td width=\"0\" height=\"85\"><\/td>\n<\/tr>\n<tr>\n<td width=\"217\">Normas de Dise\u00f1o Geometrico de Caminos Rurales Tomo 1<\/td>\n<td width=\"142\">Ing. F.G.O. Rhule<\/td>\n<td width=\"118\">Direccion Nacional de Vialidad<\/td>\n<td width=\"81\">1967<\/td>\n<td width=\"86\">1<\/td>\n<td width=\"99\">N2-0-01\u00a0\u00a0\u00a0\u00a0 N2-0-04<\/td>\n<td width=\"0\" height=\"64\"><\/td>\n<\/tr>\n<tr>\n<td width=\"217\">Manual de Drenaje y Productos de Construcci\u00f3n<\/td>\n<td width=\"142\">&nbsp;<\/td>\n<td width=\"118\">The Armco Intenational Corporation<\/td>\n<td width=\"81\">1958<\/td>\n<td width=\"86\">2<\/td>\n<td width=\"99\">N2-0-01\u00a0\u00a0\u00a0\u00a0 N2-0-04<\/td>\n<td width=\"0\" height=\"64\"><\/td>\n<\/tr>\n<tr>\n<td width=\"217\">Practica Vial Americana II<\/td>\n<td width=\"142\">Laurence Isley Hewes<\/td>\n<td width=\"118\">El Ateneo Editorial<\/td>\n<td width=\"81\">1955<\/td>\n<td width=\"86\">1<\/td>\n<td width=\"99\">N2-0-01\u00a0\u00a0\u00a0\u00a0 N2-0-04<\/td>\n<td width=\"0\" height=\"43\"><\/td>\n<\/tr>\n<tr>\n<td width=\"217\">Practica Vial Americana I<\/td>\n<td width=\"142\">Laurence Isley Hewes<\/td>\n<td width=\"118\">El Ateneo Editorial<\/td>\n<td width=\"81\">1948<\/td>\n<td width=\"86\">1<\/td>\n<td width=\"99\">N2-0-01\u00a0\u00a0\u00a0\u00a0 N2-0-04<\/td>\n<td width=\"0\" height=\"43\"><\/td>\n<\/tr>\n<\/tbody>\n<\/table>\n<p><strong>DESCRIPCI\u00d3N ANAL\u00cdTICA DE LAS ACTIVIDADES TE\u00d3RICAS Y PR\u00c1CTICAS<\/strong><\/p>\n<p>Dado que se trata de una Asignatura de las Tecnolog\u00edas Aplicadas y por ende netamente pr\u00e1cticas, las cla-ses deben ser te\u00f3rico-pr\u00e1cticas. En las mismas se hace una introducci\u00f3n al tema con sus aplicaciones pro-fesionales. Se desarrolla la clase haciendo intervenir al alumno con preguntas de situaciones que se les plantean diariamente en el uso de las v\u00edas de comunicaci\u00f3n y las soluciones ha plantear desde el punto de vista del dise\u00f1o geom\u00e9trico analizando las distintas alternativas posibles y evaluando la m\u00e1s conveniente.\u00a0 Luego se hace la aplicaci\u00f3n pr\u00e1ctica individual mediante la resoluci\u00f3n de problemas.<\/p>\n<p><strong>Trabajo Pr\u00e1ctico N\u00ba 1:<\/strong> Resistencia al Movimiento<\/p>\n<p><strong>Trabajo Pr\u00e1ctico N\u00ba 2:<\/strong> Distancia de Visibilidad .Curvas Horizontales<\/p>\n<p><strong>Trabajo Pr\u00e1ctico N\u00ba 3:<\/strong> Sobreancho \u2013 Peralte<\/p>\n<p><strong>Trabajo Pr\u00e1ctico N\u00ba 4<\/strong>: Curvas Verticales<\/p>\n<p><strong>METODOLOG\u00cdA Y FORMA DE EVALUACI\u00d3N<\/strong><\/p>\n<p>Participaci\u00f3n oral del alumno en clase con calificaci\u00f3n cualitativa, que permite evaluar el seguimiento de los temas y verificar el cumplimiento de los objetivos. Trabajos pr\u00e1cticos individuales sobre problemas concre-tos de obra, los cuales deben aprobarse para regularizar la asignatura y nos permite evaluar la capacidad de aplicaci\u00f3n de los conocimientos adquiridos. Examen final te\u00f3rico-pr\u00e1ctico que junto a las otras evalua-ciones anteriores permite definir la calificaci\u00f3n cuantitativa de aprobaci\u00f3n de la asignatura<\/p>\n<p>Ing. M\u00f3nica Katz<\/p>\n<p>Profesor a Cargo<\/p>\n","protected":false},"excerpt":{"rendered":"<p>Programa Anal\u00edtico:\u00a0\u00a0\u00a0 VIAS DE COMUNICACI\u00d3N Carrera: Ingenier\u00eda en Agrimensura.\u00a0\u00a0\u00a0 Plan 1998 mod. 2004 R\u00e9gimen: Cuatrimestral. OBJETIVOS: Introducir al alumno en los conceptos b\u00e1sicos viales estudios de campa\u00f1a y de gabinete vinculados al dise\u00f1o geom\u00e9trico de un camino. Desarrollar habilidades para realizar los estudios de campa\u00f1a y de gabinete para la elaboraci\u00f3n, replanteo, medici\u00f3n, organizaci\u00f3n y [&hellip;]<\/p>\n","protected":false},"author":10,"featured_media":0,"parent":0,"menu_order":0,"comment_status":"open","ping_status":"closed","template":"","meta":[],"_links":{"self":[{"href":"https:\/\/www.facet.unt.edu.ar\/agrimensura\/wp-json\/wp\/v2\/pages\/260"}],"collection":[{"href":"https:\/\/www.facet.unt.edu.ar\/agrimensura\/wp-json\/wp\/v2\/pages"}],"about":[{"href":"https:\/\/www.facet.unt.edu.ar\/agrimensura\/wp-json\/wp\/v2\/types\/page"}],"author":[{"embeddable":true,"href":"https:\/\/www.facet.unt.edu.ar\/agrimensura\/wp-json\/wp\/v2\/users\/10"}],"replies":[{"embeddable":true,"href":"https:\/\/www.facet.unt.edu.ar\/agrimensura\/wp-json\/wp\/v2\/comments?post=260"}],"version-history":[{"count":0,"href":"https:\/\/www.facet.unt.edu.ar\/agrimensura\/wp-json\/wp\/v2\/pages\/260\/revisions"}],"wp:attachment":[{"href":"https:\/\/www.facet.unt.edu.ar\/agrimensura\/wp-json\/wp\/v2\/media?parent=260"}],"curies":[{"name":"wp","href":"https:\/\/api.w.org\/{rel}","templated":true}]}}