{"id":313,"date":"2013-04-25T04:22:49","date_gmt":"2013-04-25T04:22:49","guid":{"rendered":"http:\/\/www1.herrera.unt.edu.ar\/faceyt\/agrimensura\/?page_id=313"},"modified":"2013-04-25T04:22:49","modified_gmt":"2013-04-25T04:22:49","slug":"higiene-y-seguridad-laboral","status":"publish","type":"page","link":"https:\/\/www.facet.unt.edu.ar\/agrimensura\/higiene-y-seguridad-laboral\/","title":{"rendered":"Higiene y Seguridad Laboral"},"content":{"rendered":"<p><strong>Programa Anal\u00edtico:\u00a0\u00a0 HIGIENE Y SEGURIDAD LABORAL<\/strong><\/p>\n<h1>Carrera: Ingenier\u00eda en Agrimensura.\u00a0\u00a0\u00a0 Plan 1998 mod. 2004<\/h1>\n<h1>R\u00e9gimen: Cuatrimestral.<\/h1>\n<p><strong>OBJETIVOS:<\/strong><\/p>\n<p>Los objetivos de la asignatura \u201cHigiene y Seguridad Laboral\u201d son que el alumno logre:<\/p>\n<p>&#8211; Adquirir conocimientos para identificar, valorar y controlar los riesgos laborales.<\/p>\n<p>&#8211; Adquirir conocimientos sobre las leyes, normas y pol\u00edticas laborales vigentes y sus tendencias.<\/p>\n<p>&#8211; Desarrollar una visi\u00f3n integradora en el an\u00e1lisis de situaciones.<\/p>\n<p><strong>Carga horaria: <\/strong>96 horas<\/p>\n<p><strong>Horas totales dedicadas a la formaci\u00f3n pr\u00e1ctica:<\/strong> 60 horas<\/p>\n<p><strong>CONTENIDOS:<\/strong><\/p>\n<p>ITEMA 1: Introducci\u00f3n a las Condiciones y Medio Ambiente de Trabajo (CYMAT). Evoluci\u00f3n de la concepci\u00f3n tradicional a la renovadora de la noci\u00f3n de las CYMAT. Factores de Riesgo. Clasificaci\u00f3n. Accidentes. Incidentes. Enfermedades del trabajo. Medicina del trabajo.<\/p>\n<p>TEMA 2: El medio ambiente f\u00edsico de trabajo. Ruido y vibraciones. Iluminaci\u00f3n. Carga t\u00e9rmica. Ventilaci\u00f3n. Radiaciones ionizantes y no ionizantes. Su determinaci\u00f3n en ambientes de trabajo.<\/p>\n<p>TEMA 3: Contaminantes qu\u00edmicos y biol\u00f3gicos. Clasificaci\u00f3n. Toxicolog\u00eda industrial. Part\u00edculas, gases y vapores. Sustancias t\u00f3xicas, corrosivas y explosivas. Su determinaci\u00f3n en ambientes de trabajo.<\/p>\n<p>TEMA 4: La carga de trabajo. Fatiga f\u00edsica. Carga mental. Principios de ergonom\u00eda.<\/p>\n<p>TEMA 5: La organizaci\u00f3n del trabajo. La jornada de trabajo. Ciclo circadiano. El ritmo de trabajo. La comunicaci\u00f3n. El estilo de mando.<\/p>\n<p>TEMA 6: Las condiciones de seguridad. Prevenci\u00f3n del riesgo de incendio y explosiones. Riesgo el\u00e9ctrico. Riesgo mec\u00e1nico. M\u00e1quinas y herramientas. Manipulaci\u00f3n, transporte y almacenamiento de materiales.<\/p>\n<p>TEMA 7: Elementos de protecci\u00f3n personal. Criterios para su adopci\u00f3n y selecci\u00f3n. Protecci\u00f3n de<\/p>\n<p>cabeza y ojos. Protecci\u00f3n Auditiva. Protecci\u00f3n respiratoria. Protecci\u00f3n de manos y pies. Protecci\u00f3n del torso y las extremidades. Elementos de protecci\u00f3n colectiva.<\/p>\n<p>TEMA 8: Leyes y normas en relaci\u00f3n a la higiene y seguridad en el Trabajo. Ley nacional de higiene y seguridad en el trabajo. Ley nacional de riesgos del trabajo. Funciones dela Superintendenciade Riesgos del Trabajo. Funciones de las Aseguradoras de Riesgos del Trabajo. Aspectos de la ley de contrato de trabajo relacionados con la higiene y seguridad en el trabajo. Peritajes. Sistemas de gesti\u00f3n de seguridad y salud ocupacional. Norma BS 8800. Norma IRAM 3800. Integraci\u00f3n con las normas de gesti\u00f3n de la calidad y de gesti\u00f3n ambiental.<\/p>\n<p><strong>BIBLIOGRAF\u00cdA:<\/strong><\/p>\n<table width=\"523\" border=\"0\" cellspacing=\"0\" cellpadding=\"0\">\n<tbody>\n<tr>\n<td valign=\"top\" width=\"123\">\n<p align=\"center\"><strong>T\u00edtulo<\/strong><strong><\/strong><\/p>\n<\/td>\n<td valign=\"top\" width=\"100\">\n<p align=\"center\">Autor<\/p>\n<\/td>\n<td valign=\"top\" width=\"100\">\n<p align=\"center\">Editorial<\/p>\n<\/td>\n<td valign=\"top\" width=\"100\">\n<p align=\"center\">A\u00f1o<\/p>\n<\/td>\n<td valign=\"top\" width=\"100\">\n<p align=\"center\">Cantidad<\/p>\n<\/td>\n<td width=\"0\" height=\"41\"><\/td>\n<\/tr>\n<tr>\n<td rowspan=\"2\" valign=\"top\" width=\"123\">Fundamentos de Higiene y Seguridad en el Trabajo<\/td>\n<td rowspan=\"2\" valign=\"top\" width=\"100\">Mangosio, Jorge E.<\/td>\n<td rowspan=\"2\" valign=\"top\" width=\"100\">Nueva Librer\u00eda<\/td>\n<td rowspan=\"2\" valign=\"top\" width=\"100\">\n<p align=\"right\">1994<\/p>\n<\/td>\n<td rowspan=\"2\" valign=\"top\" width=\"100\">\n<p align=\"right\">3<\/p>\n<\/td>\n<td width=\"0\" height=\"65\"><\/td>\n<\/tr>\n<tr>\n<td width=\"0\" height=\"16\"><\/td>\n<\/tr>\n<tr>\n<td valign=\"top\" width=\"123\">Seguridad e Higiene Profesional<\/td>\n<td valign=\"top\" width=\"100\">Dela Poza, J.<\/td>\n<td valign=\"top\" width=\"100\">Paraninfo<\/td>\n<td valign=\"top\" width=\"100\">\n<p align=\"right\">1996<\/p>\n<\/td>\n<td valign=\"top\" width=\"100\">\n<p align=\"right\">1<\/p>\n<\/td>\n<td width=\"0\" height=\"53\"><\/td>\n<\/tr>\n<tr>\n<td valign=\"top\" width=\"123\">La seguridad industrial. Su administraci\u00f3n<\/td>\n<td valign=\"top\" width=\"100\">Grimaldi, J.; Simons, R.<\/td>\n<td valign=\"top\" width=\"100\">Alfaomega &#8211; 2\u00aa Ed<\/td>\n<td valign=\"top\" width=\"100\">\n<p align=\"right\">1996<\/p>\n<\/td>\n<td valign=\"top\" width=\"100\">\n<p align=\"right\">1<\/p>\n<\/td>\n<td width=\"0\" height=\"58\"><\/td>\n<\/tr>\n<tr>\n<td valign=\"top\" width=\"123\">Seguridad Industrial y Salud<\/td>\n<td valign=\"top\" width=\"100\">Ray Asfahl, C.<\/td>\n<td valign=\"top\" width=\"100\">Prentice Hall &#8211; 4\u00ba A\u00f1o de edici\u00f3n:2000<\/td>\n<td valign=\"top\" width=\"100\">\n<p align=\"right\">2000<\/p>\n<\/td>\n<td valign=\"top\" width=\"100\">\n<p align=\"right\">3<\/p>\n<\/td>\n<td width=\"0\" height=\"53\"><\/td>\n<\/tr>\n<tr>\n<td valign=\"top\" width=\"123\">Salud Laboral. Conceptos y t\u00e9cnicas p\/ prevenci\u00f3n de riesgos laborales<\/td>\n<td valign=\"top\" width=\"100\">Benavides, Fernando G.; Ruiz Frutos, Carlos; Garc\u00eda, Ana M.<\/td>\n<td valign=\"top\" width=\"100\">Masson<\/td>\n<td valign=\"top\" width=\"100\">\n<p align=\"right\">2000<\/p>\n<\/td>\n<td valign=\"top\" width=\"100\">\n<p align=\"right\">3<\/p>\n<\/td>\n<td width=\"0\" height=\"108\"><\/td>\n<\/tr>\n<tr>\n<td valign=\"top\" width=\"123\">Seguridad e Higiene en el Trabajo<\/td>\n<td valign=\"top\" width=\"100\">Rodellar Lisa, Adolfo<\/td>\n<td valign=\"top\" width=\"100\">Alfaomega-Marcombo<\/td>\n<td valign=\"top\" width=\"100\">\n<p align=\"right\">1999<\/p>\n<\/td>\n<td valign=\"top\" width=\"100\">\n<p align=\"right\">4<\/p>\n<\/td>\n<td width=\"0\" height=\"53\"><\/td>\n<\/tr>\n<tr>\n<td valign=\"top\" width=\"123\">Seguridad e Higiene del Trabajo<\/td>\n<td valign=\"top\" width=\"100\">Cort\u00e9s D\u00edaz, Jos\u00e9 Mar\u00eda<\/td>\n<td valign=\"top\" width=\"100\">\u00a0Alfaomega<\/td>\n<td valign=\"top\" width=\"100\">\n<p align=\"right\">2002<\/p>\n<\/td>\n<td valign=\"top\" width=\"100\">\n<p align=\"right\">3<\/p>\n<\/td>\n<td width=\"0\" height=\"53\"><\/td>\n<\/tr>\n<\/tbody>\n<\/table>\n<p><strong>DESCRIPCI\u00d3N ANAL\u00cdTICA DE LAS ACTIVIDADES TE\u00d3RICAS Y PR\u00c1CTICAS:<\/strong><\/p>\n<p>Clases te\u00f3ricas y Clases Te\u00f3rico-pr\u00e1cticas, con an\u00e1lisis de casos espec\u00edficos, ejercicios de aplicaci\u00f3n y pr\u00e1cticas de campo y\/o laboratorio, con uso de instrumental espec\u00edfico<\/p>\n<p>Programa de Trabajos Pr\u00e1cticos<\/p>\n<p>Trabajo Pr\u00e1ctico N\u00ba 1: Evaluaci\u00f3n de contaminaci\u00f3n sonora<\/p>\n<p>Trabajo Pr\u00e1ctico N\u00ba 2: Evaluaci\u00f3n de las condiciones de iluminaci\u00f3n<\/p>\n<p>Trabajo Pr\u00e1ctico N\u00ba 3: Evaluaci\u00f3n de la carga t\u00e9rmica<\/p>\n<p>Trabajo Pr\u00e1ctico N\u00ba 4: Determinaci\u00f3n de concentraci\u00f3n de gases<\/p>\n<p>Trabajo Pr\u00e1ctico N\u00ba 5: Determinaci\u00f3n part\u00edculas<\/p>\n<p>Trabajo Pr\u00e1ctico N\u00b0 6: Evaluaci\u00f3n de contaminaci\u00f3n por plaguicidas del medio ambiente laboral \u2013<\/p>\n<p>pr\u00e1ctico demostrativo.<\/p>\n<p>Trabajo Pr\u00e1ctico N\u00ba 7: Visita a Taller o Industria 1: relevamiento de factores de riesgo<\/p>\n<p>Trabajo Pr\u00e1ctico N\u00ba 8: Visita a Taller o Industria 2: relevamiento de factores de riesgo<\/p>\n<p><strong>Metodolog\u00eda y Forma de evaluaci\u00f3n:<\/strong><\/p>\n<p>El alumno debe tener la inscripci\u00f3n en la asignatura y las asignaturas correlativas correspondientes aprobadas o regulares seg\u00fan corresponda.<\/p>\n<p>Las inasistencias se justificar\u00e1n mediante certificados autorizados por ASPE dentro de las 48 horas posteriores a las mismas. El alumno deber\u00e1 tener un porcentaje de asistencia a los trabajos pr\u00e1cticos y\/o te\u00f3rico-pr\u00e1cticos no inferior al 80%. El alumno deber\u00e1 tener un porcentaje de asistencia a las clases te\u00f3ricas no inferior al 80%. El alumno deber\u00e1 presentar y aprobar el 100% de los trabajos pr\u00e1cticos y te\u00f3rico-pr\u00e1cticos propuestos porla C\u00e1tedra, dentro de los plazos que se establezcan. El alumno deber\u00e1 aprobar las dos pruebas de evaluaci\u00f3n. El alumno deber\u00e1 presentar la carpeta de trabajos pr\u00e1cticos completa dentro de los quince d\u00edas corridos posteriores a la fecha de la segunda evaluaci\u00f3n.<\/p>\n<p>El alumno que desapruebe alguna de las pruebas de evaluaci\u00f3n podr\u00e1 rendir la recuperaci\u00f3n de la misma al finalizar el per\u00edodo. El alumno que desapruebe las dos pruebas de evaluaci\u00f3n podr\u00e1 rendir una recuperaci\u00f3n integral de las mismas al finalizar el per\u00edodo.<\/p>\n<p>Ex\u00e1men final: consistir\u00e1 en una prueba escrita u oral.<\/p>\n<p>Ex\u00e1menes libres: el examen libre constar\u00e1 de una prueba de evaluaci\u00f3n de la parte pr\u00e1ctica (ejercicios, problemas y parte experimental) y de un examen final que versar\u00e1 sobre todo el programa de la asignatura. El alumno deber\u00e1 aprobar la evaluaci\u00f3n de la parte pr\u00e1ctica para poder rendir el examen final.<\/p>\n<p align=\"center\">Dr. Ing. Ricardo Ren\u00e9 Ferrari<\/p>\n<p align=\"center\">Profesor Adjunto &#8211; Encargado de C\u00e1tedra<\/p>\n<p align=\"center\">C\u00e1tedra de Higiene y Seguridad Laboral<\/p>\n","protected":false},"excerpt":{"rendered":"<p>Programa Anal\u00edtico:\u00a0\u00a0 HIGIENE Y SEGURIDAD LABORAL Carrera: Ingenier\u00eda en Agrimensura.\u00a0\u00a0\u00a0 Plan 1998 mod. 2004 R\u00e9gimen: Cuatrimestral. OBJETIVOS: Los objetivos de la asignatura \u201cHigiene y Seguridad Laboral\u201d son que el alumno logre: &#8211; Adquirir conocimientos para identificar, valorar y controlar los riesgos laborales. &#8211; Adquirir conocimientos sobre las leyes, normas y pol\u00edticas laborales vigentes y sus [&hellip;]<\/p>\n","protected":false},"author":10,"featured_media":0,"parent":0,"menu_order":0,"comment_status":"open","ping_status":"closed","template":"","meta":[],"_links":{"self":[{"href":"https:\/\/www.facet.unt.edu.ar\/agrimensura\/wp-json\/wp\/v2\/pages\/313"}],"collection":[{"href":"https:\/\/www.facet.unt.edu.ar\/agrimensura\/wp-json\/wp\/v2\/pages"}],"about":[{"href":"https:\/\/www.facet.unt.edu.ar\/agrimensura\/wp-json\/wp\/v2\/types\/page"}],"author":[{"embeddable":true,"href":"https:\/\/www.facet.unt.edu.ar\/agrimensura\/wp-json\/wp\/v2\/users\/10"}],"replies":[{"embeddable":true,"href":"https:\/\/www.facet.unt.edu.ar\/agrimensura\/wp-json\/wp\/v2\/comments?post=313"}],"version-history":[{"count":0,"href":"https:\/\/www.facet.unt.edu.ar\/agrimensura\/wp-json\/wp\/v2\/pages\/313\/revisions"}],"wp:attachment":[{"href":"https:\/\/www.facet.unt.edu.ar\/agrimensura\/wp-json\/wp\/v2\/media?parent=313"}],"curies":[{"name":"wp","href":"https:\/\/api.w.org\/{rel}","templated":true}]}}