{"id":37,"date":"2012-11-21T00:45:42","date_gmt":"2012-11-21T00:45:42","guid":{"rendered":"http:\/\/www1.herrera.unt.edu.ar\/faceyt\/agrimensura\/?page_id=37"},"modified":"2023-04-20T15:02:08","modified_gmt":"2023-04-20T18:02:08","slug":"autoridades","status":"publish","type":"page","link":"https:\/\/www.facet.unt.edu.ar\/agrimensura\/autoridades\/","title":{"rendered":"Autoridades"},"content":{"rendered":"<p style=\"text-align: justify;\">Las carreras tienen un Director de Carrera, una Comisi\u00f3n Acad\u00e9mica y un Claustro de Carrera formado por los docentes que realizan actividad docente en el marco del plan de estudios de las mismas. El Director tiene la funci\u00f3n de coordinar el desarrollo del plan de estudio y las actividades conexas, adem\u00e1s de controlar la ejecuci\u00f3n del mismo. Preside la Comisi\u00f3n Acad\u00e9mica y el Claustro de Carrera e integra el Consejo de Directores de Carrera de la Facultad, que es un \u00f3rgano asesor del Consejo Directivo.<\/p>\n<p style=\"text-align: justify;\">El Consejo de Directores de Carrera se encuentra org\u00e1nicamente comprendido en la Secretar\u00eda Acad\u00e9mica de la Facultad y tiene por finalidad informar sobre la marcha de las carreras, plantear las dificultades y las modificaciones reglamentarias que sean aconsejadas desde las Comisiones acad\u00e9micas.<\/p>\n<p style=\"text-align: justify;\">La normativa de la instituci\u00f3n y la unidad acad\u00e9mica imponen el perfil que debe tener el decano, jefes de departamentos, Director de Carrera y miembros de la Comisi\u00f3n Acad\u00e9mica que aseguran que tengan antecedentes compatibles con las responsabilidades de los cargos que ejercen y las responsabilidades est\u00e9n claramente establecidas sin que haya exceso de las mismas que atente contra su normal cumplimiento.<\/p>\n<p><strong>DIRECTOR DE LA CARRERA:<\/strong><\/p>\n<p><strong>Ing. Hugo Jimenez Santill\u00e1n<\/strong><br \/>\nAv. Independencia 1800 (CP:T4002BLR)<br \/>\nTel. (54-381) 4364093<br \/>\nE-mail: <a href=\"mailto:hjimenezs@herrera.unt.edu.ar\" target=\"_blank\" rel=\"noopener\">hjimenezs@herrera.unt.edu.ar<\/a><\/p>\n<p><strong>COMISI\u00d3N ACAD\u00c9MICA:<\/strong><br \/>\n<strong><span style=\"text-decoration: underline;\">Profesores Titulares y Asociados<\/span>:<\/strong><br \/>\n<strong>Titulares<\/strong>:<br \/>\nAgrim Oscar L. Gil Viera<br \/>\nIng. Juan Carlos H. Jim\u00e9nez Santillan<\/p>\n<p><strong>Suplentes<\/strong>:<br \/>\nDra. Lidia Martorell<br \/>\nLic. Mar\u00eda Ines Pstorino<\/p>\n<p><strong><span style=\"text-decoration: underline;\">Profesores Adjuntos<\/span>:<\/strong><br \/>\n<strong>Titulares<\/strong>:<br \/>\nAgrim. Eduardo R. C\u00e1rdenas<br \/>\nAgrim. Carlos R. Sarmiento<\/p>\n<p><strong>Suplentes<\/strong>:<br \/>\nIng. Javier A. Carelli<br \/>\nIng. Noem\u00ed Picuard<\/p>\n<p><span style=\"text-decoration: underline;\"><strong>Docentes Auxiliares<\/strong><\/span><br \/>\n<strong>Titulares<\/strong>:<br \/>\nIng. Julio Cesar Robles<br \/>\nAgrim. Carlos Giobellina<\/p>\n<p><strong>Suplentes<\/strong>:<br \/>\nIng. Jose R. Golbach<br \/>\nIng. Sandra Corral.<\/p>\n<p><strong><span style=\"text-decoration: underline;\">Estudiantes<\/span>:<\/strong><br \/>\n<strong>Titular<\/strong>:\u00a0LuIs E Cuadrado<br \/>\n<strong>Suplente<\/strong>:\u00a0Gabriel Santiago P\u00e1ez<\/p>\n<p>La Comisi\u00f3n Acad\u00e9mica de carrera tiene por finalidad estudiar el grado de avance del plan de estudio, el cumplimiento de los objetivos educativos y proponer las modificaciones necesarias.<\/p>\n<p>El Claustro de Carrera, avala o no las propuestas de la Comisi\u00f3n Acad\u00e9mica, propone una terna para Director de Carrera y elige a los integrantes de la Comisi\u00f3n Acad\u00e9mica. Esta Comisi\u00f3n est\u00e1 integrada por dos docentes por cada nivel jer\u00e1rquico docente. De este modo se asegura la plena participaci\u00f3n en la ejecuci\u00f3n y\/o modificaci\u00f3n del plan de estudio, r\u00e9gimen de correlatividades, extensi\u00f3n de regularidades, coordinaci\u00f3n de los equipos docentes, solicitud de servicios docentes a los Departamentos, cumplimiento de programas, adecuaci\u00f3n del material de estudio y apoyo, seguimiento del rendimiento de estudiantes, etc.<\/p>\n<p>La integraci\u00f3n de los \u00f3rganos de las carreras es avalada por resoluciones del Decano. El Director de Carrera es designado por el Decano a partir de la terna propuesta por el Claustro. Tanto la Comisi\u00f3n Acad\u00e9mica como el Director de Carrera son designados por el t\u00e9rmino de dos a\u00f1os.<\/p>\n<p>La Comisi\u00f3n Acad\u00e9mica est\u00e1 formada por representantes de los distintos estamentos docentes: dos profesores titulares o asociados, dos profesores adjuntos, dos jefes de trabajos pr\u00e1cticos o auxiliares docentes graduados. Por cada cargo titular existe un cargo suplente y todos ellos, como se mencion\u00f3 previamente, son elegidos por el claustro de profesores de la carrera.<\/p>\n<p>En los \u00faltimos tres a\u00f1os la comisi\u00f3n acad\u00e9mica procedi\u00f3 a:<\/p>\n<ul>\n<li>Modificar el plan de correlativas de la carrera, de manera de permitir un paso m\u00e1s \u00e1gil del estudiante por la carrera, sin por ello dejar de lado las exigencias acad\u00e9micas del plan.<\/li>\n<li>Actualizar contenidos b\u00e1sicos de signaturas del ciclo superior.<\/li>\n<li>Analizar las propuestas de asignaturas Optativas e Incorporarlas al plan de estudios.<\/li>\n<li>Reglamentar la Comisi\u00f3n de Seguimiento.<\/li>\n<li>An\u00e1lisis de solicitudes de alumnos referidos a cuestiones acad\u00e9micas.<\/li>\n<\/ul>\n<p>Para el seguimiento del rendimiento de los alumnos, la carrera tiene una Comisi\u00f3n de Seguimiento que analiza el ingreso, avance, rendimiento y permanencia de los alumnos de la carrera y tambi\u00e9n el acompa\u00f1amiento de los mismos en su adaptaci\u00f3n a la vida universitaria. La misma propuso en 2012 que en Comisi\u00f3n Acad\u00e9mica se estudie la posibilidad de introducir en el ciclo superior la figura de asignaturas promocionales.<\/p>\n<p>Esta Comisi\u00f3n se encarga de continuar con el an\u00e1lisis del rendimiento de alumnos buscando mejores indicadores. Est\u00e1 elaborando una revisi\u00f3n cr\u00edtica de ingreso, permanencia, rendimiento y egreso de las distintas cohortes desde la creaci\u00f3n de la carrera hasta la actualidad. Se encarga tambi\u00e9n de analizar y facilitar los datos que se deben volcar en la Acreditaci\u00f3n en curso de la carrera en lo referido a alumnos.<\/p>\n<p>En la Carrera de Agrimensura prestan servicios docentes de los Departamentos de F\u00edsica, Matem\u00e1ticas, Ciencias de la Computaci\u00f3n, Construcciones y Obras Civiles, Mec\u00e1nica, Ingenier\u00eda de Procesos y Gesti\u00f3n Industrial, en asignaturas de las \u00e1reas Ciencias B\u00e1sicas, Complementarias y Optativas, mientras que el los docentes pertenecientes al Departamento de Geodesia y Topograf\u00eda se encargan del dictado de asignaturas de las \u00e1reas Tecnolog\u00edas B\u00e1sicas y Tecnolog\u00edas Aplicadas.<\/p>\n<p>Transversal a estas \u00e1reas, el Departamento de Geodesia organiza su estructura docente en 6 \u00c1reas Generales:<\/p>\n<ul>\n<li>Geodesia.<\/li>\n<li>Geof\u00edsica.<\/li>\n<li>Fotogrametr\u00eda y Cartograf\u00eda.<\/li>\n<li>Topograf\u00eda y Sistemas de Representaci\u00f3n.<\/li>\n<li>Ordenamiento Territorial<\/li>\n<li>Legal.<\/li>\n<\/ul>\n","protected":false},"excerpt":{"rendered":"<p>Las carreras tienen un Director de Carrera, una Comisi\u00f3n Acad\u00e9mica y un Claustro de Carrera formado por los docentes que realizan actividad docente en el marco del plan de estudios de las mismas. El Director tiene la funci\u00f3n de coordinar el desarrollo del plan de estudio y las actividades conexas, adem\u00e1s de controlar la ejecuci\u00f3n [&hellip;]<\/p>\n","protected":false},"author":10,"featured_media":0,"parent":0,"menu_order":0,"comment_status":"closed","ping_status":"closed","template":"","meta":[],"_links":{"self":[{"href":"https:\/\/www.facet.unt.edu.ar\/agrimensura\/wp-json\/wp\/v2\/pages\/37"}],"collection":[{"href":"https:\/\/www.facet.unt.edu.ar\/agrimensura\/wp-json\/wp\/v2\/pages"}],"about":[{"href":"https:\/\/www.facet.unt.edu.ar\/agrimensura\/wp-json\/wp\/v2\/types\/page"}],"author":[{"embeddable":true,"href":"https:\/\/www.facet.unt.edu.ar\/agrimensura\/wp-json\/wp\/v2\/users\/10"}],"replies":[{"embeddable":true,"href":"https:\/\/www.facet.unt.edu.ar\/agrimensura\/wp-json\/wp\/v2\/comments?post=37"}],"version-history":[{"count":11,"href":"https:\/\/www.facet.unt.edu.ar\/agrimensura\/wp-json\/wp\/v2\/pages\/37\/revisions"}],"predecessor-version":[{"id":467,"href":"https:\/\/www.facet.unt.edu.ar\/agrimensura\/wp-json\/wp\/v2\/pages\/37\/revisions\/467"}],"wp:attachment":[{"href":"https:\/\/www.facet.unt.edu.ar\/agrimensura\/wp-json\/wp\/v2\/media?parent=37"}],"curies":[{"name":"wp","href":"https:\/\/api.w.org\/{rel}","templated":true}]}}