{"id":376,"date":"2014-08-21T17:36:56","date_gmt":"2014-08-21T20:36:56","guid":{"rendered":"https:\/\/www.facet.unt.edu.ar\/agrimensura\/?page_id=376"},"modified":"2014-08-26T01:23:37","modified_gmt":"2014-08-26T04:23:37","slug":"asignaturas-por-modulos","status":"publish","type":"page","link":"https:\/\/www.facet.unt.edu.ar\/agrimensura\/asignaturas-por-modulos\/","title":{"rendered":"Asignaturas por M\u00f3dulos"},"content":{"rendered":"<p style=\"text-align: center\" align=\"left\"><strong>LISTADO DE ASIGNATURAS POR M\u00d3DULOS<\/strong><\/p>\n<p align=\"center\"><span style=\"text-decoration: underline\"><strong>PRIMER A\u00d1O<\/strong><\/span><\/p>\n<p><strong>MODULO I<\/strong><\/p>\n<table border=\"1\" cellspacing=\"0\" cellpadding=\"0\">\n<tbody>\n<tr>\n<td style=\"text-align: center;background-color: #343eaf\" valign=\"top\" width=\"95\"><span style=\"color: #ffffff\"><strong>CODIGO<\/strong><\/span><\/td>\n<td style=\"text-align: center;background-color: #343eaf\" valign=\"top\" width=\"484\">\n<p align=\"center\"><span style=\"color: #ffffff\"><strong>ASIGNATURA<\/strong><\/span><\/p>\n<\/td>\n<td style=\"text-align: center;background-color: #343eaf\" valign=\"top\" width=\"201\">\n<p align=\"center\"><span style=\"color: #ffffff\"><strong>HORAS SEMANALES<\/strong><\/span><\/p>\n<\/td>\n<\/tr>\n<tr>\n<td valign=\"top\" width=\"95\">TT1<\/td>\n<td valign=\"top\" width=\"484\"><a title=\"C\u00e1lculo I\" href=\"https:\/\/www.facet.unt.edu.ar\/agrimensura\/01-calculo-i\/\" target=\"_blank\">C\u00e1lculo I<\/a><\/td>\n<td valign=\"top\" width=\"201\">\n<p align=\"center\">6<\/p>\n<\/td>\n<\/tr>\n<tr>\n<td valign=\"top\" width=\"95\">TT2<\/td>\n<td valign=\"top\" width=\"484\"><a title=\"\u00c1lgebra y Geometr\u00eda Anal\u00edtica\" href=\"https:\/\/www.facet.unt.edu.ar\/agrimensura\/02-algebra-i\/\" target=\"_blank\">\u00c1lgebra y Geometr\u00eda Anal\u00edtica<\/a><\/td>\n<td valign=\"top\" width=\"201\">\n<p align=\"center\">6<\/p>\n<\/td>\n<\/tr>\n<tr>\n<td valign=\"top\" width=\"95\">FI1<\/td>\n<td valign=\"top\" width=\"484\"><a title=\"F\u00edsica I\" href=\"https:\/\/www.facet.unt.edu.ar\/agrimensura\/03-fisica-i\/\" target=\"_blank\">F\u00edsica I<\/a><\/td>\n<td valign=\"top\" width=\"201\">\n<p align=\"center\">6<\/p>\n<\/td>\n<\/tr>\n<tr>\n<td valign=\"top\" width=\"95\">CV1<\/td>\n<td valign=\"top\" width=\"484\"><a title=\"Sistemas de Representaci\u00f3n\" href=\"https:\/\/www.facet.unt.edu.ar\/agrimensura\/04-sistemas-de-representacion\/\" target=\"_blank\">Sistemas de Representaci\u00f3n<\/a><\/td>\n<td valign=\"top\" width=\"201\">\n<p align=\"center\">5<\/p>\n<\/td>\n<\/tr>\n<tr>\n<td valign=\"top\" width=\"95\"><\/td>\n<td valign=\"top\" width=\"484\">\n<p align=\"right\">Total carga horaria semanal<\/p>\n<\/td>\n<td valign=\"top\" width=\"201\">\n<p align=\"center\">23<\/p>\n<\/td>\n<\/tr>\n<\/tbody>\n<\/table>\n<p><strong>MODULO II<\/strong><\/p>\n<table border=\"1\" cellspacing=\"0\" cellpadding=\"0\">\n<tbody>\n<tr>\n<td style=\"text-align: center;background-color: #343eaf\" valign=\"top\" width=\"95\"><span style=\"color: #ffffff\"><strong>CODIGO<\/strong><\/span><\/td>\n<td style=\"text-align: center;background-color: #343eaf\" valign=\"top\" width=\"484\">\n<p align=\"center\"><span style=\"color: #ffffff\"><strong>ASIGNATURA<\/strong><\/span><\/p>\n<\/td>\n<td style=\"text-align: center;background-color: #343eaf\" valign=\"top\" width=\"201\">\n<p align=\"center\"><span style=\"color: #ffffff\"><strong>HORAS SEMANALES<\/strong><\/span><\/p>\n<\/td>\n<\/tr>\n<tr>\n<td valign=\"top\" width=\"95\">TT3<\/td>\n<td valign=\"top\" width=\"484\"><a title=\"C\u00e1lculo II\" href=\"https:\/\/www.facet.unt.edu.ar\/agrimensura\/05-calculo-ii\/\" target=\"_blank\">C\u00e1lculo II<\/a><\/td>\n<td valign=\"top\" width=\"201\">\n<p align=\"center\">5<\/p>\n<\/td>\n<\/tr>\n<tr>\n<td valign=\"top\" width=\"95\">TT4<\/td>\n<td valign=\"top\" width=\"484\"><a title=\"Elementos de \u00c1lgebra Lineal\" href=\"https:\/\/www.facet.unt.edu.ar\/agrimensura\/06-algebra-ii\/\" target=\"_blank\">Elementos de \u00c1lgebra Lineal<\/a><\/td>\n<td valign=\"top\" width=\"201\">\n<p align=\"center\">5<\/p>\n<\/td>\n<\/tr>\n<tr>\n<td valign=\"top\" width=\"95\">FI2<\/td>\n<td valign=\"top\" width=\"484\"><a title=\"F\u00edsica II\" href=\"https:\/\/www.facet.unt.edu.ar\/agrimensura\/07-fisica-ii\/\" target=\"_blank\">F\u00edsica II<\/a><\/td>\n<td valign=\"top\" width=\"201\">\n<p align=\"center\">6<\/p>\n<\/td>\n<\/tr>\n<tr>\n<td valign=\"top\" width=\"95\">QQV<\/td>\n<td valign=\"top\" width=\"484\"><a title=\"Inform\u00e1tica\" href=\"https:\/\/www.facet.unt.edu.ar\/agrimensura\/08-informatica\/\" target=\"_blank\">Inform\u00e1tica<\/a><\/td>\n<td valign=\"top\" width=\"201\">\n<p align=\"center\">4<\/p>\n<\/td>\n<\/tr>\n<tr>\n<td valign=\"top\" width=\"95\">QQA<\/td>\n<td valign=\"top\" width=\"484\"><a title=\"Fundamentos de Qu\u00edmica General\" href=\"https:\/\/www.facet.unt.edu.ar\/agrimensura\/09-fundamentos-de-quimica-general\/\" target=\"_blank\">Fundamentos de Qu\u00edmica General<\/a><\/td>\n<td valign=\"top\" width=\"201\">\n<p align=\"center\">5<\/p>\n<\/td>\n<\/tr>\n<tr>\n<td valign=\"top\" width=\"95\"><\/td>\n<td valign=\"top\" width=\"484\">\n<p align=\"right\">Total carga horaria semanal<\/p>\n<\/td>\n<td valign=\"top\" width=\"201\">\n<p align=\"center\">25<\/p>\n<\/td>\n<\/tr>\n<\/tbody>\n<\/table>\n<p align=\"center\"><span style=\"text-decoration: underline\"><strong>SEGUNDO A\u00d1O<\/strong><\/span><\/p>\n<p><strong>MODULO III<\/strong><\/p>\n<table border=\"1\" cellspacing=\"0\" cellpadding=\"0\">\n<tbody>\n<tr>\n<td style=\"text-align: center;background-color: #343eaf\" valign=\"top\" width=\"95\"><span style=\"color: #ffffff\"><strong>CODIGO<\/strong><\/span><\/td>\n<td style=\"text-align: center;background-color: #343eaf\" valign=\"top\" width=\"484\">\n<p align=\"center\"><span style=\"color: #ffffff\"><strong>ASIGNATURA<\/strong><\/span><\/p>\n<\/td>\n<td style=\"text-align: center;background-color: #343eaf\" valign=\"top\" width=\"201\">\n<p align=\"center\"><span style=\"color: #ffffff\"><strong>HORAS SEMANALES<\/strong><\/span><\/p>\n<\/td>\n<\/tr>\n<tr>\n<td valign=\"top\" width=\"95\">TT5<\/td>\n<td valign=\"top\" width=\"484\"><a title=\"C\u00e1lculo III\" href=\"https:\/\/www.facet.unt.edu.ar\/agrimensura\/10-calculo-iii\/\" target=\"_blank\">C\u00e1lculo III<\/a><\/td>\n<td valign=\"top\" width=\"201\">\n<p align=\"center\">6<\/p>\n<\/td>\n<\/tr>\n<tr>\n<td valign=\"top\" width=\"95\">FI3<\/td>\n<td valign=\"top\" width=\"484\"><a title=\"F\u00edsica III\" href=\"https:\/\/www.facet.unt.edu.ar\/agrimensura\/11-fisica-iii\/\" target=\"_blank\">F\u00edsica III<\/a><\/td>\n<td valign=\"top\" width=\"201\">\n<p align=\"center\">8<\/p>\n<\/td>\n<\/tr>\n<tr>\n<td valign=\"top\" width=\"95\">GK1<\/td>\n<td valign=\"top\" width=\"484\"><a title=\"Topograf\u00eda I\" href=\"https:\/\/www.facet.unt.edu.ar\/agrimensura\/12-topografia-i\/\" target=\"_blank\">Topograf\u00eda I<\/a><\/td>\n<td valign=\"top\" width=\"201\">\n<p align=\"center\">6<\/p>\n<\/td>\n<\/tr>\n<tr>\n<td valign=\"top\" width=\"95\">GK5<\/td>\n<td valign=\"top\" width=\"484\"><a title=\"Dibujo Topogr\u00e1fico\" href=\"https:\/\/www.facet.unt.edu.ar\/agrimensura\/13-dibujo-topografico\/\" target=\"_blank\">Dibujo Topogr\u00e1fico<\/a><\/td>\n<td valign=\"top\" width=\"201\">\n<p align=\"center\">5<\/p>\n<\/td>\n<\/tr>\n<tr>\n<td valign=\"top\" width=\"95\"><\/td>\n<td valign=\"top\" width=\"484\">\n<p align=\"right\">Total carga horaria semanal<\/p>\n<\/td>\n<td valign=\"top\" width=\"201\">\n<p align=\"center\">25<\/p>\n<\/td>\n<\/tr>\n<\/tbody>\n<\/table>\n<p><strong>MODULO IV<\/strong><\/p>\n<table border=\"1\" cellspacing=\"0\" cellpadding=\"0\">\n<tbody>\n<tr>\n<td style=\"text-align: center;background-color: #343eaf\" valign=\"top\" width=\"95\"><span style=\"color: #ffffff\"><strong>CODIGO<\/strong><\/span><\/td>\n<td style=\"text-align: center;background-color: #343eaf\" valign=\"top\" width=\"484\">\n<p align=\"center\"><span style=\"color: #ffffff\"><strong>ASIGNATURA<\/strong><\/span><\/p>\n<\/td>\n<td style=\"text-align: center;background-color: #343eaf\" valign=\"top\" width=\"201\">\n<p align=\"center\"><span style=\"color: #ffffff\"><strong>HORAS SEMANALES<\/strong><\/span><\/p>\n<\/td>\n<\/tr>\n<tr>\n<td valign=\"top\" width=\"95\">TT6<\/td>\n<td valign=\"top\" width=\"484\"><a title=\"C\u00e1lculo IV\" href=\"https:\/\/www.facet.unt.edu.ar\/agrimensura\/14-calculo-iv\/\" target=\"_blank\">C\u00e1lculo IV<\/a><\/td>\n<td valign=\"top\" width=\"201\">\n<p align=\"center\">6<\/p>\n<\/td>\n<\/tr>\n<tr>\n<td valign=\"top\" width=\"95\">TT7<\/td>\n<td valign=\"top\" width=\"484\"><a title=\"Probabilidad y Estad\u00edstica\" href=\"https:\/\/www.facet.unt.edu.ar\/agrimensura\/15-probabilidad-y-estadistica\/\" target=\"_blank\">Probabilidad y Estad\u00edstica<\/a><\/td>\n<td valign=\"top\" width=\"201\">\n<p align=\"center\">5<\/p>\n<\/td>\n<\/tr>\n<tr>\n<td valign=\"top\" width=\"95\">GK4<\/td>\n<td valign=\"top\" width=\"484\"><a title=\"Topograf\u00eda II\" href=\"https:\/\/www.facet.unt.edu.ar\/agrimensura\/16-topografia-ii\/\" target=\"_blank\">Topograf\u00eda II<\/a><\/td>\n<td valign=\"top\" width=\"201\">\n<p align=\"center\">6<\/p>\n<\/td>\n<\/tr>\n<tr>\n<td valign=\"top\" width=\"95\">GL2<\/td>\n<td valign=\"top\" width=\"484\"><a title=\"Dibujo Cartogr\u00e1fico\" href=\"https:\/\/www.facet.unt.edu.ar\/agrimensura\/17-dibujo-topografico\/\" target=\"_blank\">Dibujo Cartogr\u00e1fico<\/a><\/td>\n<td valign=\"top\" width=\"201\">\n<p align=\"center\">5<\/p>\n<\/td>\n<\/tr>\n<tr>\n<td valign=\"top\" width=\"95\"><\/td>\n<td valign=\"top\" width=\"484\">\n<p align=\"right\">Total carga horaria semanal<\/p>\n<\/td>\n<td valign=\"top\" width=\"201\">\n<p align=\"center\">22<\/p>\n<\/td>\n<\/tr>\n<\/tbody>\n<\/table>\n<p align=\"center\"><span style=\"text-decoration: underline\"><strong>TERCER A\u00d1O<\/strong><\/span><\/p>\n<p><strong>MODULO V<\/strong><\/p>\n<table border=\"1\" cellspacing=\"0\" cellpadding=\"0\">\n<tbody>\n<tr>\n<td style=\"text-align: center;background-color: #343eaf\" valign=\"top\" width=\"95\"><span style=\"color: #ffffff\"><strong>CODIGO<\/strong><\/span><\/td>\n<td style=\"text-align: center;background-color: #343eaf\" valign=\"top\" width=\"484\">\n<p align=\"center\"><span style=\"color: #ffffff\"><strong>ASIGNATURA<\/strong><\/span><\/p>\n<\/td>\n<td style=\"text-align: center;background-color: #343eaf\" valign=\"top\" width=\"201\">\n<p align=\"center\"><span style=\"color: #ffffff\"><strong>HORAS SEMANALES<\/strong><\/span><\/p>\n<\/td>\n<\/tr>\n<tr>\n<td valign=\"top\" width=\"95\">GL3<\/td>\n<td valign=\"top\" width=\"484\"><a title=\"Topograf\u00eda III\" href=\"https:\/\/www.facet.unt.edu.ar\/agrimensura\/18-topografia-iii\/\" target=\"_blank\">Topograf\u00eda III<\/a><\/td>\n<td valign=\"top\" width=\"201\">\n<p align=\"center\">6<\/p>\n<\/td>\n<\/tr>\n<tr>\n<td valign=\"top\" width=\"95\">GL7<\/td>\n<td valign=\"top\" width=\"484\"><a title=\"Hidr\u00e1ulica para Agrimensores\" href=\"https:\/\/www.facet.unt.edu.ar\/agrimensura\/19-hidraulica-para-agrimensores\/\" target=\"_blank\">Hidr\u00e1ulica para Agrimensores<\/a><\/td>\n<td valign=\"top\" width=\"201\">\n<p align=\"center\">4<\/p>\n<\/td>\n<\/tr>\n<tr>\n<td valign=\"top\" width=\"95\">GL4<\/td>\n<td valign=\"top\" width=\"484\"><a title=\"Fundamentos Matem\u00e1ticos para Geodesia\" href=\"https:\/\/www.facet.unt.edu.ar\/agrimensura\/20-fundamentos-matematicos-para-geodesia\/\" target=\"_blank\">Fundamentos Matem\u00e1ticos para Geodesia<\/a><\/td>\n<td valign=\"top\" width=\"201\">\n<p align=\"center\">4<\/p>\n<\/td>\n<\/tr>\n<tr>\n<td valign=\"top\" width=\"95\">GL5<\/td>\n<td valign=\"top\" width=\"484\"><a title=\"Ordenamiento Territorial\" href=\"https:\/\/www.facet.unt.edu.ar\/agrimensura\/21-ordenamiento-territorial\/\" target=\"_blank\">Ordenamiento Territorial<\/a><\/td>\n<td valign=\"top\" width=\"201\">\n<p align=\"center\">4<\/p>\n<\/td>\n<\/tr>\n<tr>\n<td valign=\"top\" width=\"95\">GJ4<\/td>\n<td valign=\"top\" width=\"484\"><a title=\"Laboratorio de Computaci\u00f3n I\" href=\"https:\/\/www.facet.unt.edu.ar\/agrimensura\/22-laboratorio-de-computacion-i\/\" target=\"_blank\">Laboratorio de Computaci\u00f3n I<\/a><\/td>\n<td valign=\"top\" width=\"201\">\n<p align=\"center\">5<\/p>\n<\/td>\n<\/tr>\n<tr>\n<td valign=\"top\" width=\"95\"><\/td>\n<td valign=\"top\" width=\"484\">\n<p align=\"right\">Total carga horaria semanal<\/p>\n<\/td>\n<td valign=\"top\" width=\"201\">\n<p align=\"center\">23<\/p>\n<\/td>\n<\/tr>\n<\/tbody>\n<\/table>\n<p><strong>MODULO VI<\/strong><\/p>\n<table border=\"1\" cellspacing=\"0\" cellpadding=\"0\">\n<tbody>\n<tr>\n<td style=\"text-align: center;background-color: #343eaf\" valign=\"top\" width=\"95\"><span style=\"color: #ffffff\"><strong>CODIGO<\/strong><\/span><\/td>\n<td style=\"text-align: center;background-color: #343eaf\" valign=\"top\" width=\"484\">\n<p align=\"center\"><span style=\"color: #ffffff\"><strong>ASIGNATURA<\/strong><\/span><\/p>\n<\/td>\n<td style=\"text-align: center;background-color: #343eaf\" valign=\"top\" width=\"201\"><span style=\"color: #ffffff\"><strong>HORAS SEMANALES<\/strong><\/span><\/td>\n<\/tr>\n<tr>\n<td valign=\"top\" width=\"95\">GL1<\/td>\n<td valign=\"top\" width=\"484\"><a title=\"Teoria de Errores y Compensaci\u00f3n\" href=\"https:\/\/www.facet.unt.edu.ar\/agrimensura\/23-teoria-de-errores-y-compensasion\/\" target=\"_blank\">Teor\u00eda de Errores y Compensaci\u00f3n<\/a><\/td>\n<td valign=\"top\" width=\"201\">\n<p align=\"center\">5<\/p>\n<\/td>\n<\/tr>\n<tr>\n<td valign=\"top\" width=\"95\">GL6<\/td>\n<td valign=\"top\" width=\"484\"><a title=\"Cartograf\u00eda Asistida por Computadora\" href=\"https:\/\/www.facet.unt.edu.ar\/agrimensura\/24-cartografia-asistida-por-computadora\/\" target=\"_blank\">Cartograf\u00eda Asistida por Computadora<\/a><\/td>\n<td valign=\"top\" width=\"201\">\n<p align=\"center\">4<\/p>\n<\/td>\n<\/tr>\n<tr>\n<td valign=\"top\" width=\"95\">GL9<\/td>\n<td valign=\"top\" width=\"484\"><a title=\"V\u00edas de Comunicaci\u00f3n\" href=\"https:\/\/www.facet.unt.edu.ar\/agrimensura\/25-vias-de-comunicacion\/\" target=\"_blank\">V\u00edas de Comunicaci\u00f3n<\/a><\/td>\n<td valign=\"top\" width=\"201\">\n<p align=\"center\">6<\/p>\n<\/td>\n<\/tr>\n<tr>\n<td valign=\"top\" width=\"95\">GJ9<\/td>\n<td valign=\"top\" width=\"484\"><a title=\"Laboratorio de Computaci\u00f3n II\" href=\"https:\/\/www.facet.unt.edu.ar\/agrimensura\/26-laboratorio-de-computacion-ii\/\" target=\"_blank\">Laboratorio de Computaci\u00f3n II<\/a><\/td>\n<td valign=\"top\" width=\"201\">\n<p align=\"center\">5<\/p>\n<\/td>\n<\/tr>\n<tr>\n<td valign=\"top\" width=\"95\">GL8<\/td>\n<td valign=\"top\" width=\"484\"><a title=\"Agrimensura Legal I\" href=\"https:\/\/www.facet.unt.edu.ar\/agrimensura\/27-agrimensura-legal\/\" target=\"_blank\">Agrimensura Legal I<\/a><\/td>\n<td valign=\"top\" width=\"201\">\n<p align=\"center\">4<\/p>\n<\/td>\n<\/tr>\n<tr>\n<td valign=\"top\" width=\"95\"><\/td>\n<td valign=\"top\" width=\"484\">\n<p align=\"right\">Total carga horaria semanal<\/p>\n<\/td>\n<td valign=\"top\" width=\"201\">\n<p align=\"center\">24<\/p>\n<\/td>\n<\/tr>\n<\/tbody>\n<\/table>\n<p align=\"center\"><span style=\"text-decoration: underline\"><strong>CUARTO A\u00d1O<\/strong><\/span><\/p>\n<p><strong>MODULO VII<\/strong><\/p>\n<table border=\"1\" cellspacing=\"0\" cellpadding=\"0\">\n<tbody>\n<tr>\n<td style=\"text-align: center;background-color: #343eaf\" valign=\"top\" width=\"95\"><span style=\"color: #ffffff\"><strong>CODIGO<\/strong><\/span><\/td>\n<td style=\"text-align: center;background-color: #343eaf\" valign=\"top\" width=\"484\">\n<p align=\"center\"><span style=\"color: #ffffff\"><strong>ASIGNATURA<\/strong><\/span><\/p>\n<\/td>\n<td style=\"text-align: center;background-color: #343eaf\" valign=\"top\" width=\"201\">\n<p align=\"center\"><span style=\"color: #ffffff\"><strong>HORAS SEMANALES<\/strong><\/span><\/p>\n<\/td>\n<\/tr>\n<tr>\n<td valign=\"top\" width=\"95\">GM0<\/td>\n<td valign=\"top\" width=\"484\"><a title=\"Astronom\u00eda\" href=\"https:\/\/www.facet.unt.edu.ar\/agrimensura\/28-astronomia\/\" target=\"_blank\">Astronom\u00eda<\/a><\/td>\n<td valign=\"top\" width=\"201\">\n<p align=\"center\">5<\/p>\n<\/td>\n<\/tr>\n<tr>\n<td valign=\"top\" width=\"95\">GM1<\/td>\n<td valign=\"top\" width=\"484\"><a title=\"Fotogrametria I\" href=\"https:\/\/www.facet.unt.edu.ar\/agrimensura\/29-fotogrametria\/\" target=\"_blank\">Fotogrametr\u00eda I<\/a><\/td>\n<td valign=\"top\" width=\"201\">\n<p align=\"center\">5<\/p>\n<\/td>\n<\/tr>\n<tr>\n<td valign=\"top\" width=\"95\">GM2<\/td>\n<td valign=\"top\" width=\"484\"><a title=\"Geof\u00edsica y Geomorfolog\u00eda\" href=\"https:\/\/www.facet.unt.edu.ar\/agrimensura\/30-geofisica-y-geomorfologia\/\" target=\"_blank\">Geof\u00edsica y Geomorfolog\u00eda<\/a><\/td>\n<td valign=\"top\" width=\"201\">\n<p align=\"center\">4<\/p>\n<\/td>\n<\/tr>\n<tr>\n<td valign=\"top\" width=\"95\">GM3<\/td>\n<td valign=\"top\" width=\"484\"><a title=\"Econom\u00eda\" href=\"https:\/\/www.facet.unt.edu.ar\/agrimensura\/31-economia\/\" target=\"_blank\">Econom\u00eda<\/a><\/td>\n<td valign=\"top\" width=\"201\">\n<p align=\"center\">4<\/p>\n<\/td>\n<\/tr>\n<tr>\n<td valign=\"top\" width=\"95\">GM4<\/td>\n<td valign=\"top\" width=\"484\"><a title=\"Agrimensura Legal II\" href=\"https:\/\/www.facet.unt.edu.ar\/agrimensura\/32-agrimensura-legal-ii\/\" target=\"_blank\">Agrimensura Legal II<\/a><\/td>\n<td valign=\"top\" width=\"201\">\n<p align=\"center\">4<\/p>\n<\/td>\n<\/tr>\n<tr>\n<td valign=\"top\" width=\"95\"><\/td>\n<td valign=\"top\" width=\"484\">\n<p align=\"right\">Total carga horaria semanal<\/p>\n<\/td>\n<td valign=\"top\" width=\"201\">\n<p align=\"center\">22<\/p>\n<\/td>\n<\/tr>\n<\/tbody>\n<\/table>\n<p><strong>MODULO VIII<\/strong><\/p>\n<table border=\"1\" cellspacing=\"0\" cellpadding=\"0\">\n<tbody>\n<tr>\n<td style=\"text-align: center;background-color: #343eaf\" valign=\"top\" width=\"95\"><span style=\"color: #ffffff\"><strong>CODIGO<\/strong><\/span><\/td>\n<td style=\"text-align: center;background-color: #343eaf\" valign=\"top\" width=\"484\">\n<p align=\"center\"><span style=\"color: #ffffff\"><strong>ASIGNATURA<\/strong><\/span><\/p>\n<\/td>\n<td style=\"text-align: center;background-color: #343eaf\" valign=\"top\" width=\"201\"><span style=\"color: #ffffff\"><strong>HORAS SEMANALES<\/strong><\/span><\/td>\n<\/tr>\n<tr>\n<td valign=\"top\" width=\"95\">GM5<\/td>\n<td valign=\"top\" width=\"484\"><a title=\"Geodesia\" href=\"https:\/\/www.facet.unt.edu.ar\/agrimensura\/33-geodesia\/\" target=\"_blank\">Geodesia<\/a><\/td>\n<td valign=\"top\" width=\"201\">\n<p align=\"center\">5<\/p>\n<\/td>\n<\/tr>\n<tr>\n<td valign=\"top\" width=\"95\">GM6<\/td>\n<td valign=\"top\" width=\"484\"><a title=\"Fotogrametr\u00eda II\" href=\"https:\/\/www.facet.unt.edu.ar\/agrimensura\/34-fotogrametria-ii\/\" target=\"_blank\">Fotogrametr\u00eda II<\/a><\/td>\n<td valign=\"top\" width=\"201\">\n<p align=\"center\">5<\/p>\n<\/td>\n<\/tr>\n<tr>\n<td valign=\"top\" width=\"95\">GM7<\/td>\n<td valign=\"top\" width=\"484\"><a title=\"Deslindes, L\u00edmite y Mensura\" href=\"https:\/\/www.facet.unt.edu.ar\/agrimensura\/35-deslindes-limite-y-mensura\/\" target=\"_blank\">Deslindes, L\u00edmite y Mensura<\/a><\/td>\n<td valign=\"top\" width=\"201\">\n<p align=\"center\">4<\/p>\n<\/td>\n<\/tr>\n<tr>\n<td valign=\"top\" width=\"95\">GM8<\/td>\n<td valign=\"top\" width=\"484\"><a title=\"Catastro\" href=\"https:\/\/www.facet.unt.edu.ar\/agrimensura\/36-catastro\/\" target=\"_blank\">Catastro<\/a><\/td>\n<td valign=\"top\" width=\"201\">\n<p align=\"center\">4<\/p>\n<\/td>\n<\/tr>\n<tr>\n<td valign=\"top\" width=\"95\">GM9<\/td>\n<td valign=\"top\" width=\"484\"><a title=\"Sistemas de Informaci\u00f3n Territorial\" href=\"https:\/\/www.facet.unt.edu.ar\/agrimensura\/37-sistemas-de-informacion-territorial\/\" target=\"_blank\">Sistemas de Informaci\u00f3n Territorial<\/a><\/td>\n<td valign=\"top\" width=\"201\">\n<p align=\"center\">4<\/p>\n<\/td>\n<\/tr>\n<tr>\n<td valign=\"top\" width=\"95\"><\/td>\n<td valign=\"top\" width=\"484\">\n<p align=\"right\">Total carga horaria semanal<\/p>\n<\/td>\n<td valign=\"top\" width=\"201\">\n<p align=\"center\">22<\/p>\n<\/td>\n<\/tr>\n<\/tbody>\n<\/table>\n<p align=\"center\"><span style=\"text-decoration: underline\"><strong>QUINTO A\u00d1O<\/strong><\/span><\/p>\n<p><strong>MODULO IX<\/strong><\/p>\n<table border=\"1\" cellspacing=\"0\" cellpadding=\"0\">\n<tbody>\n<tr>\n<td style=\"text-align: center;background-color: #343eaf\" valign=\"top\" width=\"95\"><span style=\"color: #ffffff\"><strong>CODIGO<\/strong><\/span><\/td>\n<td style=\"text-align: center;background-color: #343eaf\" valign=\"top\" width=\"484\">\n<p align=\"center\"><span style=\"color: #ffffff\"><strong>ASIGNATURA<\/strong><\/span><\/p>\n<\/td>\n<td style=\"text-align: center;background-color: #343eaf\" valign=\"top\" width=\"201\">\n<p align=\"center\"><span style=\"color: #ffffff\"><strong>HORAS SEMANALES<\/strong><\/span><\/p>\n<\/td>\n<\/tr>\n<tr>\n<td valign=\"top\" width=\"95\"><\/td>\n<td valign=\"top\" width=\"484\">Electiva I<\/td>\n<td valign=\"top\" width=\"201\">\n<p align=\"center\">5<\/p>\n<\/td>\n<\/tr>\n<tr>\n<td valign=\"top\" width=\"95\">GN1<\/td>\n<td valign=\"top\" width=\"484\"><a title=\"T\u00e9cnicas Satelitales\" href=\"https:\/\/www.facet.unt.edu.ar\/agrimensura\/38-tecnicas-satelitales\/\" target=\"_blank\">T\u00e9cnicas Satelitales<\/a><\/td>\n<td valign=\"top\" width=\"201\">\n<p align=\"center\">5<\/p>\n<\/td>\n<\/tr>\n<tr>\n<td valign=\"top\" width=\"95\">GN2<\/td>\n<td valign=\"top\" width=\"484\"><a title=\"Mediciones Especiales\" href=\"https:\/\/www.facet.unt.edu.ar\/agrimensura\/39-mediciones-especiales\/\" target=\"_blank\">Mediciones Especiales<\/a><\/td>\n<td valign=\"top\" width=\"201\">\n<p align=\"center\">6<\/p>\n<\/td>\n<\/tr>\n<tr>\n<td valign=\"top\" width=\"95\">GN3<\/td>\n<td valign=\"top\" width=\"484\"><a title=\"Valuaciones\" href=\"https:\/\/www.facet.unt.edu.ar\/agrimensura\/40-valuaciones\/\" target=\"_blank\">Valuaciones<\/a><\/td>\n<td valign=\"top\" width=\"201\">\n<p align=\"center\">4<\/p>\n<\/td>\n<\/tr>\n<tr>\n<td valign=\"top\" width=\"95\"><\/td>\n<td valign=\"top\" width=\"484\">\n<p align=\"right\">Total carga horaria semanal<\/p>\n<\/td>\n<td valign=\"top\" width=\"201\">\n<p align=\"center\">20<\/p>\n<\/td>\n<\/tr>\n<\/tbody>\n<\/table>\n<p><strong>MODULO X<\/strong><\/p>\n<table border=\"1\" cellspacing=\"0\" cellpadding=\"0\">\n<tbody>\n<tr>\n<td style=\"text-align: center;background-color: #343eaf\" valign=\"top\" width=\"95\"><span style=\"color: #ffffff\"><strong>CODIGO<\/strong><\/span><\/td>\n<td style=\"text-align: center;background-color: #343eaf\" valign=\"top\" width=\"484\">\n<p align=\"center\"><span style=\"color: #ffffff\"><strong>ASIGNATURA<\/strong><\/span><\/p>\n<\/td>\n<td style=\"text-align: center;background-color: #343eaf\" valign=\"top\" width=\"201\">\n<p align=\"center\"><span style=\"color: #ffffff\"><strong>HORAS SEMANALES<\/strong><\/span><\/p>\n<\/td>\n<\/tr>\n<tr>\n<td valign=\"top\" width=\"95\"><\/td>\n<td valign=\"top\" width=\"484\">Electiva II<\/td>\n<td valign=\"top\" width=\"201\">\n<p align=\"center\">5<\/p>\n<\/td>\n<\/tr>\n<tr>\n<td valign=\"top\" width=\"95\"><\/td>\n<td valign=\"top\" width=\"484\">Electiva III<\/td>\n<td valign=\"top\" width=\"201\">\n<p align=\"center\">5<\/p>\n<\/td>\n<\/tr>\n<tr>\n<td valign=\"top\" width=\"95\">IAZ<\/td>\n<td valign=\"top\" width=\"484\">\n<p align=\"left\"><a title=\"Optimizaci\u00f3n de Sistemas de Gesti\u00f3n\" href=\"https:\/\/www.facet.unt.edu.ar\/agrimensura\/41-optimizacion-de-sistemas-de-gestion\/\" target=\"_blank\">Optimizaci\u00f3n de Sistemas de Gesti\u00f3n<\/a><\/p>\n<\/td>\n<td valign=\"top\" width=\"201\">\n<p align=\"center\">6<\/p>\n<\/td>\n<\/tr>\n<tr>\n<td valign=\"top\" width=\"95\"><\/td>\n<td valign=\"top\" width=\"484\">\n<p align=\"right\">Total carga horaria semanal <strong>(*)<\/strong><\/p>\n<\/td>\n<td valign=\"top\" width=\"201\">\n<p align=\"center\">16<\/p>\n<\/td>\n<\/tr>\n<\/tbody>\n<\/table>\n","protected":false},"excerpt":{"rendered":"<p>LISTADO DE ASIGNATURAS POR M\u00d3DULOS PRIMER A\u00d1O MODULO I CODIGO ASIGNATURA HORAS SEMANALES TT1 C\u00e1lculo I 6 TT2 \u00c1lgebra y Geometr\u00eda Anal\u00edtica 6 FI1 F\u00edsica I 6 CV1 Sistemas de Representaci\u00f3n 5 Total carga horaria semanal 23 MODULO II CODIGO ASIGNATURA HORAS SEMANALES TT3 C\u00e1lculo II 5 TT4 Elementos de \u00c1lgebra Lineal 5 FI2 F\u00edsica [&hellip;]<\/p>\n","protected":false},"author":10,"featured_media":0,"parent":0,"menu_order":0,"comment_status":"closed","ping_status":"closed","template":"","meta":[],"_links":{"self":[{"href":"https:\/\/www.facet.unt.edu.ar\/agrimensura\/wp-json\/wp\/v2\/pages\/376"}],"collection":[{"href":"https:\/\/www.facet.unt.edu.ar\/agrimensura\/wp-json\/wp\/v2\/pages"}],"about":[{"href":"https:\/\/www.facet.unt.edu.ar\/agrimensura\/wp-json\/wp\/v2\/types\/page"}],"author":[{"embeddable":true,"href":"https:\/\/www.facet.unt.edu.ar\/agrimensura\/wp-json\/wp\/v2\/users\/10"}],"replies":[{"embeddable":true,"href":"https:\/\/www.facet.unt.edu.ar\/agrimensura\/wp-json\/wp\/v2\/comments?post=376"}],"version-history":[{"count":5,"href":"https:\/\/www.facet.unt.edu.ar\/agrimensura\/wp-json\/wp\/v2\/pages\/376\/revisions"}],"predecessor-version":[{"id":420,"href":"https:\/\/www.facet.unt.edu.ar\/agrimensura\/wp-json\/wp\/v2\/pages\/376\/revisions\/420"}],"wp:attachment":[{"href":"https:\/\/www.facet.unt.edu.ar\/agrimensura\/wp-json\/wp\/v2\/media?parent=376"}],"curies":[{"name":"wp","href":"https:\/\/api.w.org\/{rel}","templated":true}]}}