{"id":400,"date":"2014-08-25T22:55:37","date_gmt":"2014-08-26T01:55:37","guid":{"rendered":"https:\/\/www.facet.unt.edu.ar\/agrimensura\/?page_id=400"},"modified":"2014-08-25T22:58:55","modified_gmt":"2014-08-26T01:58:55","slug":"actividades-especificas-del-ing-agrimensor","status":"publish","type":"page","link":"https:\/\/www.facet.unt.edu.ar\/agrimensura\/actividades-especificas-del-ing-agrimensor\/","title":{"rendered":"Actividades Espec\u00edficas del Ing. Agrimensor"},"content":{"rendered":"<p><strong>VIAL:<\/strong> Relevamiento topogr\u00e1ficos para anteproyecto y proyecto ejecutivo de caminos, rutas, autopistas.<\/p>\n<p><a href=\"https:\/\/www.facet.unt.edu.ar\/agrimensura\/wp-content\/uploads\/sites\/13\/2014\/08\/FOTO-7.jpg\"><img decoding=\"async\" loading=\"lazy\" class=\"size-full wp-image-401 aligncenter\" src=\"https:\/\/www.facet.unt.edu.ar\/agrimensura\/wp-content\/uploads\/sites\/13\/2014\/08\/FOTO-7.jpg\" alt=\"FOTO 7\" width=\"224\" height=\"135\" \/><\/a><\/p>\n<p><strong>CATASTRO:<\/strong> Implementaci\u00f3n de un SIG (Sistema de Informaci\u00f3n Geogr\u00e1fico) para administraci\u00f3n y control del Parcelario. Realizaci\u00f3n y mantenimiento del Catastro Territorial.<\/p>\n<p><a href=\"https:\/\/www.facet.unt.edu.ar\/agrimensura\/wp-content\/uploads\/sites\/13\/2014\/08\/FOTO-8.jpg\"><img decoding=\"async\" loading=\"lazy\" class=\"size-full wp-image-402 aligncenter\" src=\"https:\/\/www.facet.unt.edu.ar\/agrimensura\/wp-content\/uploads\/sites\/13\/2014\/08\/FOTO-8.jpg\" alt=\"FOTO 8\" width=\"255\" height=\"198\" \/><\/a><\/p>\n<p><strong>LEVANTAMIENTO MINERO<\/strong>: Relevamiento topogr\u00e1fico de detalle sobre una superficie. Generando curvas de nivel para proyecto y ejecuci\u00f3n de obras mineras de superficie y subterr\u00e1nea. Realizaci\u00f3n y mantenimiento del Catastro Minero con la confecci\u00f3n de planos.<\/p>\n<p><strong>MOVIMIENTO DE SUELO:<\/strong> Relevamiento Topogr\u00e1fico y calculo\u00a0 para el seguimiento de acumulaci\u00f3n en desmonte y mineral en explotaci\u00f3n Minera. Curvas de nivel y modelos digitales de terreno.<\/p>\n<p><a href=\"https:\/\/www.facet.unt.edu.ar\/agrimensura\/wp-content\/uploads\/sites\/13\/2014\/08\/MOVIMIENTO-DEL-SUELO.jpg\"><img decoding=\"async\" loading=\"lazy\" class=\"size-full wp-image-404 aligncenter\" src=\"https:\/\/www.facet.unt.edu.ar\/agrimensura\/wp-content\/uploads\/sites\/13\/2014\/08\/MOVIMIENTO-DEL-SUELO.jpg\" alt=\"MOVIMIENTO DEL SUELO\" width=\"209\" height=\"124\" \/><\/a><br \/>\n<strong>HIDROLOG\u00cdA<\/strong>: Relevamiento topogr\u00e1fico para el estudio de Escurrimiento superficial, diques, canalizaci\u00f3n, perfiles transversales de r\u00edos, arroyos, etc.<\/p>\n<p><a href=\"https:\/\/www.facet.unt.edu.ar\/agrimensura\/wp-content\/uploads\/sites\/13\/2014\/08\/HODROLOG\u00cdA-1.jpg\"><img decoding=\"async\" loading=\"lazy\" class=\"size-full wp-image-406 aligncenter\" src=\"https:\/\/www.facet.unt.edu.ar\/agrimensura\/wp-content\/uploads\/sites\/13\/2014\/08\/HODROLOG\u00cdA-1.jpg\" alt=\"HODROLOG\u00cdA\" width=\"182\" height=\"276\" \/><\/a><br \/>\n<strong>GAS<\/strong>: Relevamientos topogr\u00e1ficos de gasoductos con GPS.<\/p>\n<p><strong>ELECTRICIDAD<\/strong>: Replanteo y seguimiento en obra de tendido el\u00e9ctrico.<\/p>\n<p><strong>LEGAL<\/strong>: Actuar de perito de partes en un juicio, como asesor, problemas de confusi\u00f3n de limites en general.<\/p>\n","protected":false},"excerpt":{"rendered":"<p>VIAL: Relevamiento topogr\u00e1ficos para anteproyecto y proyecto ejecutivo de caminos, rutas, autopistas. CATASTRO: Implementaci\u00f3n de un SIG (Sistema de Informaci\u00f3n Geogr\u00e1fico) para administraci\u00f3n y control del Parcelario. Realizaci\u00f3n y mantenimiento del Catastro Territorial. LEVANTAMIENTO MINERO: Relevamiento topogr\u00e1fico de detalle sobre una superficie. Generando curvas de nivel para proyecto y ejecuci\u00f3n de obras mineras de superficie [&hellip;]<\/p>\n","protected":false},"author":10,"featured_media":0,"parent":0,"menu_order":0,"comment_status":"closed","ping_status":"closed","template":"","meta":[],"_links":{"self":[{"href":"https:\/\/www.facet.unt.edu.ar\/agrimensura\/wp-json\/wp\/v2\/pages\/400"}],"collection":[{"href":"https:\/\/www.facet.unt.edu.ar\/agrimensura\/wp-json\/wp\/v2\/pages"}],"about":[{"href":"https:\/\/www.facet.unt.edu.ar\/agrimensura\/wp-json\/wp\/v2\/types\/page"}],"author":[{"embeddable":true,"href":"https:\/\/www.facet.unt.edu.ar\/agrimensura\/wp-json\/wp\/v2\/users\/10"}],"replies":[{"embeddable":true,"href":"https:\/\/www.facet.unt.edu.ar\/agrimensura\/wp-json\/wp\/v2\/comments?post=400"}],"version-history":[{"count":3,"href":"https:\/\/www.facet.unt.edu.ar\/agrimensura\/wp-json\/wp\/v2\/pages\/400\/revisions"}],"predecessor-version":[{"id":407,"href":"https:\/\/www.facet.unt.edu.ar\/agrimensura\/wp-json\/wp\/v2\/pages\/400\/revisions\/407"}],"wp:attachment":[{"href":"https:\/\/www.facet.unt.edu.ar\/agrimensura\/wp-json\/wp\/v2\/media?parent=400"}],"curies":[{"name":"wp","href":"https:\/\/api.w.org\/{rel}","templated":true}]}}