{"id":75,"date":"2012-11-21T03:22:07","date_gmt":"2012-11-21T03:22:07","guid":{"rendered":"http:\/\/www1.herrera.unt.edu.ar\/faceyt\/agrimensura\/?page_id=75"},"modified":"2014-08-21T16:58:53","modified_gmt":"2014-08-21T19:58:53","slug":"contenido-asignaturas","status":"publish","type":"page","link":"https:\/\/www.facet.unt.edu.ar\/agrimensura\/contenido-asignaturas\/","title":{"rendered":"Contenido B\u00e1sico de las Asignaturas"},"content":{"rendered":"<h1>M\u00f3dulo I<\/h1>\n<p><strong>_CALCULO I:<\/strong> Recta real. Desigualdades. Relaciones y funciones. Sucesiones de n\u00fameros reales. Limite. Teoremas. Continuidad. Derivaci\u00f3n. Recta tangente. Teoremas del valor medio del Calculo Diferencial. Consecuencias. Aplicaciones. Valores extremos: relativos y absolutos. Optimizaci\u00f3n. Regla de L\u2019Hopital.<\/p>\n<p><strong>\u00a0_ALGEBRA Y GEOMETRIA ANALITICA<\/strong>: Vectores en R\u207f. Aplicaciones de vectores a la Geometr\u00eda. Recta. Plano. C\u00f3nicas: ecuaciones canon\u00edcas. Superficies y l\u00edneas. N\u00fameros complejos. Forma bin\u00f3mica. Forma polar y exponencial.<\/p>\n<p><strong>\u00a0_FISICA I:<\/strong> Magnitudes y cantidades f\u00edsicas. Mediciones. Unidades. Din\u00e1mica de la part\u00edcula. Leyes de Newton. Movimiento rectil\u00edneo y en el plano. Sistemas de referencia no inercial. Impulso lineal-trabajo. Energ\u00eda cin\u00e9tica, potencia y mec\u00e1nica. Teoremas de conservaci\u00f3n. Movimiento de un sistema de part\u00edculas. Colisiones. Din\u00e1mica del cuerpo r\u00edgido libre y vinculado. Trabajo y energ\u00eda. Impulso angular. Est\u00e1tica del cuerpo r\u00edgido. Gravitaci\u00f3n.<\/p>\n<p><strong>\u00a0_SISTEMAS DE REPRESENTACION:<\/strong> Introducci\u00f3n. Normalizaci\u00f3n. Elementos de geometr\u00eda descriptiva. Representaci\u00f3n grafica de objetos. Distintas herramientas de representaci\u00f3n.<\/p>\n<h1>\u00a0M\u00f3dulo II<\/h1>\n<p><strong>\u00a0_CALCULO II:<\/strong> Antiderivadas. T\u00e9cnicas de integraci\u00f3n. Integrales definidas. Integral de Riemann. Teoremas fundamentales del C\u00e1lculo. Aplicaciones de la integral definida. Integrales impropias. Aproximaci\u00f3n: polinomios de Taylor. Series num\u00e9ricas de t\u00e9rminos positivos y alternadas. Criterios de convergencia. Series de potencias.<\/p>\n<p><strong>\u00a0_ELEMENTOS DE ALGEBRA LINEAL:<\/strong> Matrices. Operaciones. Matriz transpuesta. Rango. Matrices Inversibles. Sistemas de ecuaciones lineales. Espacios vectoriales. Transformaciones lineales. Determinantes. Polinomios. Teorema del resto. Ra\u00edces m\u00faltiples. Valores y vectores propios de una matriz. Polinomio caracter\u00edstico. Diagonalizacion.<\/p>\n<p><strong>_FISICA II:<\/strong> Nociones de elasticidad. Hidrost\u00e1tica e hidrodin\u00e1mica. Oscilaciones arm\u00f3nicas, amortiguadas, y forzadas. Resonancia. Energ\u00eda. Ondas mec\u00e1nicas. Principio de superposici\u00f3n. Interferencia. Ondas estacionarias. Energ\u00eda e intensidad. Ondas sonoras. Efecto Doppler. Temperatura y calor. Efecto del calor sobre los cuerpos. Principios de la Termodin\u00e1mica.<\/p>\n<p><strong>\u00a0_INFORMATICA:<\/strong> Introducci\u00f3n sobre conceptos inform\u00e1ticos: 1) Terminolog\u00eda inform\u00e1tica; 2) Datos e informaci\u00f3n. Almacenamiento y procesamiento. Estructuras de un sistema de computaci\u00f3n. Sistemas de informaci\u00f3n: conceptos generales de software de aplicaci\u00f3n. Fases en la resoluci\u00f3n de problemas: 1) T\u00e9cnicas de descomposici\u00f3n; 2) algoritmos y dise\u00f1os- Lenguajes de programaci\u00f3n: conceptos generales de lenguajes de alto nivel. Nociones generales de redes e internet.<\/p>\n<p><strong>\u00a0_FUNDAMENTOS DE QUIMICA GENERAL:<\/strong> Principios de la Qu\u00edmica: materia, propiedades. Leyes fundamentales de la Qu\u00edmica. Estructura at\u00f3mica, sistema peri\u00f3dico y uniones qu\u00edmicas; estructura de la tabla peri\u00f3dica. Estado gaseoso y fen\u00f3menos cr\u00edticos. Estado liquido. Estado s\u00f3lido. Soluciones: componentes; solubilidad; propiedades coligativas. Termodin\u00e1mica qu\u00edmica. Cin\u00e9tica Qu\u00edmica. Velocidad de reacci\u00f3n. Factores que afectan la cin\u00e9tica de una reacci\u00f3n. Electrolisis. Conductividad el\u00e9ctrica. Celdas galv\u00e1nicas.<\/p>\n<p><!--more--><\/p>\n<h1>\u00a0M\u00f3dulo III<\/h1>\n<p><strong>\u00a0_Calculo III:<\/strong> Continuidad y diferenciabilidad de funciones reales de varias variables. Continuidad y diferenciabilidad de campos vectoriales. Extremos relativos. Integrales m\u00faltiples. Integrales curvil\u00edneas de funciones reales y de campos vectoriales. Integrales de superficie de funciones reales y de campos vectoriales.<\/p>\n<p><strong>\u00a0_FISICA III:<\/strong> Electrost\u00e1tica. Carga el\u00e9ctrica ley de Coulomb. Campo el\u00e9ctrico. Potencial y diferencia de potencial el\u00e9ctrico. Energ\u00eda el\u00e9ctrica. Capacidad. Corriente el\u00e9ctrica. Resistencia: ley de Ohm. Campo magn\u00e9tico. Efectos magn\u00e9ticos de corrientes. Ley de Biot \u2013 Savart. Ley de Ampere. Flujo magn\u00e9tico. Inducci\u00f3n electromagn\u00e9tica. Ley de Faraday. Fem y fuente de fem. Inductancia. Circuitos el\u00e9ctricos de continua y alterna. Leyes de Kirchoff. Electromagnetismo. Leyes de Maxwell. Ondas electromagn\u00e9ticas. Energ\u00eda. Intensidad. Leyes de propagaci\u00f3n. Reflexi\u00f3n. Refracci\u00f3n. Superposici\u00f3n de ondas. Interferencia. Difracci\u00f3n. Polarizaci\u00f3n \u00f3ptica geom\u00e9trica. Espejos y lentes. Construcci\u00f3n de im\u00e1genes. Sistemas \u00f3pticos. Fuentes luminosas. Efectos ambientales de las radiaciones no ionizantes.<\/p>\n<p><strong>_TOPOGRAFIA I<\/strong>: contenidos: Objetivos de la topograf\u00eda. Observaciones lineales y angulares. Errores de las observaciones. Instrumentos topogr\u00e1ficos sencillos. Nociones de relevamientos topogr\u00e1ficos. Instrumental \u00f3ptico mec\u00e1nico y electr\u00f3nico: control, manejo y m\u00e9todos operativos. Aplicaciones.<\/p>\n<p><strong>_ DIBUJO TOPOGRAFICO<\/strong>: Escalas num\u00e9ricas y graficas. Dibujo de poligonales. Representaci\u00f3n del relieve. Aplicaciones de las curvas de nivel. Signos cartogr\u00e1ficos. Confecci\u00f3n de planos. Elementos b\u00e1sicos de CAD.<\/p>\n<h1>\u00a0M\u00f3dulo IV<\/h1>\n<p><strong>_ CALCULO IV:<\/strong> Ecuaciones diferenciales ordinarias. Ecuaciones diferenciales ordinarias de primer orden. Ecuaciones diferenciales lineales con coeficientes constantes. Sistemas de ecuaciones diferenciales lineales. Sucesiones y series. M\u00e9todos num\u00e9ricos. Ecuaciones diferenciales parciales.<\/p>\n<p>_<strong>PROBABILIDAD Y ESTADISTICA:<\/strong> Estad\u00edstica descriptiva. Concepto de probabilidad. Modelos de distribuci\u00f3n de probabilidad. Confiabilidad. Variables aleatorias con nombres propios. Distribuci\u00f3n de funciones de variables aleatorias. Estimaci\u00f3n de modelo. El m\u00e9todo de m\u00ednimos cuadrados. Control de calidad. Test de hip\u00f3tesis. Dise\u00f1o de experimentos.<\/p>\n<p><strong>\u00a0_TOPOGRAFIA II:<\/strong> M\u00e9todos de relevamiento topogr\u00e1fico. Planimetr\u00eda y altimetr\u00eda. Criterios para seleccionar m\u00e9todos e instrumental en funci\u00f3n de precisi\u00f3n, costos y tiempo. Nociones de astronom\u00eda, la esfera celeste sistemas de coordenadas.<\/p>\n<p><strong>\u00a0_DIBUJO CARTOGRAFICO:<\/strong> Or\u00edgenes e historia de la cartograf\u00eda. Las proyecciones cartogr\u00e1ficas. Clasificaci\u00f3n seg\u00fan las alteraciones: conformes, equivalentes y aphil\u00e1cticas. Clasificaci\u00f3n por el m\u00e9todo de proyecci\u00f3n: Acimutales, cil\u00edndricas, c\u00f3nicas y matem\u00e1ticas. Uso y aplicaci\u00f3n de las distintas proyecciones. Proyecci\u00f3n conforme de Gauss-Kr\u03cbger. Fajas meridianas. Sistema general y local, su relaci\u00f3n. Uso de software.<\/p>\n<p><!--more--><\/p>\n<h1>M\u00f3dulo V<\/h1>\n<p><strong>_TOPOGRAFIA III:<\/strong> Estudios topogr\u00e1ficos para obras civiles que implican el mensaje de grandes cantidades de datos. Planialtimetria, relevamientos en 3D, procesamiento de datos a los fines de generar modelos digitales de terreno. Trazado de Perfiles longitudinales y transversales. Estudio y proyecto de m\u00e9todos de relevamiento y replanteo de obras. An\u00e1lisis de precisiones y exactitudes te\u00f3ricas y su contraste con los valores conseguidos en campa\u00f1a. Utilizaci\u00f3n de tecnolog\u00edas Cad Introducci\u00f3n a los sistemas de informaci\u00f3n mediante links cad-planilla de c\u00e1lculo. Iniciaci\u00f3n de protocolos de seguridad.<\/p>\n<p><strong>\u00a0_HIDRAULICA PARA AGRIMENSORES:<\/strong> conceptos generales de hidrolog\u00eda. Ciclo hidrol\u00f3gico. Cuencas. Valores caracter\u00edsticos del caudal. Elementos te\u00f3ricos de la hidr\u00e1ulica. Conducciones a presi\u00f3n. Conducciones a nivel libre. Aforo de corrientes a nivel libre. Escurrimiento en terrenos permeables. Utilizaci\u00f3n agr\u00edcola de las aguas.<\/p>\n<p><strong>_FUNDAMENTOS MATEMATICOS PARA GEODESIA<\/strong>: Toma de decisiones. Regresi\u00f3n multivariada. Inferencia de la regresi\u00f3n. M\u00e9todos num\u00e9ricos y las computadoras. Aproximaciones y errores. Ra\u00edces de ecuaciones. Optimizaci\u00f3n en la resoluci\u00f3n de sistemas ecuaciones lineales. Interpolaci\u00f3n.<\/p>\n<p><strong>\u00a0_ORDENAMIENTO TERRITORIAL:<\/strong> Planificaci\u00f3n urbana y sus m\u00e9todos. Evoluci\u00f3n. Concepciones doctrinarias. Planificaci\u00f3n Estrat\u00e9gica. Diagn\u00f3sticos ambientales. Planeamiento urbano en municipios. Competencias y gesti\u00f3n de \u00e1mbitos metropolitanos. Marco Jur\u00eddico. Vivienda de Inter\u00e9s Social y su impacto en la expansi\u00f3n urbana del GSMT. El transito. El espacio de las Sierras de San Javier. An\u00e1lisis, diagnostico y propuesta de actuaci\u00f3n y gesti\u00f3n. Identificaci\u00f3n de problemas. Relevamiento y an\u00e1lisis de componentes de calidad ambiental de las \u00e1reas de actuaciones escogidas.<\/p>\n<p><strong>_LABORATORIO DE COMPUTACION I:<\/strong> Sistemas operativos monousuarios. Entorno GUI (Graphic Unit Interface). Procesadores de textos. Planilla de c\u00e1lculos.<\/p>\n<h1>\u00a0M\u00f3dulo VI<\/h1>\n<p><strong>_TEORIA DE ERRORES Y COMPENSACION:<\/strong> Fundamentos del c\u00e1lculo de compensaci\u00f3n. Teor\u00eda de errores. M\u00e9todo de los cuadrados m\u00ednimos. Errores accidentales, sistem\u00e1ticos y groseros. Peso de las observaciones. Ley general de propagaci\u00f3n de las covarianzas. Compensaci\u00f3n de observaciones directas, indirectas y sujetas a condici\u00f3n. Coeficientes de pesos de par\u00e1metros y de las observaciones compensadas. Elipses de error.<\/p>\n<p><strong>\u00a0_CARTOGRAFIA ASISTIDA POR COMPUTADORA:<\/strong> Manejo del potencial de distintos programas para la producci\u00f3n cartogr\u00e1fica. Identificaci\u00f3n de distintos tipos de archivos generados. Migraci\u00f3n desde y hacia distintos tipos de software. Practica intensiva con estas herramientas. Dibujo utilizando plotter e impresoras graficas.<\/p>\n<p><strong>_VIAS DE COMUNICACI\u00d3N:<\/strong> Estudio de transito. Capacidad de caminos. Veh\u00edculo tipo. Elecci\u00f3n de trazas. Perfiles transversales. Visibilidad, distancia de frenado y sobrepeso. Trazado de rasantes, pendientes, curvas verticales y horizontales.<\/p>\n<p><strong>\u00a0_LABORATORIO DE COMPUTACION II:<\/strong> Planillas de c\u00e1lculos. Bases de datos para usuarios finales.<\/p>\n<p><strong>_AGRIMENSURA LEGAL I:<\/strong> Noci\u00f3n de derecho. Personas. Objeto. Derechos creditorios. Contratos. Locaci\u00f3n de obra. Derecho procesal. Derecho laboral. Derecho administrativo. Normas reguladoras del ejercicio profesional.<\/p>\n<h1>\u00a0M\u00f3dulo VII<\/h1>\n<p><strong>\u00a0_ASTRONOMIA<\/strong>: Los sistemas de coordenadas usados en astronom\u00eda. El tiempo intervalo. El tiempo en funci\u00f3n de los movimientos del cuerpo terrestre. El tiempo \u00e9poca. Calendarios. El siglo Juliano. Variaci\u00f3n de las coordenadas de los astros. Posiciones especiales de los astros. Determinaci\u00f3n de los par\u00e1metros de posicionamiento y orientaci\u00f3n. Compensaci\u00f3n.<\/p>\n<p><strong>\u00a0_FOTOGRAMETRIA I:<\/strong> Orientaciones: interior, exterior, relativa y absoluta. Planificaci\u00f3n de un vuelo fotogram\u00e9trico. Nociones de aerotriangulaci\u00f3n. Tratamientos anal\u00f3gicos, anal\u00edtico y digital.<\/p>\n<p><strong>\u00a0_GEOFISICA Y GEOMORFOLOGIA:<\/strong> Elementos de geolog\u00eda: petrolog\u00eda y estructuras tect\u00f3nicas. Elementos de climatolog\u00eda. Conocimiento de la atmosfera y sus factores meteorol\u00f3gicos. Elementos de Edafolog\u00eda: g\u00e9nesis de los suelos, clasificaci\u00f3n, mapas y cartas, agentes y procesos geom\u00f3rficos modeladores de la superficie terrestre. Aspectos regionales de nuestro pa\u00eds. Sismolog\u00eda: terremotos, observatorios sismol\u00f3gicos. Localizaci\u00f3n de epicentros, interior de la Tierra. Geomagnetismo: aspectos f\u00edsicos. Sustancias magn\u00e9ticas, campo magn\u00e9tico de la Tierra, mediciones, observatorios, origen del campo y modelo te\u00f3rico. Prospecci\u00f3n geof\u00edsica: s\u00edsmica de reflexi\u00f3n y refracci\u00f3n, gravimetr\u00eda y geoel\u00e9ctrica. Principios f\u00edsicos de los m\u00e9todos y aplicaciones pr\u00e1cticas. Interpretaci\u00f3n de cartas geofisicas.<\/p>\n<p><strong>_ECONOMIA:<\/strong> La econom\u00eda: leyes, tendencias y regularidades. La empresa en el marco de una econom\u00eda de mercado. La competencia perfecta y la competencia monopol\u00edstica. La teor\u00eda econ\u00f3mica de la distribuci\u00f3n. Macroeconom\u00eda: la oferta y la demanda agregadas. La econom\u00eda pol\u00edtica y la pol\u00edtica econ\u00f3mica. Econom\u00eda internacional. El crecimiento y el desarrollo econ\u00f3mico. Teor\u00eda del capital. Evaluaci\u00f3n de proyectos de inversi\u00f3n. Teor\u00eda del capital. El inter\u00e9s y la rentabilidad del capital f\u00edsico. Diferentes tipos de capital y de rendimientos.<\/p>\n<p><strong>_AGRIMENSURA LEGAL II<\/strong>: Derechos reales. Posesi\u00f3n. Dominio. Limitaciones al dominio. Condominio. Medianer\u00eda. Condominio por confusi\u00f3n de l\u00edmite. Planeamiento territorial. Catastro. Divisi\u00f3n del suelo. Mensura.<\/p>\n<h1>\u00a0M\u00f3dulo VIII<\/h1>\n<p>_<strong>GEODESIA:<\/strong> C\u00e1lculos geod\u00e9sicos en el elipse de referencia y en el plano conforme. El sistema cartesiano global. Transformaci\u00f3n de coordenadas. Observaciones geod\u00e9sicas terrestres para el posicionamiento de puntos planim\u00e9tricos y altim\u00e9tricos. Desviaci\u00f3n relativa de la vertical. Compensaci\u00f3n en el elipsoide, en el plano conforme y de vectores en el espacio.<\/p>\n<p><strong>\u00a0_FOTOGRAMETRIA II:<\/strong> Compensaci\u00f3n de bloque de aerotrianguaciones. Precisiones. Eliminaci\u00f3n autom\u00e1tica de errores groseros. Ortograf\u00edas digitales.<\/p>\n<p><strong>_DESLINDES, LIMITE Y MENSURA<\/strong>: Teor\u00eda de l\u00edmite. Determinaci\u00f3n de l\u00edmites territoriales. Aplicaci\u00f3n territorial de los derechos reales desmembrados. Estudio de t\u00edtulos en actos de levantamiento territoriales y parcelarios. La mensura para la transferencia y\/o modificaci\u00f3n del estado dominal. La prescripci\u00f3n adquisitiva y la mensura. La subdivisi\u00f3n bajo el R\u00e9gimen de Propiedad Horizontal. Prueba pericial. La mensura judicial. Pericias y arbitrajes.<\/p>\n<p><strong>_CATASTRO:<\/strong> Registraci\u00f3n del Derecho y de la Aplicaci\u00f3n territorial del Derecho. Sistemas registrales. Sistemas Registral Argentino. El Folio Real. Levantamientos Catastrales. Apoyo geod\u00e9sico y relevamientos fotogram\u00e9tricos. Valuaci\u00f3n catastral masiva. Valores b\u00e1sicos urbanos y rurales. La base de datos catastral. Sistemas de informaci\u00f3n territorial. Legislaci\u00f3n catastral nacional y provincial.<\/p>\n<p><strong>_SISTEMAS DE INFORMACION TERRITORIAL:<\/strong> Introducci\u00f3n a la Teor\u00eda de Sistemas. Los datos geogr\u00e1ficos. La componente espacial. La componente tem\u00e1tica. Interrelaci\u00f3n. Estructura de los datos. Modelo vectorial. Modelo raster. Conversiones. Procesamiento de datos. Base de datos georreferenciados. Bases relacionados. Consulta al sistema. Aplicaciones de los sistemas de informaci\u00f3n Georreferenciados. Los Catastros Territoriales.<\/p>\n<h1>\u00a0M\u00f3dulo IX<\/h1>\n<p><strong>_TECNICAS SATELITALES:<\/strong> El sistema de Posicionamiento Global. Fundamentos. Influencia de la configuraci\u00f3n geom\u00e9trica, troposfera e ionosfera. Precisi\u00f3n de los observables. M\u00e9todos de operaci\u00f3n. Redes GPS.<\/p>\n<p><strong>\u00a0_MEDICIONES ESPECIALES:<\/strong> Limitaciones de las observaciones terrestres debidas a la verticalizaci\u00f3n del instrumento, compensadores y a la influencia atmosf\u00e9rica. Matriz de varianzas-covarianzas de observaciones terrestres compensadas y de vectores espaciales. Integraci\u00f3n de los mismos en una red. Estudio de modelos geom\u00e9tricos y estoc\u00e1sticos de redes.<\/p>\n<p><strong>\u00a0_VALUACIONES:<\/strong> Teor\u00eda del valor. Valor. Precio. Valuaci\u00f3n. Tasaci\u00f3n de terrenos urbanos, suburbanos y rurales. Valuaci\u00f3n de mejoras y edificios. Valuaci\u00f3n de servidumbres. Valuaci\u00f3n de propiedades e instalaciones industriales. Depreciaci\u00f3n. Valores intangibles. Aplicaci\u00f3n de estimadores estad\u00edsticos. Expropiaciones. Legislaci\u00f3n. Organismos. Procedimientos.<\/p>\n<p><strong>_ELECTIVA I<\/strong><\/p>\n<h1>\u00a0M\u00f3dulo X<\/h1>\n<p><strong>_OPTIMIZACION DE SISTEMAS DE GESTION:<\/strong> Gesti\u00f3n y gerenciamiento estrat\u00e9gico: Sistema de objetivos, programas y planes de acci\u00f3n. Gesti\u00f3n log\u00edstica: La cadena log\u00edstica (Supply Chain), optimizaci\u00f3n y ventaja competitiva. Gesti\u00f3n de recursos humanos: Motivaci\u00f3n, evaluaci\u00f3n, conflictos y negociaci\u00f3n. Gesti\u00f3n de conocimiento: Cadena de valor del conocimiento, modelo de gesti\u00f3n del conocimiento organizacional. Gesti\u00f3n del cambio: El modelo de gesti\u00f3n del cambio. Gesti\u00f3n de negocios: Planes de negocio y control de gesti\u00f3n.<\/p>\n<p><strong>\u00a0_ELECTIVA II<\/strong><\/p>\n<p><strong>\u00a0_ELECTIVA III<\/strong><\/p>\n<p><strong>\u00a0_PROYECTO FINAL<\/strong><\/p>\n","protected":false},"excerpt":{"rendered":"<p>M\u00f3dulo I _CALCULO I: Recta real. Desigualdades. Relaciones y funciones. Sucesiones de n\u00fameros reales. Limite. Teoremas. Continuidad. Derivaci\u00f3n. Recta tangente. Teoremas del valor medio del Calculo Diferencial. Consecuencias. Aplicaciones. Valores extremos: relativos y absolutos. Optimizaci\u00f3n. Regla de L\u2019Hopital. \u00a0_ALGEBRA Y GEOMETRIA ANALITICA: Vectores en R\u207f. Aplicaciones de vectores a la Geometr\u00eda. Recta. Plano. C\u00f3nicas: ecuaciones [&hellip;]<\/p>\n","protected":false},"author":10,"featured_media":0,"parent":0,"menu_order":0,"comment_status":"closed","ping_status":"closed","template":"","meta":[],"_links":{"self":[{"href":"https:\/\/www.facet.unt.edu.ar\/agrimensura\/wp-json\/wp\/v2\/pages\/75"}],"collection":[{"href":"https:\/\/www.facet.unt.edu.ar\/agrimensura\/wp-json\/wp\/v2\/pages"}],"about":[{"href":"https:\/\/www.facet.unt.edu.ar\/agrimensura\/wp-json\/wp\/v2\/types\/page"}],"author":[{"embeddable":true,"href":"https:\/\/www.facet.unt.edu.ar\/agrimensura\/wp-json\/wp\/v2\/users\/10"}],"replies":[{"embeddable":true,"href":"https:\/\/www.facet.unt.edu.ar\/agrimensura\/wp-json\/wp\/v2\/comments?post=75"}],"version-history":[{"count":2,"href":"https:\/\/www.facet.unt.edu.ar\/agrimensura\/wp-json\/wp\/v2\/pages\/75\/revisions"}],"predecessor-version":[{"id":368,"href":"https:\/\/www.facet.unt.edu.ar\/agrimensura\/wp-json\/wp\/v2\/pages\/75\/revisions\/368"}],"wp:attachment":[{"href":"https:\/\/www.facet.unt.edu.ar\/agrimensura\/wp-json\/wp\/v2\/media?parent=75"}],"curies":[{"name":"wp","href":"https:\/\/api.w.org\/{rel}","templated":true}]}}