{"id":199,"date":"2019-05-16T15:06:47","date_gmt":"2019-05-16T18:06:47","guid":{"rendered":"https:\/\/www.facet.unt.edu.ar\/bioingenieria\/?page_id=199"},"modified":"2019-05-20T10:22:13","modified_gmt":"2019-05-20T13:22:13","slug":"carrera-de-grado-ingenieria-biomedica","status":"publish","type":"page","link":"https:\/\/www.facet.unt.edu.ar\/bioingenieria\/carrera-de-grado-ingenieria-biomedica\/","title":{"rendered":"CARRERA DE GRADO EN INGENIER\u00cdA BIOM\u00c9DICA"},"content":{"rendered":"<p>Este\u00a0 <a href=\"https:\/\/www.facet.unt.edu.ar\/ingbiomedica\/\">link<\/a> lo llevar\u00e1 al sitio de la carrera de grado en <a href=\"https:\/\/www.facet.unt.edu.ar\/ingbiomedica\/\">Ingenier\u00eda Biom\u00e9dica<\/a><\/p>\n","protected":false},"excerpt":{"rendered":"<p>Este\u00a0 link lo llevar\u00e1 al sitio de la carrera de grado en Ingenier\u00eda Biom\u00e9dica<\/p>\n","protected":false},"author":101034,"featured_media":0,"parent":0,"menu_order":0,"comment_status":"closed","ping_status":"closed","template":"","meta":[],"_links":{"self":[{"href":"https:\/\/www.facet.unt.edu.ar\/bioingenieria\/wp-json\/wp\/v2\/pages\/199"}],"collection":[{"href":"https:\/\/www.facet.unt.edu.ar\/bioingenieria\/wp-json\/wp\/v2\/pages"}],"about":[{"href":"https:\/\/www.facet.unt.edu.ar\/bioingenieria\/wp-json\/wp\/v2\/types\/page"}],"author":[{"embeddable":true,"href":"https:\/\/www.facet.unt.edu.ar\/bioingenieria\/wp-json\/wp\/v2\/users\/101034"}],"replies":[{"embeddable":true,"href":"https:\/\/www.facet.unt.edu.ar\/bioingenieria\/wp-json\/wp\/v2\/comments?post=199"}],"version-history":[{"count":4,"href":"https:\/\/www.facet.unt.edu.ar\/bioingenieria\/wp-json\/wp\/v2\/pages\/199\/revisions"}],"predecessor-version":[{"id":205,"href":"https:\/\/www.facet.unt.edu.ar\/bioingenieria\/wp-json\/wp\/v2\/pages\/199\/revisions\/205"}],"wp:attachment":[{"href":"https:\/\/www.facet.unt.edu.ar\/bioingenieria\/wp-json\/wp\/v2\/media?parent=199"}],"curies":[{"name":"wp","href":"https:\/\/api.w.org\/{rel}","templated":true}]}}