{"id":151,"date":"2018-08-27T17:36:49","date_gmt":"2018-08-27T20:36:49","guid":{"rendered":"https:\/\/www.facet.unt.edu.ar\/cemnci\/?page_id=151"},"modified":"2018-09-04T11:42:35","modified_gmt":"2018-09-04T14:42:35","slug":"actividades","status":"publish","type":"page","link":"https:\/\/www.facet.unt.edu.ar\/cemnci\/actividades\/","title":{"rendered":"Actividades"},"content":{"rendered":"<h2><span style=\"color: #3366ff;\"><strong><u>AULA CIMNE TUCUM\u00c1N<\/u><\/strong><\/span><\/h2>\n<p><strong>L\u00edneas de investigaci\u00f3n<\/strong><\/p>\n<hr \/>\n<ul>\n<li>Mec\u00e1nica del continuo<\/li>\n<li>Modelaci\u00f3n constitutiva de hormigones y suelos<\/li>\n<li>Elasto-plasticidad basada en Teor\u00eda de Gradientes<\/li>\n<li>Mec\u00e1nica computacional de la falla localizada de materiales porosos y cohesivo-friccionales<\/li>\n<li>An\u00e1lisis computacional multiescala y multif\u00edsico de biomateriales<\/li>\n<\/ul>\n<p>&nbsp;<\/p>\n<p><strong>Carreras de postgrado dictados<\/strong><\/p>\n<hr \/>\n<ul>\n<li>Doctorado en Ciencias Exactas e Ingenier\u00eda<\/li>\n<li>Magister en M\u00e9todos Num\u00e9ricos y Computacionales en Ingenier\u00eda<\/li>\n<\/ul>\n<p><strong>\u00a0<\/strong><\/p>\n<p><strong>Defensas de Tesis Doctorales<\/strong><\/p>\n<hr \/>\n<ul>\n<li><em>Tesista: <strong>Ing. Javier Mroginski<\/strong><\/em><\/li>\n<\/ul>\n<p>T\u00edtulo: Gradient-based Poroplastic Theory<\/p>\n<p>Dirigida por el Dr. Guillermo Etse<\/p>\n<p>&nbsp;<\/p>\n<ul>\n<li><em>Tesista: <strong>Ing. Antonio Caggiano<\/strong><\/em><\/li>\n<\/ul>\n<p>T\u00edtulo: Meso-Mechanical Analysis of Steel Fiber-Reinforced Cementitious Composites<\/p>\n<p>Co-dirigida por los Dres. Guillermo Etse (UNT-Univesidad Nacional de Tucum\u00e1n) y Enzo Martinelli (UNISA-Universit\u00e1 degli Studi di Salerno)<\/p>\n<p><span style=\"color: #3366ff;\"><strong>Tesis premiada con el \u201cPhD Student Award\u201d, otorgado por la Secci\u00f3n Italiana del ACI (American Concrete Institute), conjuntamente con Federbeton (Asociacion Italiana de las Industrias del Cemento y del Concreto Armado)<\/strong><\/span><\/p>\n<p>&nbsp;<\/p>\n<ul>\n<li><em>Tesista: <strong>Ing. Carlos Ram\u00f3n Ju\u00e1rez<\/strong><\/em><\/li>\n<\/ul>\n<p>T\u00edtulo: Caracterizaci\u00f3n Diel\u00e9ctrica de Ceras de Abeja<\/p>\n<p>Dirigida por la Dra. Magdalena Mechetti (UNT-Univesidad Nacional de Tucum\u00e1n)<\/p>\n<p>&nbsp;<\/p>\n<p><strong>Realizaci\u00f3n de Proyectos Finales de Carreras de Grado<\/strong><\/p>\n<hr \/>\n<p>1- Carrera: Ingenier\u00eda Biom\u00e9dica<\/p>\n<p>Alumna: Paula Moreno Madrid<\/p>\n<p>T\u00edtulo: Reconstrucci\u00f3n de piezas \u00f3seas 3D a partir de im\u00e1genes tomogr\u00e1ficas mediante m\u00e9todos num\u00e9rico-computacionales.<\/p>\n<p>Direcci\u00f3n de Tesis: Dra. Sonia Vrech<\/p>\n<p>&nbsp;<\/p>\n<p>2- Carrera: Ingenier\u00eda Civil<\/p>\n<p>Alumno: Pablo Corbal\u00e1n<\/p>\n<p>T\u00edtulo: Simulaci\u00f3n computacional del comportamiento mec\u00e1nico no lineal del hormig\u00f3n reforzado con fibras met\u00e1licas<\/p>\n<p>Direcci\u00f3n de Tesis: Dr. Guillermo Etse<\/p>\n<p>&nbsp;<\/p>\n<p><strong>\u00a0<\/strong><\/p>\n<p><strong>Cursos de Postgrado<\/strong><\/p>\n<hr \/>\n<p>2014: <u>Mec\u00e1nica del Continuo<\/u> y <u>Teor\u00eda\u00a0General\u00a0de M\u00e9todos Computacionales en Ingenier\u00eda<\/u><\/p>\n<p>Dictados por los Dres. Guillermo Etse y Sonia Vrech<\/p>\n<p>2015: <u>Modelaci\u00f3n Constitutiva Avanzada<\/u>. <u>Indicadores de falla en Materiales Elastopl\u00e1sticos y Viscopl\u00e1sticos\u00a0 basados en Continuos Cl\u00e1sicos, Porosos y\u00a0 Micropolares<\/u><\/p>\n<p>Dictado por Dres. Guillermo Etse, Sonia Vrech y Marcela Nieto<\/p>\n<p><strong>\u00a0<\/strong><\/p>\n<p><strong>Organizaci\u00f3n de Seminarios<\/strong><\/p>\n<hr \/>\n<p>-Primeras Jornadas de Seminario de estudiantes de la carrera Doctorado en Ciencias Exactas e Ingenier\u00eda. 13 y 14 de Abril de 2015.<\/p>\n<p>Presentaci\u00f3n un total de 27 doctorandos que sometieron sus investigaciones y progresos de tesis a la discusi\u00f3n abierta y al aporte de la comunidad cient\u00edfica. Los tesistas pertenen a distintas \u00e1reas: ingenier\u00eda civil, ingenier\u00eda biom\u00e9dica, qu\u00edmica, f\u00edsica, electr\u00f3nica, hidr\u00e1ulica, etc.<\/p>\n","protected":false},"excerpt":{"rendered":"<p>AULA CIMNE TUCUM\u00c1N L\u00edneas de investigaci\u00f3n Mec\u00e1nica del continuo Modelaci\u00f3n constitutiva de hormigones y suelos Elasto-plasticidad basada en Teor\u00eda de Gradientes Mec\u00e1nica computacional de la falla localizada de materiales porosos y cohesivo-friccionales An\u00e1lisis computacional multiescala y multif\u00edsico de biomateriales &nbsp; Carreras de postgrado dictados Doctorado en Ciencias Exactas e Ingenier\u00eda Magister en M\u00e9todos Num\u00e9ricos y [&hellip;]<\/p>\n","protected":false},"author":101032,"featured_media":0,"parent":0,"menu_order":0,"comment_status":"closed","ping_status":"closed","template":"","meta":[],"_links":{"self":[{"href":"https:\/\/www.facet.unt.edu.ar\/cemnci\/wp-json\/wp\/v2\/pages\/151"}],"collection":[{"href":"https:\/\/www.facet.unt.edu.ar\/cemnci\/wp-json\/wp\/v2\/pages"}],"about":[{"href":"https:\/\/www.facet.unt.edu.ar\/cemnci\/wp-json\/wp\/v2\/types\/page"}],"author":[{"embeddable":true,"href":"https:\/\/www.facet.unt.edu.ar\/cemnci\/wp-json\/wp\/v2\/users\/101032"}],"replies":[{"embeddable":true,"href":"https:\/\/www.facet.unt.edu.ar\/cemnci\/wp-json\/wp\/v2\/comments?post=151"}],"version-history":[{"count":3,"href":"https:\/\/www.facet.unt.edu.ar\/cemnci\/wp-json\/wp\/v2\/pages\/151\/revisions"}],"predecessor-version":[{"id":166,"href":"https:\/\/www.facet.unt.edu.ar\/cemnci\/wp-json\/wp\/v2\/pages\/151\/revisions\/166"}],"wp:attachment":[{"href":"https:\/\/www.facet.unt.edu.ar\/cemnci\/wp-json\/wp\/v2\/media?parent=151"}],"curies":[{"name":"wp","href":"https:\/\/api.w.org\/{rel}","templated":true}]}}