{"id":173,"date":"2018-09-25T04:41:23","date_gmt":"2018-09-25T07:41:23","guid":{"rendered":"https:\/\/www.facet.unt.edu.ar\/cemnci\/?page_id=173"},"modified":"2018-09-25T04:41:23","modified_gmt":"2018-09-25T07:41:23","slug":"divulgacion-cientifica","status":"publish","type":"page","link":"https:\/\/www.facet.unt.edu.ar\/cemnci\/divulgacion-cientifica\/","title":{"rendered":"Divulgaci\u00f3n cient\u00edfica"},"content":{"rendered":"<p>En esta secci\u00f3n es posible acceder a las principales publicaciones en revistas cient\u00edficas, congresos nacionales e internacionales, seminarios y talleres.<\/p>\n<hr \/>\n<ol>\n<li><a href=\"https:\/\/www.facet.unt.edu.ar\/cemnci\/wp-content\/uploads\/sites\/62\/2018\/09\/2015-Microplanos.pdf\">2015 Microplanos<\/a><\/li>\n<li><a href=\"https:\/\/www.facet.unt.edu.ar\/cemnci\/wp-content\/uploads\/sites\/62\/2018\/09\/2016-RACS.pdf\">2016 RACS<\/a><\/li>\n<li><a href=\"https:\/\/www.facet.unt.edu.ar\/cemnci\/wp-content\/uploads\/sites\/62\/2018\/09\/2018-Paper.pdf\">2018 Paper<\/a><\/li>\n<li><a href=\"https:\/\/www.facet.unt.edu.ar\/cemnci\/wp-content\/uploads\/sites\/62\/2018\/09\/2015PanamVRE.pdf\">2015PanamVRE<\/a><\/li>\n<li><a href=\"https:\/\/www.facet.unt.edu.ar\/cemnci\/wp-content\/uploads\/sites\/62\/2018\/09\/2017RACSLOC.pdf\">2017RACSLOC<\/a><\/li>\n<li><a href=\"https:\/\/www.facet.unt.edu.ar\/cemnci\/wp-content\/uploads\/sites\/62\/2018\/09\/2011Paper.pdf\">2011Paper<\/a><\/li>\n<li><a href=\"https:\/\/www.facet.unt.edu.ar\/cemnci\/wp-content\/uploads\/sites\/62\/2018\/09\/2016-whisker.pdf\">2016-whisker<\/a><\/li>\n<li><a href=\"https:\/\/www.facet.unt.edu.ar\/cemnci\/wp-content\/uploads\/sites\/62\/2018\/09\/2015PanamVCE.pdf\">2015PanamVCE<\/a><\/li>\n<\/ol>\n","protected":false},"excerpt":{"rendered":"<p>En esta secci\u00f3n es posible acceder a las principales publicaciones en revistas cient\u00edficas, congresos nacionales e internacionales, seminarios y talleres. 2015 Microplanos 2016 RACS 2018 Paper 2015PanamVRE 2017RACSLOC 2011Paper 2016-whisker 2015PanamVCE<\/p>\n","protected":false},"author":101032,"featured_media":0,"parent":0,"menu_order":0,"comment_status":"closed","ping_status":"closed","template":"","meta":[],"_links":{"self":[{"href":"https:\/\/www.facet.unt.edu.ar\/cemnci\/wp-json\/wp\/v2\/pages\/173"}],"collection":[{"href":"https:\/\/www.facet.unt.edu.ar\/cemnci\/wp-json\/wp\/v2\/pages"}],"about":[{"href":"https:\/\/www.facet.unt.edu.ar\/cemnci\/wp-json\/wp\/v2\/types\/page"}],"author":[{"embeddable":true,"href":"https:\/\/www.facet.unt.edu.ar\/cemnci\/wp-json\/wp\/v2\/users\/101032"}],"replies":[{"embeddable":true,"href":"https:\/\/www.facet.unt.edu.ar\/cemnci\/wp-json\/wp\/v2\/comments?post=173"}],"version-history":[{"count":2,"href":"https:\/\/www.facet.unt.edu.ar\/cemnci\/wp-json\/wp\/v2\/pages\/173\/revisions"}],"predecessor-version":[{"id":183,"href":"https:\/\/www.facet.unt.edu.ar\/cemnci\/wp-json\/wp\/v2\/pages\/173\/revisions\/183"}],"wp:attachment":[{"href":"https:\/\/www.facet.unt.edu.ar\/cemnci\/wp-json\/wp\/v2\/media?parent=173"}],"curies":[{"name":"wp","href":"https:\/\/api.w.org\/{rel}","templated":true}]}}