{"id":1443,"date":"2025-05-04T02:18:07","date_gmt":"2025-05-04T05:18:07","guid":{"rendered":"https:\/\/www.facet.unt.edu.ar\/cic\/?page_id=1443"},"modified":"2026-03-26T11:35:30","modified_gmt":"2026-03-26T14:35:30","slug":"becas","status":"publish","type":"page","link":"https:\/\/www.facet.unt.edu.ar\/cic\/becas\/","title":{"rendered":"BECAS, CONCURSOS Y CONVENIOS"},"content":{"rendered":"<div dir=\"auto\">\n<h4><span style=\"text-decoration: underline;\">CONCURSO NACIONAL MEJORES TESIS DE INGENIER\u00cdA 2026 &#8211; INVAP<\/span><\/h4>\n<\/div>\n<div dir=\"auto\"><span class=\"html-span xexx8yu xyri2b x18d9i69 x1c1uobl x1hl2dhg x16tdsg8 x1vvkbs x3nfvp2 x1j61x8r x1fcty0u xdj266r xat24cr xm2jcoa x1mpyi22 xxymvpz xlup9mm x1kky2od\">Se<\/span> lanz\u00f3 la 4\u00b0 Edici\u00f3n del Concurso a las Mejores Tesis de Ingenier\u00eda del pa\u00eds.<\/div>\n<div dir=\"auto\">Entr\u00e1 a la web <span class=\"html-span xdj266r x14z9mp xat24cr x1lziwak xexx8yu xyri2b x18d9i69 x1c1uobl x1hl2dhg x16tdsg8 x1vvkbs\"><a class=\"x1i10hfl xjbqb8w x1ejq31n x18oe1m7 x1sy0etr xstzfhl x972fbf x10w94by x1qhh985 x14e42zd x9f619 x1ypdohk xt0psk2 x3ct3a4 xdj266r x14z9mp xat24cr x1lziwak xexx8yu xyri2b x18d9i69 x1c1uobl x16tdsg8 x1hl2dhg xggy1nq x1a2a7pz xkrqix3 x1sur9pj x1fey0fg x1s688f\" tabindex=\"0\" role=\"link\" href=\"http:\/\/invap.com.ar\/concursotesis\" target=\"_blank\" rel=\"nofollow noopener noreferrer\">invap.com.ar\/concursotesis<\/a><\/span>\u00a0y revis\u00e1 las bases y condiciones.<\/div>\n<div dir=\"auto\"><span class=\"html-span xexx8yu xyri2b x18d9i69 x1c1uobl x1hl2dhg x16tdsg8 x1vvkbs x3nfvp2 x1j61x8r x1fcty0u xdj266r xat24cr xm2jcoa x1mpyi22 xxymvpz xlup9mm x1kky2od\"><img decoding=\"async\" loading=\"lazy\" class=\"xz74otr x15mokao x1ga7v0g x16uus16 xbiv7yw\" src=\"https:\/\/static.xx.fbcdn.net\/images\/emoji.php\/v9\/t33\/1\/16\/2705.png\" alt=\"\u2705\" width=\"16\" height=\"16\" \/><\/span> Ten\u00e9s tiempo para postularte hasta el 29 de mayo.<\/div>\n<div dir=\"auto\"><span class=\"html-span xexx8yu xyri2b x18d9i69 x1c1uobl x1hl2dhg x16tdsg8 x1vvkbs x3nfvp2 x1j61x8r x1fcty0u xdj266r xat24cr xm2jcoa x1mpyi22 xxymvpz xlup9mm x1kky2od\"><img decoding=\"async\" loading=\"lazy\" class=\"xz74otr x15mokao x1ga7v0g x16uus16 xbiv7yw\" src=\"https:\/\/static.xx.fbcdn.net\/images\/emoji.php\/v9\/t33\/1\/16\/2705.png\" alt=\"\u2705\" width=\"16\" height=\"16\" \/><\/span> Participan tesis de Grado, Posgrado y Doctorado.<\/div>\n<div dir=\"auto\"><span class=\"html-span xexx8yu xyri2b x18d9i69 x1c1uobl x1hl2dhg x16tdsg8 x1vvkbs x3nfvp2 x1j61x8r x1fcty0u xdj266r xat24cr xm2jcoa x1mpyi22 xxymvpz xlup9mm x1kky2od\"><img decoding=\"async\" loading=\"lazy\" class=\"xz74otr x15mokao x1ga7v0g x16uus16 xbiv7yw\" src=\"https:\/\/static.xx.fbcdn.net\/images\/emoji.php\/v9\/t33\/1\/16\/2705.png\" alt=\"\u2705\" width=\"16\" height=\"16\" \/><\/span> Las tesis deben responder a una pregunta que tienda a resolver un problema de ingenier\u00eda.<\/div>\n<div dir=\"auto\"><span class=\"html-span xexx8yu xyri2b x18d9i69 x1c1uobl x1hl2dhg x16tdsg8 x1vvkbs x3nfvp2 x1j61x8r x1fcty0u xdj266r xat24cr xm2jcoa x1mpyi22 xxymvpz xlup9mm x1kky2od\"><img decoding=\"async\" loading=\"lazy\" class=\"xz74otr x15mokao x1ga7v0g x16uus16 xbiv7yw\" src=\"https:\/\/static.xx.fbcdn.net\/images\/emoji.php\/v9\/t33\/1\/16\/2705.png\" alt=\"\u2705\" width=\"16\" height=\"16\" \/><\/span> Se deber\u00e1 incluir un aval institucional.<\/div>\n<p><a href=\"https:\/\/www.facet.unt.edu.ar\/cic\/wp-content\/uploads\/sites\/25\/2026\/03\/invap.png\"><img decoding=\"async\" loading=\"lazy\" class=\"alignnone size-full wp-image-1546\" src=\"https:\/\/www.facet.unt.edu.ar\/cic\/wp-content\/uploads\/sites\/25\/2026\/03\/invap.png\" alt=\"\" width=\"424\" height=\"273\" \/><\/a><\/p>\n<hr \/>\n<h4><span style=\"text-decoration: underline;\">BECAS DE LA CONSTRUCCI\u00d3N &#8211; CAMARCO (A\u00d1O 2026)<\/span><\/h4>\n<p>Hasta el 22 de marzo, se encuentra abierta la inscripci\u00f3n a una nueva edici\u00f3n de las &#8220;Becas de la Construcci\u00f3n&#8221;, destinadas a estudiantes de la carrera de Ingenier\u00eda Civil de todas las universidades p\u00fablicas del pa\u00eds.<\/p>\n<p>Formulario de inscripci\u00f3n <a href=\"https:\/\/docs.google.com\/forms\/d\/e\/1FAIpQLSc-UXyOvyo9KM3OmcEcatp_RcaT_qSgPm8KEkEDxpGesOUS1A\/viewform\">AQU\u00cd.<\/a><\/p>\n<p>Para m\u00e1s informaci\u00f3n ingresar al sitio web de la CAMARCO.<\/p>\n<p><a href=\"https:\/\/www.facet.unt.edu.ar\/cic\/wp-content\/uploads\/sites\/25\/2026\/03\/Becas-de-la-construccion.jpeg\"><img decoding=\"async\" loading=\"lazy\" class=\"alignnone size-full wp-image-1534\" src=\"https:\/\/www.facet.unt.edu.ar\/cic\/wp-content\/uploads\/sites\/25\/2026\/03\/Becas-de-la-construccion.jpeg\" alt=\"\" width=\"424\" height=\"267\" \/><\/a><\/p>\n<hr \/>\n<h4><span style=\"text-decoration: underline;\">8\u00b0 CONGRESO ARGENTINO DE INGENIER\u00cdA y 14\u00b0 CONGRESO ARGENTINO DE ENSE\u00d1ANZA DE LA INGENIER\u00cdA (CADI CAEDI 2026)<\/span><\/h4>\n<p>Hasta el 17 de abril est\u00e1 abierta la recepci\u00f3n de trabajos para el 8\u00b0 Congreso Argentino de Ingenier\u00eda y el 14\u00b0 Congreso Argentino de Ense\u00f1anza de la Ingenier\u00eda (CADI CAEDI 2026).<\/p>\n<p>Organizado por el\u00a0Confedi\u00a0junto al\u00a0Consejo de Decanos de Ingenier\u00eda del Noroeste Argentino (CODINOA), el Congreso se realizar\u00e1 del\u00a023 al 25 de septiembre de 2026\u00a0en la\u00a0Facultad de Tecnolog\u00eda y Ciencias Aplicadas de la Universidad Nacional de Catamarca,\u00a0bajo el lema\u00a0\u201cIngenier\u00eda e Innovaci\u00f3n desde la Identidad del Territorio\u201d.<\/p>\n<p>Para m\u00e1s informaci\u00f3n, click <a href=\"https:\/\/confedi.org.ar\/cadi\/edicion-2026?utm_source=brevo&amp;utm_campaign=Newsletter%20Confedi%20marzo&amp;utm_medium=email\">AQU\u00cd<\/a><\/p>\n<h4><a href=\"https:\/\/www.facet.unt.edu.ar\/cic\/wp-content\/uploads\/sites\/25\/2026\/03\/imagen.png\"><img decoding=\"async\" loading=\"lazy\" class=\"alignnone wp-image-1528\" src=\"https:\/\/www.facet.unt.edu.ar\/cic\/wp-content\/uploads\/sites\/25\/2026\/03\/imagen.png\" alt=\"\" width=\"316\" height=\"313\" \/><\/a><\/h4>\n<hr \/>\n<h4><\/h4>\n<h4><span style=\"text-decoration: underline;\"><span style=\"text-decoration: underline;\">BECAS ESTUDIANTILES DE INVESTIGACI\u00d3N (BEI) 2025<\/span><\/span><\/h4>\n<p>La SCAIT anuncia que el inicio de la Convocatoria 2025 de las Becas Estudiantiles de Investigaci\u00f3n (BEI) con fecha Jueves 16\/10\/2025.<\/p>\n<p>Las becas est\u00e1n dirigidas a estudiantes de carreras de pregrado y grado de las Unidades Acad\u00e9micas de la UNT y de la Escuela de Cine.<br \/>\n<strong>El beneficio tiene una duraci\u00f3n de 12 meses<\/strong> y te permitir\u00e1 incorporarte a un grupo de trabajo de un proyecto de investigaci\u00f3n en curso.<\/p>\n<p><i>&#8211; Modalidades de Beca:<br \/>\n<\/i><br \/>\n<span style=\"text-decoration: underline;\"><strong>BEI Tipo A (Grado):<\/strong><\/span> Para estudiantes de carreras de grado con al menos el 60 % de las asignaturas aprobadas.<br \/>\n<strong><span style=\"text-decoration: underline;\">BEI Tipo B (Pregrado):<\/span><\/strong> Para estudiantes de carreras de pregrado con al menos el 50 % de las asignaturas aprobadas.<\/p>\n<p><i>Otros Requisitos:<br \/>\n<\/i>\u2013 En ambos casos, deber\u00e1s ser alumno regular y tener un promedio m\u00ednimo de seis (6) puntos (incluyendo aplazos).<br \/>\n\u2013 No podr\u00e1s postularte si ya has recibido una BEI en convocatorias anteriores.<br \/>\n\u2013 No pueden postularse estudiantes que tengan en tr\u00e1mite el t\u00edtulo de la carrera con la que se presentan a esta convocatoria.<\/p>\n<p><i>Informaci\u00f3n relevante para la postulaci\u00f3n:<br \/>\n<\/i>El sistema estar\u00e1 habilitado para la carga de solicitudes desde el Jueves 16\/10 a las 00:00 hs hasta el Jueves 30\/10\/2025 a las 23:59 hs.<\/p>\n<p>Para m\u00e1s informaci\u00f3n, click <a href=\"https:\/\/scait.ct.unt.edu.ar\/convocatoria-2025-de-las-becas-estudiantiles-de-investigacion-bei\/\">AQU\u00cd<\/a><\/p>\n<div><\/div>\n<div>\n<hr \/>\n<\/div>\n<div><\/div>\n<h4><span style=\"text-decoration: underline;\">PREMIO INGENIER\u00cdA DEL TRANSPORTE &#8220;ING. JUSTINIANO ALLENDE POSSE&#8221;<\/span><\/h4>\n<div>\n<p>Se invita a la <b>I Edici\u00f3n del Premio Est\u00edmulo a Graduados en Ingenier\u00eda del Transporte \u201cIng. Justiniano Allende Posse\u201d<\/b>, instituido por la Academia Nacional de Ingenier\u00eda por iniciativa de su Instituto del Transporte.<\/p>\n<p>Considerando que esta es la primera convocatoria de este premio bianual y que la FaCET puede requerir de un tiempo adicional para la selecci\u00f3n interna del trabajo a postular, el Jurado ha considerado oportuno ofrecer una pr\u00f3rroga del plazo de presentaci\u00f3n hasta el <b>19 de septiembre de 2025<\/b>.<\/p>\n<\/div>\n<div><\/div>\n<div>FORMULARIO PARA REALIZAR PRESENTACIONES: <a href=\"https:\/\/forms.gle\/hwo5Z1H9Fb7XMSxQ9\" target=\"_blank\" rel=\"noopener noreferrer\" data-saferedirecturl=\"https:\/\/www.google.com\/url?q=https:\/\/forms.gle\/hwo5Z1H9Fb7XMSxQ9&amp;source=gmail&amp;ust=1757023724940000&amp;usg=AOvVaw3pOWyksqAEsbr3mshjt3BD\">https:\/\/forms.<wbr \/>gle\/hwo5Z1H9Fb7XMSxQ9<\/a><br \/>\nFLYER, BASES Y CONDICIONES: <a href=\"https:\/\/drive.google.com\/file\/d\/1sA_EPwBMlRj2RKpSXrLS2r983Q6V8h4k\/view?usp=sharing\">AQU\u00cd<\/a><\/div>\n<div>\n<p><span style=\"text-decoration: underline;\">Responsable:<\/span><br \/>\n<em>Ing. Roberto Agosta\u00a0<\/em><br \/>\n<em>Presidente del Jurado del Premio\u00a0<\/em><\/p>\n<div><em>Director del Instituto del Transporte<\/em><\/div>\n<div style=\"text-align: right;\">2025-09-03<\/div>\n<\/div>\n<div><\/div>\n<div>\n<hr \/>\n<\/div>\n<div><\/div>\n<h4><span style=\"text-decoration: underline; color: #000000;\">FACET y la EMPRESA <span class=\"il\">YMAD<\/span>\u00a0sellan un acuerdo clave para la formaci\u00f3n de futuros ingenieros<\/span><\/h4>\n<p><i>El convenio incluye pasant\u00edas, pr\u00e1cticas profesionales y cooperaci\u00f3n en investigaci\u00f3n, desarrollo e innovaci\u00f3n, con foco en miner\u00eda responsable y cuidado ambiental.<\/i><\/p>\n<p>La Facultad de Ciencias Exactas y Tecnolog\u00eda (FACET) de la Universidad Nacional de Tucum\u00e1n (UNT) y la empresa Yacimientos Mineros de Agua de Dionisio (<span class=\"il\">YMAD<\/span>) concretaron la firma de un acta espec\u00edfica que regula las pasant\u00edas y pr\u00e1cticas profesionales supervisadas de estudiantes de la FACET.<\/p>\n<p>El acuerdo fue suscrito por el rector de la UNT, Ing. Sergio Jos\u00e9 Pagani, y el presidente de\u00a0<span class=\"il\">YMAD<\/span>, Sr. Fernando Miguel Jalil. Adem\u00e1s de habilitar instancias de formaci\u00f3n pr\u00e1ctica en la empresa, el convenio establece un marco de cooperaci\u00f3n mutua que incluye el intercambio de informaci\u00f3n cient\u00edfica y tecnol\u00f3gica, el desarrollo de nuevos conocimientos y la creaci\u00f3n y aplicaci\u00f3n de tecnolog\u00edas en diversas \u00e1reas de inter\u00e9s com\u00fan.<\/p>\n<p>Entre los puntos destacados del convenio se prev\u00e9:<br \/>\n\u2022 Realizaci\u00f3n de pasant\u00edas y pr\u00e1cticas profesionales supervisadas para estudiantes de la FACET.<br \/>\n\u2022 Desarrollo de proyectos conjuntos de investigaci\u00f3n, innovaci\u00f3n y servicios.<br \/>\n\u2022 Asignaci\u00f3n de recursos humanos, t\u00e9cnicos y de infraestructura para el cumplimiento de los objetivos acordados.<br \/>\n\u2022 Enfoque en miner\u00eda responsable, optimizaci\u00f3n de procesos y cuidado del ambiente.<br \/>\n\u2022 Vigencia inicial de dos a\u00f1os, con renovaci\u00f3n autom\u00e1tica salvo aviso previo de alguna de las partes.<\/p>\n<p>Este acuerdo, largamente esperado por ambas instituciones, fortalece la vinculaci\u00f3n acad\u00e9mica con el sector productivo y abre nuevas oportunidades para que los futuros ingenieros puedan aplicar sus conocimientos en un entorno real de trabajo, aportando a proyectos de alto impacto tecnol\u00f3gico y social.<\/p>\n<hr \/>\n<p>&nbsp;<\/p>\n<h4><span style=\"text-decoration: underline;\">UNIVERSIDAD DE SALERNO &#8211; CONVOCATORIA 2025<\/span><\/h4>\n<p><i>El \u00c1rea de Relaciones Internacionales de la FACET<\/i>\u00a0informa que se encuentra abierta la Convocatoria 2025 a postulaciones de estudiantes de Ing. Civil, Electr\u00f3nica, Industrial, Mec\u00e1nica y Qu\u00edmica de la FACET, que ya hayan finalizado el 4to a\u00f1o y quieran completar su Carrera en la Universidad de\u00a0<span class=\"il\">Salerno<\/span>\u00a0(UniSa), Italia.<\/p>\n<p>El tiempo necesario en UniSa es de un a\u00f1o para realizar los cursos y medio a\u00f1o aproximadamente para la tesina.<\/p>\n<p>Fecha de apertura de la Inscripci\u00f3n: lunes 5 de mayo de 2025<br \/>\nFecha de cierre de la Inscripci\u00f3n: lunes 26 de mayo de 2025<\/p>\n<p>Se adjunta el documento referido a la Convocatoria 2025:<\/p>\n<p>https:\/\/www.facet.unt.edu.ar\/facetinforma\/wp-content\/uploads\/sites\/9\/2025\/05\/Convocatoria-Salerno-2025.pdf<\/p>\n<p><a href=\"https:\/\/www.facet.unt.edu.ar\/facetinforma\/wp-content\/uploads\/sites\/9\/2025\/05\/Convocatoria-Salerno-2025.pdf\">VER LA CONVOCATORIA<\/a><\/p>\n<p>&nbsp;<\/p>\n<hr \/>\n<p>&nbsp;<\/p>\n<h4><span style=\"text-decoration: underline;\">CONCURSO ASOCIACI\u00d3N DE INGENIEROS ESTRUCTURALES (AIE)<\/span><\/h4>\n<blockquote class=\"wp-embedded-content\" data-secret=\"Z2XRbaNUhR\"><p><a href=\"https:\/\/aiearg.org.ar\/concurso-aie-4\/\">Concurso AIE<\/a><\/p><\/blockquote>\n<p><iframe class=\"wp-embedded-content\" sandbox=\"allow-scripts\" security=\"restricted\" style=\"position: absolute; clip: rect(1px, 1px, 1px, 1px);\" title=\"\u00abConcurso AIE\u00bb \u2014 AIE - Asociaci\u00f3n de Ingenieros Estructurales\" src=\"https:\/\/aiearg.org.ar\/concurso-aie-4\/embed\/#?secret=abRBvJ2g3K#?secret=Z2XRbaNUhR\" data-secret=\"Z2XRbaNUhR\" width=\"600\" height=\"338\" frameborder=\"0\" marginwidth=\"0\" marginheight=\"0\" scrolling=\"no\"><\/iframe><\/p>\n<h4><a href=\"https:\/\/aiearg.org.ar\/concurso-aie-4\/?utm_source=email_marketing&amp;utm_admin=104498&amp;utm_medium=email&amp;utm_campaign=News_Lunes_de_mayo_de_AIE\">LINK HACIA EL SITIO &#8211; CLICK AQU\u00cd<\/a><\/h4>\n<p>&nbsp;<\/p>\n<p>&nbsp;<\/p>\n<h4><span style=\"text-decoration: underline;\">BECA UNIVERSIDAD DE BIBERACH &#8211; ALEMANIA<\/span><\/h4>\n<h5>Convocatoria 2025 para Becas del Programa de Cooperaci\u00f3n Internacional en Formaci\u00f3n Acad\u00e9mica<\/h5>\n<p>El\u00a0\u00c1rea de Relaciones Internacionales de la FACET\u00a0informa que se encuentra abierta la Convocatoria 2025 a la postulaci\u00f3n de estudiantes de Ingenier\u00eda para la obtenci\u00f3n de dos (2) Becas del Programa de Cooperaci\u00f3n Internacional en Formaci\u00f3n Acad\u00e9mica (ISAP), con el fin de realizar estudios en la Universidad de Ciencias Aplicadas de Biberach, Alemania, entre septiembre de 2025 y agosto de 2026 (dos semestres). Estas becas est\u00e1n destinadas a alumnos de las carreras de Ing. Civil, Industrial, El\u00e9ctrica, Electr\u00f3nica, Mec\u00e1nica, Qu\u00edmica y Biom\u00e9dica, que se encuentren con su tercer a\u00f1o aprobado.<\/p>\n<p dir=\"ltr\">Fecha de apertura y cierre de Inscripci\u00f3n<\/p>\n<p dir=\"ltr\">&#8211; Apertura de la Inscripci\u00f3n: martes 25 de marzo de 2025<\/p>\n<p dir=\"ltr\">&#8211; Cierre de la Inscripci\u00f3n: lunes 5 de mayo de 2025<\/p>\n<ul>\n<li dir=\"ltr\"><a href=\"https:\/\/drive.google.com\/drive\/folders\/1chP0d-1cHVTAw_ahrGxCGefEAyA3cKcJ\">Formulario HBC Learning_Agreement<\/a><\/li>\n<li dir=\"ltr\"><a href=\"https:\/\/drive.google.com\/drive\/folders\/1chP0d-1cHVTAw_ahrGxCGefEAyA3cKcJ\">Convocatoria 2025 (m\u00e1s informaci\u00f3n)<\/a><\/li>\n<\/ul>\n","protected":false},"excerpt":{"rendered":"<p>CONCURSO NACIONAL MEJORES TESIS DE INGENIER\u00cdA 2026 &#8211; INVAP Se lanz\u00f3 la 4\u00b0 Edici\u00f3n del Concurso a las Mejores Tesis de Ingenier\u00eda del pa\u00eds. Entr\u00e1 a la web invap.com.ar\/concursotesis\u00a0y revis\u00e1 las bases y condiciones. Ten\u00e9s tiempo para postularte hasta el 29 de mayo. Participan tesis de Grado, Posgrado y Doctorado. Las tesis deben responder a [&hellip;]<\/p>\n","protected":false},"author":123522,"featured_media":0,"parent":0,"menu_order":0,"comment_status":"closed","ping_status":"closed","template":"","meta":[],"_links":{"self":[{"href":"https:\/\/www.facet.unt.edu.ar\/cic\/wp-json\/wp\/v2\/pages\/1443"}],"collection":[{"href":"https:\/\/www.facet.unt.edu.ar\/cic\/wp-json\/wp\/v2\/pages"}],"about":[{"href":"https:\/\/www.facet.unt.edu.ar\/cic\/wp-json\/wp\/v2\/types\/page"}],"author":[{"embeddable":true,"href":"https:\/\/www.facet.unt.edu.ar\/cic\/wp-json\/wp\/v2\/users\/123522"}],"replies":[{"embeddable":true,"href":"https:\/\/www.facet.unt.edu.ar\/cic\/wp-json\/wp\/v2\/comments?post=1443"}],"version-history":[{"count":17,"href":"https:\/\/www.facet.unt.edu.ar\/cic\/wp-json\/wp\/v2\/pages\/1443\/revisions"}],"predecessor-version":[{"id":1547,"href":"https:\/\/www.facet.unt.edu.ar\/cic\/wp-json\/wp\/v2\/pages\/1443\/revisions\/1547"}],"wp:attachment":[{"href":"https:\/\/www.facet.unt.edu.ar\/cic\/wp-json\/wp\/v2\/media?parent=1443"}],"curies":[{"name":"wp","href":"https:\/\/api.w.org\/{rel}","templated":true}]}}