{"id":236,"date":"2015-03-06T18:53:49","date_gmt":"2015-03-06T21:53:49","guid":{"rendered":"https:\/\/www.facet.unt.edu.ar\/cic\/?page_id=236"},"modified":"2015-03-08T04:13:32","modified_gmt":"2015-03-08T07:13:32","slug":"algebra-y-geometria-analitica","status":"publish","type":"page","link":"https:\/\/www.facet.unt.edu.ar\/cic\/asignaturas\/algebra-y-geometria-analitica\/","title":{"rendered":"ALGEBRA Y GEOMETR\u00cdA ANAL\u00cdTICA"},"content":{"rendered":"<div align=\"justify\"><strong><span style=\"font-family: verdana,geneva\">OBJETIVOS:<\/span><\/strong><\/div>\n<div align=\"justify\"><span style=\"font-family: verdana,geneva\"><strong>\u00a0<\/strong><\/span><\/div>\n<div style=\"padding-left: 30px\" align=\"justify\"><span style=\"font-family: verdana,geneva\">Que el alumno: Adquiera habilidad en el manejo de vectores en Rn, estudie c\u00f3nicas, deduzca sus propiedades, identifique y grafique l\u00edneas y superficies en R3, adquiera competencias sobre los n\u00fameros complejos y sus aplicaciones en problemas de ingenier\u00eda.<\/span><\/div>\n<div style=\"padding-left: 30px\" align=\"justify\"><span style=\"font-family: verdana,geneva\">\u00a0<\/span><\/div>\n<div style=\"padding-left: 30px\" align=\"justify\"><span style=\"font-family: verdana,geneva\">Carga horaria: 96 horas<\/span><\/div>\n<div style=\"padding-left: 30px\" align=\"justify\"><span style=\"font-family: verdana,geneva\">Horas total dedicada a problemas de aplicaci\u00f3n: 32<\/span><\/div>\n<div align=\"justify\"><span style=\"font-family: verdana,geneva\"><strong>\u00a0<\/strong><\/span><\/div>\n<div align=\"justify\"><span style=\"font-family: verdana,geneva\"><strong>CONTENIDOS:<\/strong><\/span><\/div>\n<div align=\"justify\"><span style=\"font-family: verdana,geneva\"><strong>\u00a0<\/strong><\/span><\/div>\n<div style=\"padding-left: 30px\" align=\"justify\"><span style=\"font-family: verdana,geneva\"><strong>UNIDAD TEMATICA 1: VECTORES<\/strong><\/span><\/div>\n<div style=\"padding-left: 30px\" align=\"justify\"><span style=\"font-family: verdana,geneva\">Vectores en Rn : Definici\u00f3n. Igualdad. Suma. Producto por un escalar. Propiedades. Producto escalar. Paralelismo. Ortogonalidad. Norma o m\u00f3dulo. \u00c1ngulo entre vectores. Proyecci\u00f3n vectorial ortogonal y Proyecci\u00f3n escalar. Producto vectorial. Doble producto mixto. Propiedades<\/span><\/div>\n<div style=\"padding-left: 30px\" align=\"justify\"><span style=\"font-family: verdana,geneva\"><strong>\u00a0<\/strong><\/span><\/div>\n<div style=\"padding-left: 30px\" align=\"justify\"><span style=\"font-family: verdana,geneva\"><strong>UNIDAD TEMATICA 2: APLICACIONES DE VECTORES<\/strong><\/span><\/div>\n<div style=\"padding-left: 30px\" align=\"justify\"><span style=\"font-family: verdana,geneva\">Aplicaciones de Vectores a la Geometr\u00eda Anal\u00edtica: Ecuaciones vectorial, param\u00e9tricas y cartesianas de la recta. Recta por dos puntos. Ecuaci\u00f3n general y<\/span><\/div>\n<div style=\"padding-left: 30px\" align=\"justify\"><span style=\"font-family: verdana,geneva\">segmentaria de la recta en R2. \u00c1ngulo entre dos rectas. Paralelismo y ortogonalidad de rectas. Ecuaci\u00f3n vectorial y cartesiana del plano. Paralelismo y ortogonalidad de<\/span><\/div>\n<div style=\"padding-left: 30px\" align=\"justify\"><span style=\"font-family: verdana,geneva\">planos. Paralelismo y ortogonalidad entre rectas y planos. Distancias<\/span><\/div>\n<div style=\"padding-left: 30px\" align=\"justify\"><span style=\"font-family: verdana,geneva\"><strong>\u00a0<\/strong><\/span><\/div>\n<div style=\"padding-left: 30px\" align=\"justify\"><span style=\"font-family: verdana,geneva\"><strong>UNIDAD TEMATICA 3: C\u00d3NICAS<\/strong><\/span><\/div>\n<div style=\"padding-left: 30px\" align=\"justify\"><span style=\"font-family: verdana,geneva\">C\u00f3nicas: Circunferencia \u2013 Elipse \u2013 Hip\u00e9rbola \u2013 Par\u00e1bola. Definici\u00f3n. Ecuaci\u00f3n Can\u00f3nica y General de c\u00f3nicas con ejes paralelos a los coordenados. Propiedades de las c\u00f3nicas. Recta Tangente a una c\u00f3nica. Regla del desdoblamiento<\/span><\/div>\n<div style=\"padding-left: 30px\" align=\"justify\"><span style=\"font-family: verdana,geneva\"><strong>\u00a0<\/strong><\/span><\/div>\n<div style=\"padding-left: 30px\" align=\"justify\"><span style=\"font-family: verdana,geneva\"><strong>UNIDAD TEMATICA 4: SUPERFICIE Y L\u00cdNEA VECTORES<\/strong><\/span><\/div>\n<div style=\"padding-left: 30px\" align=\"justify\"><span style=\"font-family: verdana,geneva\">Superficie y L\u00ednea: Definici\u00f3n. Superficies C\u00f3nicas. Superficies Cil\u00edndricas. Cu\u00e1dricas: Superficies Esf\u00e9ricas \u2013 Elipsoide \u2013 Hiperboloides de una hoja y de dos hojas \u2013 Paraboloides<\/span><\/div>\n<div style=\"padding-left: 30px\" align=\"justify\"><span style=\"font-family: verdana,geneva\"><strong>\u00a0<\/strong><\/span><\/div>\n<div style=\"padding-left: 30px\" align=\"justify\"><span style=\"font-family: verdana,geneva\"><strong>UNIDAD TEMATICA 5: N\u00daMEROS COMPLEJOS<\/strong><\/span><\/div>\n<div style=\"padding-left: 30px\" align=\"justify\"><span style=\"font-family: verdana,geneva\">N\u00fameros Complejos: \u00a0Definici\u00f3n. \u00a0Operaciones. Propiedades. \u00a0Forma bin\u00f3mica. Conjugado. Propiedades. M\u00f3dulo. Propiedades. Forma Polar. Potencia y Radicaci\u00f3n<\/span><\/div>\n<div style=\"padding-left: 30px\" align=\"justify\"><span style=\"font-family: verdana,geneva\">de n\u00fameros complejos. Forma Exponencial<\/span><\/div>\n<div align=\"justify\"><span style=\"font-family: verdana,geneva\"><strong>\u00a0<\/strong><\/span><\/div>\n<div align=\"justify\"><span style=\"font-family: verdana,geneva\"><strong>DESCRIPCI\u00d3N ANAL\u00cdTICA DE LAS ACTIVIDADES TE\u00d3RICAS Y PR\u00c1CTICAS:<\/strong><\/span><\/div>\n<div align=\"justify\"><span style=\"font-family: verdana,geneva\"><strong>\u00a0<\/strong><\/span><\/div>\n<div style=\"padding-left: 30px\" align=\"justify\"><span style=\"font-family: verdana,geneva\">CLASE TE\u00d3RICO PR\u00c1CTICAS: Se desarrollan los aspectos te\u00f3ricos necesarios y se Resuelven problemas de aplicaci\u00f3n de cada tema.<\/span><\/div>\n<div style=\"padding-left: 30px\" align=\"justify\"><span style=\"font-family: verdana,geneva\">CLASES PR\u00c1CTICAS: EL alumno trabaja con material impreso, suministrado por el personal a cargo de la asignatura, con el que se pretende que logren afianzar los<\/span><\/div>\n<div style=\"padding-left: 30px\" align=\"justify\"><span style=\"font-family: verdana,geneva\">conceptos nuevos adquiridos. Este material es una cartilla con los problemas a<\/span><\/div>\n<div style=\"padding-left: 30px\" align=\"justify\"><span style=\"font-family: verdana,geneva\">desarrollar \u00a0en \u00a0las \u00a0clases \u00a0pr\u00e1cticas \u00a0y \u00a0problemas \u00a0adicionales \u00a0a \u00a0resolver \u00a0por \u00a0el alumno en forma aut\u00f3noma y que luego podr\u00e1 discutir en los horarios de consulta.<\/span><\/div>\n<div style=\"padding-left: 30px\" align=\"justify\"><span style=\"font-family: verdana,geneva\">Las clases pr\u00e1cticas son obligatorias.<\/span><\/div>\n<div style=\"padding-left: 30px\" align=\"justify\"><span style=\"font-family: verdana,geneva\">Las clases de consultas se organizan encuentros en horarios extra clase con el objetivo que el alumno pueda disipar dudas de aspectos te\u00f3ricos y pr\u00e1cticos.<\/span><\/div>\n<div style=\"padding-left: 30px\" align=\"justify\"><span style=\"font-family: verdana,geneva\">El alumno dispone de material impreso donde consta el programa anal\u00edtico, r\u00e9gimen de aprobaci\u00f3n, docentes que participan en el dictado. Se usa para la ense\u00f1anza tiza y pizarr\u00f3n.<\/span><\/div>\n<div align=\"justify\"><span style=\"font-family: verdana,geneva\"><strong>\u00a0<\/strong><\/span><\/div>\n<div align=\"justify\"><span style=\"font-family: verdana,geneva\"><strong>BIBLIOGRAF\u00cdA:<\/strong><\/span><\/div>\n<div align=\"justify\"><span style=\"font-family: verdana,geneva\"><strong>\u00a0<\/strong><\/span><\/div>\n<div style=\"padding-left: 30px\" align=\"justify\"><span style=\"font-family: verdana,geneva\">Geometr\u00eda Anal\u00edtica del Plano y del Espacio y Nomograf\u00eda &#8211; Donato Di Pietro &#8211; Alsina- Buenos Aires \u2013 1975.<\/span><\/div>\n<div style=\"padding-left: 30px\" align=\"justify\"><span style=\"font-family: verdana,geneva\">Geometr\u00eda Anal\u00edtica del Plano y del Espacio y Nomograf\u00eda &#8211; Donato Di Pietro &#8211; Alsina- Buenos Aires \u20131979.<\/span><\/div>\n<div style=\"padding-left: 30px\" align=\"justify\"><span style=\"font-family: verdana,geneva\">Geometr\u00eda Anal\u00edtica del Plano y del Espacio y Nomograf\u00eda &#8211; Donato Di Pietro &#8211; Alsina- Buenos Aires \u2013 1981.<\/span><\/div>\n<div style=\"padding-left: 30px\" align=\"justify\"><span style=\"font-family: verdana,geneva\">\u00c1lgebra Lineal Aplicada &#8211; Ben Noble, Daniel, James W &#8211; Prentice- Hall- M\u00e9xico \u2013 1989.<\/span><\/div>\n<div style=\"padding-left: 30px\" align=\"justify\"><span style=\"font-family: verdana,geneva\">\u00c1lgebra Lineal Aplicada &#8211; Ben Noble, Daniel, James W &#8211; Prentice-Hall- EnglewoodCliffs-M\u00e9xico \u2013 1989.<\/span><\/div>\n<div style=\"padding-left: 30px\" align=\"justify\"><span style=\"font-family: verdana,geneva\">Introducci\u00f3n al \u00c1lgebra Lineal &#8211; Serge Lang &#8211; Addison-Wesley Iberoamericana, &#8211; 1990.<\/span><\/div>\n<div style=\"padding-left: 30px\" align=\"justify\"><span style=\"font-family: verdana,geneva\">Introduction to linear algebra &#8211; Serge Lang &#8211; Addison-Wesley- Massachusetts \u2013 1970<\/span><\/div>\n<div style=\"padding-left: 30px\" align=\"justify\"><span style=\"font-family: verdana,geneva\">Geometr\u00eda Anal\u00edtica con vectores y matrices \u2013 Murdoch &#8211; Limusa- Wiley- M\u00e9xico \u2013 1968.<\/span><\/div>\n<div style=\"padding-left: 30px\" align=\"justify\"><span style=\"font-family: verdana,geneva\">Geometr\u00eda Anal\u00edtica con vectores y matrices \u2013 Murdoch &#8211; Limusa- Wiley- M\u00e9xico \u2013 1977.<\/span><\/div>\n<div style=\"padding-left: 30px\" align=\"justify\"><span style=\"font-family: verdana,geneva\">Geometr\u00eda Anal\u00edtica con vectores y matrices \u2013 Murdoch &#8211; Limusa- Wiley- M\u00e9xico \u20131981.<\/span><\/div>\n<div style=\"padding-left: 30px\" align=\"justify\"><span style=\"font-family: verdana,geneva\">\u00c1lgebra I &#8211; Volumen I &#8211; Armando Rojo &#8211; El Ateneo- Buenos Aires \u2013 1975.<\/span><\/div>\n<div style=\"padding-left: 30px\" align=\"justify\"><span style=\"font-family: verdana,geneva\">\u00c1lgebra I &#8211; Volumen I &#8211; Armando Rojo &#8211; El Ateneo- Buenos Aires \u2013 1978.<\/span><\/div>\n<div style=\"padding-left: 30px\" align=\"justify\"><span style=\"font-family: verdana,geneva\">\u00c1lgebra I &#8211; Volumen II &#8211; Armando Rojo &#8211; El Ateneo- Buenos Aires \u2013 1978.<\/span><\/div>\n<div style=\"padding-left: 30px\" align=\"justify\"><span style=\"font-family: verdana,geneva\">\u00c1lgebra I &#8211; Volumen I &#8211; Armando Rojo &#8211; El Ateneo- Buenos Aires \u2013 1994.<\/span><\/div>\n","protected":false},"excerpt":{"rendered":"<p>OBJETIVOS: \u00a0 Que el alumno: Adquiera habilidad en el manejo de vectores en Rn, estudie c\u00f3nicas, deduzca sus propiedades, identifique y grafique l\u00edneas y superficies en R3, adquiera competencias sobre los n\u00fameros complejos y sus aplicaciones en problemas de ingenier\u00eda. \u00a0 Carga horaria: 96 horas Horas total dedicada a problemas de aplicaci\u00f3n: 32 \u00a0 CONTENIDOS: [&hellip;]<\/p>\n","protected":false},"author":20,"featured_media":0,"parent":96,"menu_order":1,"comment_status":"closed","ping_status":"closed","template":"templates\/template-full.php","meta":[],"_links":{"self":[{"href":"https:\/\/www.facet.unt.edu.ar\/cic\/wp-json\/wp\/v2\/pages\/236"}],"collection":[{"href":"https:\/\/www.facet.unt.edu.ar\/cic\/wp-json\/wp\/v2\/pages"}],"about":[{"href":"https:\/\/www.facet.unt.edu.ar\/cic\/wp-json\/wp\/v2\/types\/page"}],"author":[{"embeddable":true,"href":"https:\/\/www.facet.unt.edu.ar\/cic\/wp-json\/wp\/v2\/users\/20"}],"replies":[{"embeddable":true,"href":"https:\/\/www.facet.unt.edu.ar\/cic\/wp-json\/wp\/v2\/comments?post=236"}],"version-history":[{"count":5,"href":"https:\/\/www.facet.unt.edu.ar\/cic\/wp-json\/wp\/v2\/pages\/236\/revisions"}],"predecessor-version":[{"id":254,"href":"https:\/\/www.facet.unt.edu.ar\/cic\/wp-json\/wp\/v2\/pages\/236\/revisions\/254"}],"up":[{"embeddable":true,"href":"https:\/\/www.facet.unt.edu.ar\/cic\/wp-json\/wp\/v2\/pages\/96"}],"wp:attachment":[{"href":"https:\/\/www.facet.unt.edu.ar\/cic\/wp-json\/wp\/v2\/media?parent=236"}],"curies":[{"name":"wp","href":"https:\/\/api.w.org\/{rel}","templated":true}]}}

ALGEBRA Y GEOMETRÍA ANALÍTICA

<div align="justify"><strong><span style="font-family: verdana,geneva">OBJETIVOS:</span></strong></div>
<div align="justify"><span style="font-family: verdana,geneva"><strong> </strong></span></div>
<div style="padding-left: 30px" align="justify"><span style="font-family: verdana,geneva">Que el alumno: Adquiera habilidad en el manejo de vectores en Rn, estudie cónicas, deduzca sus propiedades, identifique y grafique líneas y superficies en R3, adquiera competencias sobre los números complejos y sus aplicaciones en problemas de ingeniería.</span></div>
<div style="padding-left: 30px" align="justify"><span style="font-family: verdana,geneva"> </span></div>
<div style="padding-left: 30px" align="justify"><span style="font-family: verdana,geneva">Carga horaria: 96 horas</span></div>
<div style="padding-left: 30px" align="justify"><span style="font-family: verdana,geneva">Horas total dedicada a problemas de aplicación: 32</span></div>
<div align="justify"><span style="font-family: verdana,geneva"><strong> </strong></span></div>
<div align="justify"><span style="font-family: verdana,geneva"><strong>CONTENIDOS:</strong></span></div>
<div align="justify"><span style="font-family: verdana,geneva"><strong> </strong></span></div>
<div style="padding-left: 30px" align="justify"><span style="font-family: verdana,geneva"><strong>UNIDAD TEMATICA 1: VECTORES</strong></span></div>
<div style="padding-left: 30px" align="justify"><span style="font-family: verdana,geneva">Vectores en Rn : Definición. Igualdad. Suma. Producto por un escalar. Propiedades. Producto escalar. Paralelismo. Ortogonalidad. Norma o módulo. Ángulo entre vectores. Proyección vectorial ortogonal y Proyección escalar. Producto vectorial. Doble producto mixto. Propiedades</span></div>
<div style="padding-left: 30px" align="justify"><span style="font-family: verdana,geneva"><strong> </strong></span></div>
<div style="padding-left: 30px" align="justify"><span style="font-family: verdana,geneva"><strong>UNIDAD TEMATICA 2: APLICACIONES DE VECTORES</strong></span></div>
<div style="padding-left: 30px" align="justify"><span style="font-family: verdana,geneva">Aplicaciones de Vectores a la Geometría Analítica: Ecuaciones vectorial, paramétricas y cartesianas de la recta. Recta por dos puntos. Ecuación general y</span></div>
<div style="padding-left: 30px" align="justify"><span style="font-family: verdana,geneva">segmentaria de la recta en R2. Ángulo entre dos rectas. Paralelismo y ortogonalidad de rectas. Ecuación vectorial y cartesiana del plano. Paralelismo y ortogonalidad de</span></div>
<div style="padding-left: 30px" align="justify"><span style="font-family: verdana,geneva">planos. Paralelismo y ortogonalidad entre rectas y planos. Distancias</span></div>
<div style="padding-left: 30px" align="justify"><span style="font-family: verdana,geneva"><strong> </strong></span></div>
<div style="padding-left: 30px" align="justify"><span style="font-family: verdana,geneva"><strong>UNIDAD TEMATICA 3: CÓNICAS</strong></span></div>
<div style="padding-left: 30px" align="justify"><span style="font-family: verdana,geneva">Cónicas: Circunferencia – Elipse – Hipérbola – Parábola. Definición. Ecuación Canónica y General de cónicas con ejes paralelos a los coordenados. Propiedades de las cónicas. Recta Tangente a una cónica. Regla del desdoblamiento</span></div>
<div style="padding-left: 30px" align="justify"><span style="font-family: verdana,geneva"><strong> </strong></span></div>
<div style="padding-left: 30px" align="justify"><span style="font-family: verdana,geneva"><strong>UNIDAD TEMATICA 4: SUPERFICIE Y LÍNEA VECTORES</strong></span></div>
<div style="padding-left: 30px" align="justify"><span style="font-family: verdana,geneva">Superficie y Línea: Definición. Superficies Cónicas. Superficies Cilíndricas. Cuádricas: Superficies Esféricas – Elipsoide – Hiperboloides de una hoja y de dos hojas – Paraboloides</span></div>
<div style="padding-left: 30px" align="justify"><span style="font-family: verdana,geneva"><strong> </strong></span></div>
<div style="padding-left: 30px" align="justify"><span style="font-family: verdana,geneva"><strong>UNIDAD TEMATICA 5: NÚMEROS COMPLEJOS</strong></span></div>
<div style="padding-left: 30px" align="justify"><span style="font-family: verdana,geneva">Números Complejos:  Definición.  Operaciones. Propiedades.  Forma binómica. Conjugado. Propiedades. Módulo. Propiedades. Forma Polar. Potencia y Radicación</span></div>
<div style="padding-left: 30px" align="justify"><span style="font-family: verdana,geneva">de números complejos. Forma Exponencial</span></div>
<div align="justify"><span style="font-family: verdana,geneva"><strong> </strong></span></div>
<div align="justify"><span style="font-family: verdana,geneva"><strong>DESCRIPCIÓN ANALÍTICA DE LAS ACTIVIDADES TEÓRICAS Y PRÁCTICAS:</strong></span></div>
<div align="justify"><span style="font-family: verdana,geneva"><strong> </strong></span></div>
<div style="padding-left: 30px" align="justify"><span style="font-family: verdana,geneva">CLASE TEÓRICO PRÁCTICAS: Se desarrollan los aspectos teóricos necesarios y se Resuelven problemas de aplicación de cada tema.</span></div>
<div style="padding-left: 30px" align="justify"><span style="font-family: verdana,geneva">CLASES PRÁCTICAS: EL alumno trabaja con material impreso, suministrado por el personal a cargo de la asignatura, con el que se pretende que logren afianzar los</span></div>
<div style="padding-left: 30px" align="justify"><span style="font-family: verdana,geneva">conceptos nuevos adquiridos. Este material es una cartilla con los problemas a</span></div>
<div style="padding-left: 30px" align="justify"><span style="font-family: verdana,geneva">desarrollar  en  las  clases  prácticas  y  problemas  adicionales  a  resolver  por  el alumno en forma autónoma y que luego podrá discutir en los horarios de consulta.</span></div>
<div style="padding-left: 30px" align="justify"><span style="font-family: verdana,geneva">Las clases prácticas son obligatorias.</span></div>
<div style="padding-left: 30px" align="justify"><span style="font-family: verdana,geneva">Las clases de consultas se organizan encuentros en horarios extra clase con el objetivo que el alumno pueda disipar dudas de aspectos teóricos y prácticos.</span></div>
<div style="padding-left: 30px" align="justify"><span style="font-family: verdana,geneva">El alumno dispone de material impreso donde consta el programa analítico, régimen de aprobación, docentes que participan en el dictado. Se usa para la enseñanza tiza y pizarrón.</span></div>
<div align="justify"><span style="font-family: verdana,geneva"><strong> </strong></span></div>
<div align="justify"><span style="font-family: verdana,geneva"><strong>BIBLIOGRAFÍA:</strong></span></div>
<div align="justify"><span style="font-family: verdana,geneva"><strong> </strong></span></div>
<div style="padding-left: 30px" align="justify"><span style="font-family: verdana,geneva">Geometría Analítica del Plano y del Espacio y Nomografía &#8211; Donato Di Pietro &#8211; Alsina- Buenos Aires – 1975.</span></div>
<div style="padding-left: 30px" align="justify"><span style="font-family: verdana,geneva">Geometría Analítica del Plano y del Espacio y Nomografía &#8211; Donato Di Pietro &#8211; Alsina- Buenos Aires –1979.</span></div>
<div style="padding-left: 30px" align="justify"><span style="font-family: verdana,geneva">Geometría Analítica del Plano y del Espacio y Nomografía &#8211; Donato Di Pietro &#8211; Alsina- Buenos Aires – 1981.</span></div>
<div style="padding-left: 30px" align="justify"><span style="font-family: verdana,geneva">Álgebra Lineal Aplicada &#8211; Ben Noble, Daniel, James W &#8211; Prentice- Hall- México – 1989.</span></div>
<div style="padding-left: 30px" align="justify"><span style="font-family: verdana,geneva">Álgebra Lineal Aplicada &#8211; Ben Noble, Daniel, James W &#8211; Prentice-Hall- EnglewoodCliffs-México – 1989.</span></div>
<div style="padding-left: 30px" align="justify"><span style="font-family: verdana,geneva">Introducción al Álgebra Lineal &#8211; Serge Lang &#8211; Addison-Wesley Iberoamericana, &#8211; 1990.</span></div>
<div style="padding-left: 30px" align="justify"><span style="font-family: verdana,geneva">Introduction to linear algebra &#8211; Serge Lang &#8211; Addison-Wesley- Massachusetts – 1970</span></div>
<div style="padding-left: 30px" align="justify"><span style="font-family: verdana,geneva">Geometría Analítica con vectores y matrices – Murdoch &#8211; Limusa- Wiley- México – 1968.</span></div>
<div style="padding-left: 30px" align="justify"><span style="font-family: verdana,geneva">Geometría Analítica con vectores y matrices – Murdoch &#8211; Limusa- Wiley- México – 1977.</span></div>
<div style="padding-left: 30px" align="justify"><span style="font-family: verdana,geneva">Geometría Analítica con vectores y matrices – Murdoch &#8211; Limusa- Wiley- México –1981.</span></div>
<div style="padding-left: 30px" align="justify"><span style="font-family: verdana,geneva">Álgebra I &#8211; Volumen I &#8211; Armando Rojo &#8211; El Ateneo- Buenos Aires – 1975.</span></div>
<div style="padding-left: 30px" align="justify"><span style="font-family: verdana,geneva">Álgebra I &#8211; Volumen I &#8211; Armando Rojo &#8211; El Ateneo- Buenos Aires – 1978.</span></div>
<div style="padding-left: 30px" align="justify"><span style="font-family: verdana,geneva">Álgebra I &#8211; Volumen II &#8211; Armando Rojo &#8211; El Ateneo- Buenos Aires – 1978.</span></div>
<div style="padding-left: 30px" align="justify"><span style="font-family: verdana,geneva">Álgebra I &#8211; Volumen I &#8211; Armando Rojo &#8211; El Ateneo- Buenos Aires – 1994.</span></div>

<p>OBJETIVOS:   Que el alumno: Adquiera habilidad en el manejo de vectores en Rn, estudie cónicas, deduzca sus propiedades, identifique y grafique líneas y superficies en R3, adquiera competencias sobre los números complejos y sus aplicaciones en problemas de ingeniería.   Carga horaria: 96 horas Horas total dedicada a problemas de aplicación: 32   CONTENIDOS: [&hellip;]</p>
