{"id":367,"date":"2021-03-18T09:08:52","date_gmt":"2021-03-18T12:08:52","guid":{"rendered":"https:\/\/www.facet.unt.edu.ar\/cyklos\/?page_id=367"},"modified":"2022-02-08T11:39:36","modified_gmt":"2022-02-08T14:39:36","slug":"mg-nishihara-hun-andrea-lorena","status":"publish","type":"page","link":"https:\/\/www.facet.unt.edu.ar\/cyklos\/mg-nishihara-hun-andrea-lorena\/","title":{"rendered":"Mg. Nishihara Hun, Andrea Lorena"},"content":{"rendered":"<p><a href=\"https:\/\/www.facet.unt.edu.ar\/cyklos\/wp-content\/uploads\/sites\/68\/2022\/02\/Foto-Perfil-2021.jpeg\"><img decoding=\"async\" loading=\"lazy\" class=\"alignnone wp-image-387\" src=\"https:\/\/www.facet.unt.edu.ar\/cyklos\/wp-content\/uploads\/sites\/68\/2022\/02\/Foto-Perfil-2021.jpeg\" alt=\"\" width=\"363\" height=\"500\" \/><\/a><\/p>\n<p>&nbsp;<\/p>\n<p>&nbsp;<\/p>\n<p><strong>Andrea Lorena Nishihara Hun<\/strong> es Ingeniera Qu\u00edmica (Universidad Nacional de<br \/>\nTucum\u00e1n, UNT) con un Magister en M\u00e9todos Num\u00e9ricos y Computacionales en<br \/>\nIngenier\u00eda (FACET-UNT) y estudiante del Doctorado en Ciencias Exactas e Ingenier\u00eda<br \/>\n(FACET-UNT). Es docente-investigadora en Ingenier\u00eda Qu\u00edmica en la UNT, donde<br \/>\nimparte las asignaturas de Operaciones Unitarias II y III. Sus intereses en<br \/>\ninvestigaci\u00f3n incluyen el desarrollo de indicadores de sustentabilidad mediante el<br \/>\nAn\u00e1lisis de Ciclo de Vida, Huellas Ambientales de productos y servicios y el estudio de<br \/>\ncasos en el contexto de la Econom\u00eda Circular.<\/p>\n<p><strong>Andrea Lorena Nishihara Hun<\/strong> is a Chemical Engineer (Universidad Nacional de<br \/>\nTucum\u00e1n, UNT) with a Master\u00b4s Degree in Numerical and Computational Methods in<br \/>\nEngineering (FACET-UNT). She is a PhD student in Exact Sciences and Engineering<br \/>\n(FACET-UNT) and a professor\/researcher in Chemical Engineering at the UNT, where<br \/>\nshe teaches Unit Operations II and III. Her research interests include the development<br \/>\nof sustainability indicators through the Life Cycle Analysis, Environmental Footprints of<br \/>\nproducts and services and the study of cases in the context of Circular Economy.<\/p>\n","protected":false},"excerpt":{"rendered":"<p>&nbsp; &nbsp; Andrea Lorena Nishihara Hun es Ingeniera Qu\u00edmica (Universidad Nacional de Tucum\u00e1n, UNT) con un Magister en M\u00e9todos Num\u00e9ricos y Computacionales en Ingenier\u00eda (FACET-UNT) y estudiante del Doctorado en Ciencias Exactas e Ingenier\u00eda (FACET-UNT). Es docente-investigadora en Ingenier\u00eda Qu\u00edmica en la UNT, donde imparte las asignaturas de Operaciones Unitarias II y III. Sus intereses [&hellip;]<\/p>\n","protected":false},"author":101047,"featured_media":0,"parent":0,"menu_order":0,"comment_status":"closed","ping_status":"closed","template":"","meta":[],"_links":{"self":[{"href":"https:\/\/www.facet.unt.edu.ar\/cyklos\/wp-json\/wp\/v2\/pages\/367"}],"collection":[{"href":"https:\/\/www.facet.unt.edu.ar\/cyklos\/wp-json\/wp\/v2\/pages"}],"about":[{"href":"https:\/\/www.facet.unt.edu.ar\/cyklos\/wp-json\/wp\/v2\/types\/page"}],"author":[{"embeddable":true,"href":"https:\/\/www.facet.unt.edu.ar\/cyklos\/wp-json\/wp\/v2\/users\/101047"}],"replies":[{"embeddable":true,"href":"https:\/\/www.facet.unt.edu.ar\/cyklos\/wp-json\/wp\/v2\/comments?post=367"}],"version-history":[{"count":3,"href":"https:\/\/www.facet.unt.edu.ar\/cyklos\/wp-json\/wp\/v2\/pages\/367\/revisions"}],"predecessor-version":[{"id":389,"href":"https:\/\/www.facet.unt.edu.ar\/cyklos\/wp-json\/wp\/v2\/pages\/367\/revisions\/389"}],"wp:attachment":[{"href":"https:\/\/www.facet.unt.edu.ar\/cyklos\/wp-json\/wp\/v2\/media?parent=367"}],"curies":[{"name":"wp","href":"https:\/\/api.w.org\/{rel}","templated":true}]}}