{"id":94,"date":"2019-08-09T12:15:31","date_gmt":"2019-08-09T15:15:31","guid":{"rendered":"https:\/\/www.facet.unt.edu.ar\/cyklos\/?page_id=94"},"modified":"2022-08-27T19:38:49","modified_gmt":"2022-08-27T22:38:49","slug":"integrantes","status":"publish","type":"page","link":"https:\/\/www.facet.unt.edu.ar\/cyklos\/integrantes\/","title":{"rendered":"Qui\u00e9nes somos"},"content":{"rendered":"<div id=\"pl-94\"  class=\"panel-layout\" ><div id=\"pg-94-0\"  class=\"panel-grid panel-no-style\" ><div id=\"pgc-94-0-0\"  class=\"panel-grid-cell\" ><div id=\"panel-94-0-0-0\" class=\"so-panel widget widget_black-studio-tinymce widget_black_studio_tinymce panel-first-child panel-last-child\" data-index=\"0\" ><div class=\"textwidget\"><p>Somos un grupo de docentes del Departamento de Ingenier\u00eda de Procesos y Gesti\u00f3n Industrial (DIPyGI) de la Facultad de Ciencias Exactas y Tecnolog\u00eda (FACET), Universidad Nacional de Tucum\u00e1n (UNT), que dictamos diferentes asignaturas y comenzamos a trabajar conjuntamente en An\u00e1lisis de Ciclo de Vida (<em>Life Cycle Assessment<\/em>, LCA) y herramientas relacionadas desde principios de 2018. El grupo se ha bautizado CYKLOS (del griego \u03ba\u1f7b\u03ba\u03bb\u03bf\u03c2 \u2018c\u00edrculo\u2019, \u2018rueda\u2019) como referencia al pensamiento circular que subyace a las herramientas con que trabajamos en pos de la sustentabilidad de los procesos. Con esto se hace referencia a la visi\u00f3n hol\u00edstica de nuestro impacto sobre la tierra seg\u00fan la cual, cada acci\u00f3n en nuestra vida diaria tiene un alcance que va desde la extracci\u00f3n de las materias primas con que se generan los objetos y la energ\u00eda empleada en su procesamiento hasta que \u00e9stos llegan a su fin de vida (Pensamiento de Ciclo de Vida).<\/p>\n<p>CYKLOS discurre por diferentes l\u00edneas de investigaci\u00f3n interrelacionadas que giran en torno al desarrollo sostenible. Del grupo dependen estudiantes de grado y posgrado alineados con los objetivos del grupo.<\/p>\n<p>El grupo tiene reconocimiento oficial por parte de la FACET desde mayo de 2019 (Res. 1035\/2019 del Consejo Directivo).<\/p>\n<\/div><\/div><\/div><\/div><div id=\"pg-94-1\"  class=\"panel-grid panel-no-style\" ><div id=\"pgc-94-1-0\"  class=\"panel-grid-cell\" ><div id=\"panel-94-1-0-0\" class=\"so-panel widget widget_team panel-first-child panel-last-child\" data-index=\"1\" ><div\n\t\t\t\n\t\t\tclass=\"so-widget-team so-widget-team-team-style-2ac592960b57-94\"\n\t\t\t\n\t\t>\r\n\r\n\r\n\r\n\r\n<div class=\"team\">\r\n\r\n<div class=\"member_image\">\r\n<img src=\" https:\/\/www.facet.unt.edu.ar\/cyklos\/wp-content\/uploads\/sites\/68\/2020\/02\/DSC_1187-e1582206873898.jpg\" alt=\"\" \/>\r\n<\/div>\r\n\r\n<h2 class=\"member_title\">Dr. Mele, Fernando Daniel<\/h2>\r\n\r\n<h4 class=\"company_name\">Director<\/h4>\r\n\r\n<div class=\"content\">\r\nfmele@herrera.unt.edu.ar<\/div>\r\n\r\n<ul class=\"team_social\">\r\n<li><a href=\" https:\/\/www.facet.unt.edu.ar\/cyklos\/dr-mele-fernando-daniel\/\" target=\"_blank\"><span class=\"sow-icon-fontawesome sow-far\" data-sow-icon=\"&#xf2bb;\"\n\t\t \n\t\taria-hidden=\"true\"><\/span><\/a><\/li>\r\n<\/ul>\r\n\r\n<\/div>\r\n\r\n\r\n\r\n\r\n\r\n<\/div><\/div><\/div><div id=\"pgc-94-1-1\"  class=\"panel-grid-cell\" ><div id=\"panel-94-1-1-0\" class=\"so-panel widget widget_team panel-first-child panel-last-child\" data-index=\"2\" ><div\n\t\t\t\n\t\t\tclass=\"so-widget-team so-widget-team-team-style-2ac592960b57-94\"\n\t\t\t\n\t\t>\r\n\r\n\r\n\r\n\r\n<div class=\"team\">\r\n\r\n<div class=\"member_image\">\r\n<img src=\" https:\/\/www.facet.unt.edu.ar\/cyklos\/wp-content\/uploads\/sites\/68\/2020\/02\/DSC_1199-e1581514025216.jpg\" alt=\"\" \/>\r\n<\/div>\r\n\r\n<h2 class=\"member_title\">Dra. Araujo, Paula Z.<\/h2>\r\n\r\n<h4 class=\"company_name\">Investigadora<\/h4>\r\n\r\n<div class=\"content\">\r\nparaujo@herrera.unt.edu.ar<\/div>\r\n\r\n<ul class=\"team_social\">\r\n<li><a href=\"https:\/\/www.facet.unt.edu.ar\/cyklos\/dra-paula-araujo\/\" target=\"_blank\"><span class=\"sow-icon-fontawesome sow-far\" data-sow-icon=\"&#xf2bb;\"\n\t\t \n\t\taria-hidden=\"true\"><\/span><\/a><\/li>\r\n<\/ul>\r\n\r\n<\/div>\r\n\r\n\r\n\r\n\r\n\r\n<\/div><\/div><\/div><div id=\"pgc-94-1-2\"  class=\"panel-grid-cell\" ><div id=\"panel-94-1-2-0\" class=\"so-panel widget widget_team panel-first-child panel-last-child\" data-index=\"3\" ><div\n\t\t\t\n\t\t\tclass=\"so-widget-team so-widget-team-team-style-2ac592960b57-94\"\n\t\t\t\n\t\t>\r\n\r\n\r\n\r\n\r\n<div class=\"team\">\r\n\r\n<div class=\"member_image\">\r\n<img src=\" https:\/\/www.facet.unt.edu.ar\/cyklos\/wp-content\/uploads\/sites\/68\/2020\/02\/DSC_1184.jpg\" alt=\"\" \/>\r\n<\/div>\r\n\r\n<h2 class=\"member_title\">Ing. Mach\u00edn Ferrero, Lucas M<\/h2>\r\n\r\n<h4 class=\"company_name\">Becario<\/h4>\r\n\r\n<div class=\"content\">\r\nlmachinferrero@herrera.unt.edu.ar<\/div>\r\n\r\n<ul class=\"team_social\">\r\n<li><a href=\" https:\/\/www.facet.unt.edu.ar\/cyklos\/ing-machin-ferrero-lucas-m\/\" target=\"_blank\"><span class=\"sow-icon-fontawesome sow-far\" data-sow-icon=\"&#xf2bb;\"\n\t\t \n\t\taria-hidden=\"true\"><\/span><\/a><\/li>\r\n<\/ul>\r\n\r\n<\/div>\r\n\r\n\r\n\r\n\r\n\r\n<\/div><\/div><\/div><div id=\"pgc-94-1-3\"  class=\"panel-grid-cell\" ><div id=\"panel-94-1-3-0\" class=\"so-panel widget widget_team panel-first-child panel-last-child\" data-index=\"4\" ><div\n\t\t\t\n\t\t\tclass=\"so-widget-team so-widget-team-team-style-2ac592960b57-94\"\n\t\t\t\n\t\t>\r\n\r\n\r\n\r\n\r\n<div class=\"team\">\r\n\r\n<div class=\"member_image\">\r\n<img src=\" https:\/\/www.facet.unt.edu.ar\/cyklos\/wp-content\/uploads\/sites\/68\/2020\/02\/DSC_1194-e1581518458381.jpg\" alt=\"\" \/>\r\n<\/div>\r\n\r\n<h2 class=\"member_title\">Mg. Nishihara Hun, Andrea Lorena<\/h2>\r\n\r\n<h4 class=\"company_name\">Investigadora<\/h4>\r\n\r\n<div class=\"content\">\r\nanishihara@herrera.unt.edu.ar<\/div>\r\n\r\n<ul class=\"team_social\">\r\n<li><a href=\"https:\/\/www.facet.unt.edu.ar\/cyklos\/mg-nishihara-hun-andrea-lorena\/\" target=\"_blank\"><span class=\"sow-icon-fontawesome sow-far\" data-sow-icon=\"&#xf2bb;\"\n\t\t \n\t\taria-hidden=\"true\"><\/span><\/a><\/li>\r\n<\/ul>\r\n\r\n<\/div>\r\n\r\n\r\n\r\n\r\n\r\n<\/div><\/div><\/div><\/div><div id=\"pg-94-2\"  class=\"panel-grid panel-no-style\" ><div id=\"pgc-94-2-0\"  class=\"panel-grid-cell\" ><div id=\"panel-94-2-0-0\" class=\"so-panel widget widget_team panel-first-child panel-last-child\" data-index=\"5\" ><div\n\t\t\t\n\t\t\tclass=\"so-widget-team so-widget-team-team-style-2ac592960b57-94\"\n\t\t\t\n\t\t>\r\n\r\n\r\n\r\n\r\n<div class=\"team\">\r\n\r\n<div class=\"member_image\">\r\n<img src=\" https:\/\/www.facet.unt.edu.ar\/cyklos\/wp-content\/uploads\/sites\/68\/2020\/02\/DSC_1197.jpg\" alt=\"\" \/>\r\n<\/div>\r\n\r\n<h2 class=\"member_title\">Dra. Robles, Norma Lis<\/h2>\r\n\r\n<h4 class=\"company_name\">Investigadora<\/h4>\r\n\r\n<div class=\"content\">\r\nnrobles@herrera.unt.edu.ar<\/div>\r\n\r\n<ul class=\"team_social\">\r\n<li><a href=\" https:\/\/www.facet.unt.edu.ar\/cyklos\/dra-robles-norma-lis\/\" target=\"_blank\"><span class=\"sow-icon-fontawesome sow-far\" data-sow-icon=\"&#xf2bb;\"\n\t\t \n\t\taria-hidden=\"true\"><\/span><\/a><\/li>\r\n<\/ul>\r\n\r\n<\/div>\r\n\r\n\r\n\r\n\r\n\r\n<\/div><\/div><\/div><div id=\"pgc-94-2-1\"  class=\"panel-grid-cell\" ><div id=\"panel-94-2-1-0\" class=\"so-panel widget widget_team panel-first-child panel-last-child\" data-index=\"6\" ><div\n\t\t\t\n\t\t\tclass=\"so-widget-team so-widget-team-team-style-2ac592960b57-94\"\n\t\t\t\n\t\t>\r\n\r\n\r\n\r\n\r\n<div class=\"team\">\r\n\r\n<div class=\"member_image\">\r\n<img src=\" https:\/\/www.facet.unt.edu.ar\/cyklos\/wp-content\/uploads\/sites\/68\/2020\/02\/DSC_1191.jpg\" alt=\"\" \/>\r\n<\/div>\r\n\r\n<h2 class=\"member_title\">Ing. S\u00e1nchez Collado, Francisco Enrique<\/h2>\r\n\r\n<h4 class=\"company_name\">Becario<\/h4>\r\n\r\n<div class=\"content\">\r\nfranesanchezcollado@gmail.com<\/div>\r\n\r\n<ul class=\"team_social\">\r\n<\/ul>\r\n\r\n<\/div>\r\n\r\n\r\n\r\n\r\n\r\n<\/div><\/div><\/div><div id=\"pgc-94-2-2\"  class=\"panel-grid-cell\" ><div id=\"panel-94-2-2-0\" class=\"so-panel widget widget_team panel-first-child panel-last-child\" data-index=\"7\" ><div\n\t\t\t\n\t\t\tclass=\"so-widget-team so-widget-team-team-style-2ac592960b57-94\"\n\t\t\t\n\t\t>\r\n\r\n\r\n\r\n\r\n<div class=\"team\">\r\n\r\n<div class=\"member_image\">\r\n<img src=\" https:\/\/www.facet.unt.edu.ar\/cyklos\/wp-content\/uploads\/sites\/68\/2020\/02\/DSC_1181.jpg\" alt=\"\" \/>\r\n<\/div>\r\n\r\n<h2 class=\"member_title\">Dr. Valde\u00f3n, Daniel Horacio<\/h2>\r\n\r\n<h4 class=\"company_name\">Investigador<\/h4>\r\n\r\n<div class=\"content\">\r\ndvaldeon@herrera.unt.edu.ar<\/div>\r\n\r\n<ul class=\"team_social\">\r\n<li><a href=\"https:\/\/www.facet.unt.edu.ar\/cyklos\/dr-daniel-valdeon\/\" target=\"_blank\"><span class=\"sow-icon-fontawesome sow-far\" data-sow-icon=\"&#xf2bb;\"\n\t\t \n\t\taria-hidden=\"true\"><\/span><\/a><\/li>\r\n<\/ul>\r\n\r\n<\/div>\r\n\r\n\r\n\r\n\r\n\r\n<\/div><\/div><\/div><div id=\"pgc-94-2-3\"  class=\"panel-grid-cell\" ><div id=\"panel-94-2-3-0\" class=\"so-panel widget widget_team panel-first-child panel-last-child\" data-index=\"8\" ><div\n\t\t\t\n\t\t\tclass=\"so-widget-team so-widget-team-team-style-2ac592960b57-94\"\n\t\t\t\n\t\t>\r\n\r\n\r\n\r\n\r\n<div class=\"team\">\r\n\r\n<div class=\"member_image\">\r\n<img src=\" https:\/\/www.facet.unt.edu.ar\/cyklos\/wp-content\/uploads\/sites\/68\/2020\/02\/DSC_1190.jpg\" alt=\"\" \/>\r\n<\/div>\r\n\r\n<h2 class=\"member_title\">Dr. Wheeler, Jonathan<\/h2>\r\n\r\n<h4 class=\"company_name\">Investigador<\/h4>\r\n\r\n<div class=\"content\">\r\njwheeler@herrera.unt.edu.ar<\/div>\r\n\r\n<ul class=\"team_social\">\r\n<\/ul>\r\n\r\n<\/div>\r\n\r\n\r\n\r\n\r\n\r\n<\/div><\/div><\/div><\/div><\/div>","protected":false},"excerpt":{"rendered":"<p>Somos un grupo de docentes del Departamento de Ingenier\u00eda de Procesos y Gesti\u00f3n Industrial (DIPyGI) de la Facultad de Ciencias Exactas y Tecnolog\u00eda (FACET), Universidad Nacional de Tucum\u00e1n (UNT), que dictamos diferentes asignaturas y comenzamos a trabajar conjuntamente en An\u00e1lisis de Ciclo de Vida (Life Cycle Assessment, LCA) y herramientas relacionadas desde principios de 2018. [&hellip;]<\/p>\n","protected":false},"author":101047,"featured_media":0,"parent":0,"menu_order":1,"comment_status":"closed","ping_status":"closed","template":"","meta":[],"_links":{"self":[{"href":"https:\/\/www.facet.unt.edu.ar\/cyklos\/wp-json\/wp\/v2\/pages\/94"}],"collection":[{"href":"https:\/\/www.facet.unt.edu.ar\/cyklos\/wp-json\/wp\/v2\/pages"}],"about":[{"href":"https:\/\/www.facet.unt.edu.ar\/cyklos\/wp-json\/wp\/v2\/types\/page"}],"author":[{"embeddable":true,"href":"https:\/\/www.facet.unt.edu.ar\/cyklos\/wp-json\/wp\/v2\/users\/101047"}],"replies":[{"embeddable":true,"href":"https:\/\/www.facet.unt.edu.ar\/cyklos\/wp-json\/wp\/v2\/comments?post=94"}],"version-history":[{"count":70,"href":"https:\/\/www.facet.unt.edu.ar\/cyklos\/wp-json\/wp\/v2\/pages\/94\/revisions"}],"predecessor-version":[{"id":422,"href":"https:\/\/www.facet.unt.edu.ar\/cyklos\/wp-json\/wp\/v2\/pages\/94\/revisions\/422"}],"wp:attachment":[{"href":"https:\/\/www.facet.unt.edu.ar\/cyklos\/wp-json\/wp\/v2\/media?parent=94"}],"curies":[{"name":"wp","href":"https:\/\/api.w.org\/{rel}","templated":true}]}}