{"id":182,"date":"2015-03-10T16:14:06","date_gmt":"2015-03-10T19:14:06","guid":{"rendered":"https:\/\/www.facet.unt.edu.ar\/dcyoc\/?page_id=182"},"modified":"2023-04-20T13:40:22","modified_gmt":"2023-04-20T16:40:22","slug":"docentes","status":"publish","type":"page","link":"https:\/\/www.facet.unt.edu.ar\/dcyoc\/docentes\/","title":{"rendered":"Docentes"},"content":{"rendered":"<p><a title=\"ABAD Ricardo\" href=\"https:\/\/www.facet.unt.edu.ar\/dcyoc\/docentes\/abascal-liliana\/\" target=\"_blank\" rel=\"noopener\">ABASCAL, Liliana<\/a><br \/>\n<a title=\"AGUIRRE H\u00e9ctor David\" href=\"https:\/\/www.facet.unt.edu.ar\/dcyoc\/docentes\/aguirre-hector-david\/\">AGUIRRE, H\u00e9ctor David<\/a><\/p>\n<p>AGUIRRE ZELAYA, Jorge<\/p>\n<p>ARGA\u00d1ARAZ S\u00c1ENZ, Paula Luciana<br \/>\n<a title=\"ALMENAR Mart\u00edn\" href=\"https:\/\/www.facet.unt.edu.ar\/iest\/integrantes\/almenar-martin\/\" target=\"_blank\" rel=\"noopener noreferrer\">ALMENAR, Mart\u00edn Ernesto<\/a><br \/>\n<a href=\"https:\/\/www.facet.unt.edu.ar\/lem\/integrantes\/amin-domingo-luis\/\" target=\"_blank\" rel=\"noopener noreferrer\">AM\u00cdN, Domingo Lu\u00eds<\/a><br \/>\n<a href=\"https:\/\/www.facet.unt.edu.ar\/lem\/integrantes\/anaya-hugo-daniel\/\" target=\"_blank\" rel=\"noopener noreferrer\">ANAYA, Hugo Daniel<\/a><br \/>\n<a href=\"https:\/\/www.facet.unt.edu.ar\/iest\/integrantes\/araoz-gabriel\/\" target=\"_blank\" rel=\"noopener noreferrer\">AR\u00c1OZ, Gabriel Francisco<\/a><br \/>\n<a title=\"AR\u00c9VALO Ricardo Atilio\" href=\"https:\/\/www.facet.unt.edu.ar\/dcyoc\/docentes\/arevalo-ricardo-atilio\/\">AR\u00c9VALO, Ricardo Atilio<\/a><br \/>\n<a title=\"ARGA\u00d1ARAZ Ramiro\" href=\"https:\/\/www.facet.unt.edu.ar\/dcyoc\/docentes\/arganaraz-ramiro\/\">ARGA\u00d1AR\u00c1Z, Ramiro Fabi\u00e1n Estanislao<\/a><br \/>\n<a href=\"https:\/\/www.facet.unt.edu.ar\/lem\/integrantes\/arias-cristina\/\" target=\"_blank\" rel=\"noopener noreferrer\">AR\u00cdAS, Cristina del Valle<\/a><br \/>\n<a title=\"ASC\u00c1RATE Jos\u00e9\" href=\"https:\/\/www.facet.unt.edu.ar\/dcyoc\/docentes\/ascarate-jose\/\">ASC\u00c1RATE, Jos\u00e9 Ricardo<\/a><\/p>\n<hr \/>\n<p><a title=\"BARBER Hebe\" href=\"https:\/\/www.facet.unt.edu.ar\/dcyoc\/docentes\/barber-hebe\/\">BARBER, Hebe Marta<\/a><br \/>\n<a href=\"https:\/\/www.facet.unt.edu.ar\/iest\/integrantes\/barlek-pablo\/\" target=\"_blank\" rel=\"noopener noreferrer\">BARLEK MENDOZA, Pablo Mariano<\/a><br \/>\n<a title=\"BAZZANO Flavia\" href=\"https:\/\/www.facet.unt.edu.ar\/dcyoc\/docentes\/bazzano-flavia\/\">BAZZANO, Flavia Marcela<\/a><br \/>\n<a title=\"BLANCA Daniel\" href=\"https:\/\/www.facet.unt.edu.ar\/dcyoc\/docentes\/blanca-daniel\/\">BLANCA, Alberto Daniel<\/a><br \/>\n<a title=\"BLANCA Rafael\" href=\"https:\/\/www.facet.unt.edu.ar\/dcyoc\/docentes\/blanca-rafael\/\">BLANCA, Rafael H\u00e9ctor<\/a><\/p>\n<p>&nbsp;<\/p>\n<p>CAMPOS, Luis Mariano<br \/>\n<a title=\"CASEN Alejandro\" href=\"https:\/\/www.facet.unt.edu.ar\/dcyoc\/docentes\/casen-alejandro\/\">CASEN, Segundo Alejandro<\/a><br \/>\n<a title=\"CESANO Dante\" href=\"https:\/\/www.facet.unt.edu.ar\/dcyoc\/docentes\/cesano-dante\/\">CESANO, Dante Mario<\/a><br \/>\n<a title=\"CESANO Sergio\" href=\"https:\/\/www.facet.unt.edu.ar\/dcyoc\/docentes\/cesano-sergio\/\">CESANO, Sergio Daniel<\/a><br \/>\n<a title=\"CHANTA Sebasti\u00e1n\" href=\"https:\/\/www.facet.unt.edu.ar\/dcyoc\/docentes\/chanta-sebastian\/\">CHANTA, Sebasti\u00e1n<\/a><\/p>\n<p>CINQUEMANI, Carla<br \/>\n<a title=\"COMBA An\u00edbal\" href=\"https:\/\/www.facet.unt.edu.ar\/dcyoc\/docentes\/comba-anibal\/\">COMBA, An\u00edbal<\/a><br \/>\n<a href=\"https:\/\/www.facet.unt.edu.ar\/iest\/integrantes\/contino-sergio\/\" target=\"_blank\" rel=\"noopener noreferrer\">CONTINO, Sergio Ren\u00e9<\/a><br \/>\n<a href=\"https:\/\/www.facet.unt.edu.ar\/dcyoc\/docentes\/correa-pablo\/\">CORREA MEDINA, Pablo Jos\u00e9<\/a><\/p>\n<hr \/>\n<p><a title=\"DANNA Javier\" href=\"https:\/\/www.facet.unt.edu.ar\/dcyoc\/docentes\/danna-javier\/\" target=\"_blank\" rel=\"noopener noreferrer\">DANNA, Javier Alejandro<\/a><br \/>\n<a href=\"https:\/\/www.facet.unt.edu.ar\/iest\/integrantes\/daziano-maria-alejandra\/\" target=\"_blank\" rel=\"noopener noreferrer\">DAZIANO, Mar\u00eda Alejandra<\/a><\/p>\n<p>DEMAGISTRI, Agust\u00edn<\/p>\n<p>D\u00cdAZ FONTDEVILA, Mar\u00eda Alejandra<br \/>\n<a title=\"D\u00cdAZ Leandro\" href=\"https:\/\/www.facet.unt.edu.ar\/dcyoc\/docentes\/diaz-leandro\/\">D\u00cdAZ, Leandro Ra\u00fal<\/a><br \/>\n<a href=\"https:\/\/www.facet.unt.edu.ar\/iest\/integrantes\/dip-oscar\/\" target=\"_blank\" rel=\"noopener noreferrer\">DIP, Oscar<\/a><br \/>\n<a title=\"DONAIRE Mart\u00edn\" href=\"https:\/\/www.facet.unt.edu.ar\/dcyoc\/docentes\/donaire-martin\/\">DONAIRE BURGOS, Mart\u00edn Jorge<\/a><\/p>\n<hr \/>\n<p><a title=\"ESPINOSA ROJAS Hebe\" href=\"https:\/\/www.facet.unt.edu.ar\/dcyoc\/docentes\/espinosa-rojas-hebe\/\">ESPINOSA ROJAS, Hebe Amparo<\/a><br \/>\n<a title=\"ETSE Guillermo\" href=\"https:\/\/www.facet.unt.edu.ar\/dcyoc\/docentes\/etse-guillermo\/\">ETSE, Jos\u00e9 Guillermo<\/a><\/p>\n<p>FERNANDEZ, Ricardo<\/p>\n<p>FERNANDEZ, Rub\u00e9n<\/p>\n<hr \/>\n<p><a title=\"GALV\u00c1N Lu\u00eds\" href=\"https:\/\/www.facet.unt.edu.ar\/dcyoc\/docentes\/galvan-luis\/\">GALV\u00c1N, Lu\u00eds Ariel<\/a><br \/>\n<a href=\"https:\/\/www.facet.unt.edu.ar\/lem\/integrantes\/garcia-sergio\/\" target=\"_blank\" rel=\"noopener noreferrer\">GARC\u00cdA, Sergio<\/a><br \/>\n<a title=\"GERBASONI Gustavo Javier\" href=\"https:\/\/www.facet.unt.edu.ar\/dcyoc\/docentes\/gerbasoni-gustavo-javier\/\">GERBASONI, Gustavo Javier<\/a><\/p>\n<p>GEREZ ALBORNOZ, Marcos<br \/>\n<a title=\"GIM\u00c9NEZ Celia\" href=\"https:\/\/www.facet.unt.edu.ar\/dcyoc\/docentes\/gimenez-celia\/\">GIM\u00c9NEZ, Celia del Valle<\/a><\/p>\n<p>G\u00d3MEZ, Sergio<\/p>\n<p>GRANDE, Federico<\/p>\n<p>GRITTI MONTESINOS, German<br \/>\n<a href=\"https:\/\/www.facet.unt.edu.ar\/iest\/integrantes\/gutierrez-sergio-e\/\" target=\"_blank\" rel=\"noopener noreferrer\">GUTI\u00c9RREZ, Sergio Eduardo<\/a><br \/>\n<a title=\"GUZM\u00c1N Juan Carlos\" href=\"https:\/\/www.facet.unt.edu.ar\/dcyoc\/docentes\/guzman-juan-carlos\/\">GUZM\u00c1N, Juan Carlos<\/a><\/p>\n<hr \/>\n<p><a title=\"HERN\u00c1NDEZ Carlos\" href=\"https:\/\/www.facet.unt.edu.ar\/dcyoc\/docentes\/hernandez-carlos\/\">HERN\u00c1NDEZ, Carlos Manuel<\/a><br \/>\n<a title=\"HERN\u00c1NDEZ Sergio\" href=\"https:\/\/www.facet.unt.edu.ar\/dcyoc\/docentes\/hernandez-sergio\/\">HERN\u00c1NDEZ, Sergio Antonio<\/a><br \/>\n<a title=\"HERRERA Lu\u00eds\" href=\"https:\/\/www.facet.unt.edu.ar\/dcyoc\/docentes\/herrera-luis\/\">HERRERA, Lu\u00eds Alberto<\/a><\/p>\n<hr \/>\n<p><a href=\"https:\/\/www.facet.unt.edu.ar\/lem\/integrantes\/isas-pedraza-rodrigo\/\" target=\"_blank\" rel=\"noopener noreferrer\">ISAS PEDRAZA, Daniel Rodrigo<\/a><br \/>\n<a href=\"https:\/\/www.facet.unt.edu.ar\/iest\/integrantes\/isla-facundo\/\" target=\"_blank\" rel=\"noopener noreferrer\">ISLA CALDER\u00d3N, Facundo Andr\u00e9s<\/a><br \/>\n<a title=\"ISRAILEV Mario\" href=\"https:\/\/www.facet.unt.edu.ar\/dcyoc\/docentes\/israilev-mario\/\">ISRAILEV, Mario<\/a><\/p>\n<hr \/>\n<p><a href=\"https:\/\/www.facet.unt.edu.ar\/iest\/integrantes\/jacinto-abel-c\/\" target=\"_blank\" rel=\"noopener noreferrer\">JACINTO, Carlos Abel<\/a><\/p>\n<hr \/>\n<p><a title=\"KARAMANEFF Pablo\" href=\"https:\/\/www.facet.unt.edu.ar\/dcyoc\/docentes\/karamaneff-pablo\/\">KARAMANEFF, Pablo Mart\u00edn<\/a><br \/>\n<a title=\"KATZ M\u00f3nica Cecilia\" href=\"https:\/\/www.facet.unt.edu.ar\/dcyoc\/docentes\/katz-monica-cecilia\/\">KATZ, M\u00f3nica Cecilia<\/a><\/p>\n<hr \/>\n<p><a title=\"LAZARTE SFER Roberto\" href=\"https:\/\/www.facet.unt.edu.ar\/dcyoc\/docentes\/lazarte-sfer-roberto\/\">LAZARTE SFER, Roberto Ricardo<\/a><br \/>\n<a title=\"LEZANA Ariel\" href=\"https:\/\/www.facet.unt.edu.ar\/dcyoc\/docentes\/lezana-ariel\/\">LEZANA, Ariel Jos\u00e9 Roberto<\/a><br \/>\n<a title=\"LOMBANA Evaristo\" href=\"https:\/\/www.facet.unt.edu.ar\/dcyoc\/docentes\/lombana-evaristo\/\">LOMBANA, Evaristo Jos\u00e9<\/a><br \/>\n<a title=\"L\u00d3PEZ Enrique\" href=\"https:\/\/www.facet.unt.edu.ar\/dcyoc\/docentes\/lopez-enrique\/\">L\u00d3PEZ, Enrique Guillermo<\/a><br \/>\n<a href=\"https:\/\/www.facet.unt.edu.ar\/iest\/integrantes\/luccioni-bibiana-maria\/\" target=\"_blank\" rel=\"noopener noreferrer\">LUCCIONI, Bibiana Mar\u00eda<\/a><br \/>\n<a title=\"LUCERO Mauricio\" href=\"https:\/\/www.facet.unt.edu.ar\/dcyoc\/docentes\/lucero-mauricio\/\">LUCERO, Enrique Mauricio<\/a><br \/>\n<a href=\"https:\/\/www.facet.unt.edu.ar\/iest\/integrantes\/lucero-javier\/\" target=\"_blank\" rel=\"noopener noreferrer\">LUCERO, Javier Bernardo<\/a><br \/>\n<a href=\"https:\/\/catedras.facet.unt.edu.ar\/compsci\/mluege\/\" target=\"_blank\" rel=\"noopener noreferrer\">LUEGE, Mariela<\/a><\/p>\n<hr \/>\n<p><a title=\"MADARIAGA Gerardo\" href=\"https:\/\/www.facet.unt.edu.ar\/dcyoc\/docentes\/madariaga-gerardo\/\">MADARIAGA, Gerardo C\u00e9sar<\/a><br \/>\n<a title=\"MARTEL Eduardo\" href=\"https:\/\/www.facet.unt.edu.ar\/dcyoc\/docentes\/martel-eduardo\/\">MARTEL, Jos\u00e9 Eduardo<\/a><br \/>\n<a title=\"MEDINA Estela Lourdes\" href=\"https:\/\/www.facet.unt.edu.ar\/dcyoc\/docentes\/medina-estela-lourdes\/\">MEDINA, Estela Lourdes<\/a><br \/>\n<a title=\"MIRRA Gustavo Rafael\" href=\"https:\/\/www.facet.unt.edu.ar\/dcyoc\/docentes\/mirra-gustavo-rafael\/\">MIRRA, Gustavo Rafael<\/a><br \/>\n<a href=\"https:\/\/www.facet.unt.edu.ar\/dcyoc\/docentes\/mohamed-sergio\/\">MOHAMED, Sergio Fernando<\/a><br \/>\n<a href=\"https:\/\/www.facet.unt.edu.ar\/iest\/integrantes\/molina-analia\/\" target=\"_blank\" rel=\"noopener noreferrer\">MOLINA TRIVI\u00d1O, Anal\u00eda de los \u00c1ngeles<\/a><br \/>\n<a title=\"MURAKI Luis Eduardo\" href=\"https:\/\/www.facet.unt.edu.ar\/dcyoc\/docentes\/muraki-luis-eduardo\/\">MURAKI, Lu\u00eds Eduardo<\/a><\/p>\n<p><a title=\"NANNI Florencia\" href=\"https:\/\/www.facet.unt.edu.ar\/dcyoc\/docentes\/633-2\/\">NANNI, Florencia<\/a><\/p>\n<hr \/>\n<p><a title=\"OJEDA Carlos\" href=\"https:\/\/www.facet.unt.edu.ar\/dcyoc\/docentes\/ojeda-carlos\/\">OJEDA, Carlos Emilio<\/a><br \/>\n<a title=\"OLIVER Marcelo\" href=\"https:\/\/www.facet.unt.edu.ar\/lms\/integrantes\/oliver-marcelo\/\" target=\"_blank\" rel=\"noopener noreferrer\">OLIVER, Marcelo Javier<\/a><\/p>\n<hr \/>\n<p><a title=\"PAGANI Sergio\" href=\"https:\/\/www.facet.unt.edu.ar\/lms\/integrantes\/pagani-sergio\/\" target=\"_blank\" rel=\"noopener noreferrer\">PAGANI, Sergio Jos\u00e9<\/a><br \/>\n<a title=\"PALACIO Dolores\" href=\"https:\/\/www.facet.unt.edu.ar\/dcyoc\/docentes\/palacio-dolores\/\">PALACIO, Dolores<\/a><br \/>\n<a title=\"PALACIOS Jos\u00e9\" href=\"https:\/\/www.facet.unt.edu.ar\/dcyoc\/docentes\/palacios-jose\/\">PALACIOS, Jos\u00e9 Antonio<\/a><br \/>\n<a title=\"PALACIOS Adriana\" href=\"https:\/\/www.facet.unt.edu.ar\/dcyoc\/docentes\/palacios-adriana\/\">PALACIOS, Silvia Adriana<\/a><br \/>\n<a href=\"https:\/\/www.facet.unt.edu.ar\/lem\/integrantes\/palazzi-silvia\/\" target=\"_blank\" rel=\"noopener noreferrer\">PALAZZI, Silvia Beatriz<\/a><br \/>\n<a href=\"https:\/\/www.facet.unt.edu.ar\/iest\/integrantes\/pascual-alberto\/\" target=\"_blank\" rel=\"noopener noreferrer\">PASCUAL, Pedro Alberto<\/a><br \/>\n<a title=\"PAZ Hugo Roger\" href=\"https:\/\/www.facet.unt.edu.ar\/dcyoc\/docentes\/paz-hugo-roger\/\">PAZ, Hugo Roger<\/a><br \/>\n<a title=\"PEDROSA Fabian\" href=\"https:\/\/www.facet.unt.edu.ar\/dcyoc\/docentes\/pedrosa-fabian\/\">PEDROSA, Fabian Enrique<\/a><br \/>\n<a href=\"https:\/\/www.facet.unt.edu.ar\/iest\/integrantes\/perez-gustavo-ariel\/\" target=\"_blank\" rel=\"noopener noreferrer\">P\u00c9REZ, Gustavo Ariel<\/a><br \/>\n<a title=\"PIEROBON Mario\" href=\"https:\/\/www.facet.unt.edu.ar\/dcyoc\/docentes\/pierobon-mario\/\">PIEROBON, Mario Gustavo<\/a><br \/>\n<a title=\"PONS Eugenia\" href=\"https:\/\/www.facet.unt.edu.ar\/lms\/integrantes\/pons-eugenia\/\" target=\"_blank\" rel=\"noopener noreferrer\">PONS, Mar\u00eda Eugenia<\/a><\/p>\n<hr \/>\n<p><a href=\"https:\/\/www.facet.unt.edu.ar\/iest\/integrantes\/ramallo-carlos\/\" target=\"_blank\" rel=\"noopener noreferrer\">RAMALLO, Juan Carlos<\/a><\/p>\n<p>RIVERO, Irina<br \/>\n<a title=\"ROBLEDO Guillermo\" href=\"https:\/\/www.facet.unt.edu.ar\/dcyoc\/docentes\/robledo-guillermo\/\">ROBLEDO, Juan Guillermo<\/a><br \/>\n<a title=\"RODR\u00cdGUEZ F\u00e1tima\" href=\"https:\/\/www.facet.unt.edu.ar\/dcyoc\/docentes\/rodriguez-fatima\/\">RODR\u00cdGUEZ SALINAS, F\u00e1tima Beatriz<\/a><br \/>\n<a title=\"RODR\u00cdGUEZ Horacio\" href=\"https:\/\/www.facet.unt.edu.ar\/dcyoc\/docentes\/rodriguez-horacio\/\">RODR\u00cdGUEZ, Horacio Roberto<\/a><\/p>\n<hr \/>\n<p><a href=\"https:\/\/www.facet.unt.edu.ar\/iest\/integrantes\/santucho-exequiel\/\" target=\"_blank\" rel=\"noopener noreferrer\">SANTUCHO, Exequiel Miguel \u00c1ngel<\/a><br \/>\n<a title=\"SEGURA Francisco\" href=\"https:\/\/www.facet.unt.edu.ar\/dcyoc\/docentes\/segura-francisco\/\">SEGURA, Francisco Ram\u00f3n<\/a><br \/>\n<a href=\"https:\/\/www.facet.unt.edu.ar\/iest\/integrantes\/sfer-domingo\/\" target=\"_blank\" rel=\"noopener noreferrer\">SFER, Domingo<\/a><br \/>\n<a title=\"SIR M\u00f3nica\" href=\"https:\/\/www.facet.unt.edu.ar\/dcyoc\/docentes\/sir-monica\/\">SIR, M\u00f3nica Claudia<\/a><br \/>\n<a title=\"SLY Elizabeth\" href=\"https:\/\/www.facet.unt.edu.ar\/dcyoc\/docentes\/sly-elizabeth\/\">SLY, Amanda Elizabeth<\/a><\/p>\n<p>TEPLITZKY, Santiago Ezequiel<\/p>\n<p>USANDIVARAS, Mar\u00eda Teresita<\/p>\n<hr \/>\n<p><a title=\"VRECH Sonia\" href=\"https:\/\/www.facet.unt.edu.ar\/dcyoc\/docentes\/vrech-sonia\/\">VRECH, Sonia Mariel<\/a><\/p>\n<hr \/>\n<p>&nbsp;<\/p>\n","protected":false},"excerpt":{"rendered":"<p>ABASCAL, Liliana AGUIRRE, H\u00e9ctor David AGUIRRE ZELAYA, Jorge ARGA\u00d1ARAZ S\u00c1ENZ, Paula Luciana ALMENAR, Mart\u00edn Ernesto AM\u00cdN, Domingo Lu\u00eds ANAYA, Hugo Daniel AR\u00c1OZ, Gabriel Francisco AR\u00c9VALO, Ricardo Atilio ARGA\u00d1AR\u00c1Z, Ramiro Fabi\u00e1n Estanislao AR\u00cdAS, Cristina del Valle ASC\u00c1RATE, Jos\u00e9 Ricardo BARBER, Hebe Marta BARLEK MENDOZA, Pablo Mariano BAZZANO, Flavia Marcela BLANCA, Alberto Daniel BLANCA, Rafael H\u00e9ctor &nbsp; [&hellip;]<\/p>\n","protected":false},"author":20,"featured_media":0,"parent":0,"menu_order":1,"comment_status":"closed","ping_status":"closed","template":"templates\/template-full.php","meta":[],"_links":{"self":[{"href":"https:\/\/www.facet.unt.edu.ar\/dcyoc\/wp-json\/wp\/v2\/pages\/182"}],"collection":[{"href":"https:\/\/www.facet.unt.edu.ar\/dcyoc\/wp-json\/wp\/v2\/pages"}],"about":[{"href":"https:\/\/www.facet.unt.edu.ar\/dcyoc\/wp-json\/wp\/v2\/types\/page"}],"author":[{"embeddable":true,"href":"https:\/\/www.facet.unt.edu.ar\/dcyoc\/wp-json\/wp\/v2\/users\/20"}],"replies":[{"embeddable":true,"href":"https:\/\/www.facet.unt.edu.ar\/dcyoc\/wp-json\/wp\/v2\/comments?post=182"}],"version-history":[{"count":19,"href":"https:\/\/www.facet.unt.edu.ar\/dcyoc\/wp-json\/wp\/v2\/pages\/182\/revisions"}],"predecessor-version":[{"id":1016,"href":"https:\/\/www.facet.unt.edu.ar\/dcyoc\/wp-json\/wp\/v2\/pages\/182\/revisions\/1016"}],"wp:attachment":[{"href":"https:\/\/www.facet.unt.edu.ar\/dcyoc\/wp-json\/wp\/v2\/media?parent=182"}],"curies":[{"name":"wp","href":"https:\/\/api.w.org\/{rel}","templated":true}]}}