{"id":224,"date":"2015-03-10T23:01:32","date_gmt":"2015-03-11T02:01:32","guid":{"rendered":"https:\/\/www.facet.unt.edu.ar\/dcyoc\/?page_id=224"},"modified":"2015-05-26T19:45:17","modified_gmt":"2015-05-26T22:45:17","slug":"proyectos","status":"publish","type":"page","link":"https:\/\/www.facet.unt.edu.ar\/dcyoc\/investigacion\/proyectos\/","title":{"rendered":"Proyectos"},"content":{"rendered":"<table style=\"width: 1080px\" border=\"0\" cellspacing=\"0\">\n<tbody>\n<tr>\n<td style=\"width: 100px;border-color: #ffffff;vertical-align: middle;text-align: center;background-color: #343538\">\n<h3><span style=\"color: #ffffff\"><strong>C\u00d3DIGO<\/strong><\/span><\/h3>\n<\/td>\n<td style=\"width: 370px;border-color: #ffffff;vertical-align: middle;text-align: center;background-color: #343538\">\n<h3><span style=\"color: #ffffff\"><strong>T\u00cdTULO<br \/>\n<\/strong><\/span><\/h3>\n<\/td>\n<td style=\"width: 240px;border-color: #ffffff;vertical-align: middle;text-align: center;background-color: #343538\">\n<h3><span style=\"color: #ffffff\"><strong>DIRECTOR<br \/>\n<\/strong><\/span><\/h3>\n<\/td>\n<td style=\"width: 370px;border-color: #ffffff;vertical-align: middle;text-align: center;background-color: #343538\">\n<h3><span style=\"color: #ffffff\"><strong>T\u00cdTULO DEL PROGRAMA<\/strong><strong><br \/>\n<\/strong><\/span><\/h3>\n<\/td>\n<\/tr>\n<tr>\n<td style=\"width: 100px;vertical-align: middle;text-align: center\">26\/E502<\/td>\n<td style=\"width: 370px;vertical-align: middle\"><a href=\"https:\/\/www.facet.unt.edu.ar\/iest\/proyectos\/evaluacion-y-rehabilitacion-de-puentes-ciunt-26-e502\/\" target=\"_blank\">Evaluaci\u00f3n y rehabilitaci\u00f3n de puentes<\/a><\/td>\n<td style=\"width: 240px;vertical-align: middle\">BARLEK, Jose Rodolfo<\/td>\n<td style=\"width: 370px;vertical-align: middle;text-align: center\">\u00a0&#8211;<\/td>\n<\/tr>\n<tr>\n<td style=\"width: 100px;vertical-align: middle;text-align: center\">26\/E511<\/td>\n<td style=\"width: 370px;vertical-align: middle\">Materiales porosos cuasi-fragiles: estudio experimental y modelaci\u00f3n computacional con enfoque multiesca-la y multif\u00edsico<\/td>\n<td style=\"width: 240px;vertical-align: middle\">ETSE, Jos\u00e9 Guillermo<\/td>\n<td style=\"width: 370px;vertical-align: middle;text-align: center\">&#8211;<\/td>\n<\/tr>\n<tr>\n<td style=\"width: 100px;vertical-align: middle;text-align: center\">26\/E520<\/td>\n<td style=\"width: 370px;vertical-align: middle\"><a title=\"Modelaci\u00f3n de nuevos materiales compuestos (CIUNT E520 2014-2018)\" href=\"https:\/\/www.facet.unt.edu.ar\/iest\/proyectos\/modelacion-de-nuevos-materiales-compuestos-ciunt-26-e520\/\" target=\"_blank\">Modelaci\u00f3n de nuevos materiales compuestos<\/a><\/td>\n<td style=\"width: 240px;vertical-align: middle\">LUCCIONI, Bibiana Maria<\/td>\n<td style=\"width: 370px;vertical-align: middle;text-align: center\">\u00a0&#8211;<\/td>\n<\/tr>\n<tr>\n<td style=\"width: 100px;vertical-align: middle;text-align: center\">26\/E527<\/td>\n<td style=\"width: 370px;vertical-align: middle\"><a href=\"https:\/\/www.facet.unt.edu.ar\/iest\/proyectos\/modelacion-energetica-de-la-fractura-ductil-simulaciones-numericas-y-experimentales-ciunt-26-e527\/\" target=\"_blank\">Modelaci\u00f3n energ\u00e9tica de la fractura d\u00factil: simulaciones num\u00e9ricas y experimentales<\/a><\/td>\n<td style=\"width: 240px;vertical-align: middle\">ORLANDO, Antonio<\/td>\n<td style=\"width: 370px;vertical-align: middle;text-align: center\">&#8211;<\/td>\n<\/tr>\n<tr>\n<td style=\"width: 100px;vertical-align: middle;text-align: center\">26\/E528<\/td>\n<td style=\"width: 370px;vertical-align: middle\"><a href=\"https:\/\/www.facet.unt.edu.ar\/lem\/investigacion\/proyectos\/valoracion-de-residuos-industriales-producidos-en-tucuman-como-componentes-de-materiales-de-construccion-ciunt-26-e528\" target=\"_blank\">Valoraci\u00f3n de residuos industriales producidos en Tucum\u00e1n como componentes de materiales de construcci\u00f3n<\/a><\/td>\n<td style=\"width: 240px;vertical-align: middle\">PALAZZI, Silvia Beatriz<\/td>\n<td style=\"width: 370px;vertical-align: middle;text-align: center\">\u00a0&#8211;<\/td>\n<\/tr>\n<tr>\n<td style=\"width: 100px;vertical-align: middle;text-align: center\">26\/E545\/1<\/td>\n<td style=\"width: 370px;vertical-align: middle\"><a href=\"https:\/\/www.facet.unt.edu.ar\/iest\/proyectos\/evaluacion-post-sismo-basada-en-el-indice-de-capacidad-residual-ciunt-26-e545-1\/\" target=\"_blank\">Evaluaci\u00f3n Post &#8211; Sismo Basada en el \u00cdndice de Capacidad Residual<\/a><\/td>\n<td style=\"width: 240px;vertical-align: middle\">GALINDEZ, Enrique Emilio<\/td>\n<td style=\"width: 370px;vertical-align: middle\" rowspan=\"4\">\u00a0<a href=\"https:\/\/www.facet.unt.edu.ar\/iest\/programas\/\" target=\"_blank\">Evaluaci\u00f3n, Rehabilitaci\u00f3n y Refuerzo de Construcciones<\/a><\/td>\n<\/tr>\n<tr>\n<td style=\"width: 100px;vertical-align: middle;text-align: center\">26\/E545\/2<\/td>\n<td style=\"width: 370px;vertical-align: middle\">\n<div><a title=\"Estudio del Potencial de Licuefacci\u00f3n de los Suelos de San Miguel de Tucum\u00e1n (CIUNT 26\/E545\/2)\" href=\"https:\/\/www.facet.unt.edu.ar\/lms\/proyectos\/estudio-del-potencial-de-licuefaccion-de-los-suelos-de-san-miguel-de-tucuman-ciunt-26-e545-2\/\" target=\"_blank\">Estudio del Potencial de Licuefacci\u00f3n de los Suelos de San Miguel de Tucum\u00e1n<\/a><\/div>\n<\/td>\n<td style=\"width: 240px;vertical-align: middle\">\n<div>PAGANI, Sergio Jos\u00e9<\/div>\n<\/td>\n<\/tr>\n<tr>\n<td style=\"width: 100px;vertical-align: middle;text-align: center\">26\/E545\/3<\/td>\n<td style=\"width: 370px;vertical-align: middle\"><a href=\"https:\/\/www.facet.unt.edu.ar\/iest\/proyectos\/evaluacion-de-la-vulnerabilidad-sismica-de-estructuras-aplicacion-a-puentes-y-presas-del-noa\/\" target=\"_blank\">Evaluaci\u00f3n de la Vulnerabilidad S\u00edsmica de Estructuras: Aplicaci\u00f3n a Puentes y Presas del NOA<\/a><\/td>\n<td style=\"width: 240px;vertical-align: middle\">PEREZ, Gustavo Ariel<\/td>\n<\/tr>\n<tr>\n<td style=\"width: 100px;vertical-align: middle;text-align: center\">26\/E545\/4<\/td>\n<td style=\"width: 370px;vertical-align: middle\"><a title=\"Estudio Experimental y Numerico de la Reparaci\u00f3n Estructural con Hormigon Reforzado con Fibras (CIUNT 26\/E545\/4)\" href=\"https:\/\/www.facet.unt.edu.ar\/iest\/proyectos\/estudio-experimental-y-numerico-de-la-reparacion-estructural-con-hormigon-reforzado-con-fibras-ciunt-26-e545-4\/\" target=\"_blank\">Estudio Experimental y Num\u00e9rico de la Reparaci\u00f3n Estructural con Hormig\u00f3n Reforzado con Fibras<\/a><\/td>\n<td style=\"width: 240px;vertical-align: middle\">SFER, Domingo<\/td>\n<\/tr>\n<tr>\n<td style=\"width: 100px;vertical-align: middle;text-align: center\">PICT-2013-1740<\/td>\n<td style=\"width: 370px;vertical-align: middle\"><a title=\"Hormigones de altas y ultra altas prestaciones reforzados con fibras h\u00edbridas para estructuras bajo cargas extremas (PICT-2013-1740)\" href=\"https:\/\/www.facet.unt.edu.ar\/iest\/investigacion\/hormigones-de-altas-y-ultra-altas-prestaciones-reforzados-con-fibras-hibridas-para-estructuras-bajo-cargas-extremas-pict-2013-1740\/\" target=\"_blank\">Hormigones de altas y ultra altas prestaciones reforzados con fibras h\u00edbridas para estructuras bajo cargas extremas<\/a><\/td>\n<td style=\"width: 240px;vertical-align: middle\">LUCCIONI, Bibiana Maria<\/td>\n<td style=\"width: 370px;vertical-align: middle;text-align: center\">\u00a0&#8211;<\/td>\n<\/tr>\n<tr>\n<td style=\"width: 100px;vertical-align: middle;text-align: center\">PICT 2011-0094<\/td>\n<td style=\"width: 370px;vertical-align: middle\"><a title=\"Modelaci\u00f3n Variacional de la Fractura en Materiales Cuasi-Fr\u00e1giles\" href=\"https:\/\/www.facet.unt.edu.ar\/iest\/proyectos\/modelacion-variacional-de-la-fractura-en-materiales-cuasi-fragiles\/\" target=\"_blank\">Modelaci\u00f3n Variacional de la Fractura en Materiales Cuasi-Fr\u00e1giles<\/a><\/td>\n<td style=\"width: 240px;vertical-align: middle\">LUEGE, Mariela<\/td>\n<td style=\"width: 370px;vertical-align: middle;text-align: center\">\u00a0&#8211;<\/td>\n<\/tr>\n<tr>\n<td style=\"width: 100px;vertical-align: middle;text-align: center\">PIP CONICET 2011-0105<\/td>\n<td style=\"width: 370px;vertical-align: middle\"><a title=\"Modelos No Lineales para Materiales Compuestos (PIP CONICET)\" href=\"https:\/\/www.facet.unt.edu.ar\/iest\/proyectos\/modelos-no-lineales-para-materiales-compuestos-pip-conicet\/\" target=\"_blank\">Modelos No Lineales para Materiales Compuestos<\/a><\/td>\n<td style=\"width: 240px;vertical-align: middle\">LUCCIONI, Bibiana Maria<\/td>\n<td style=\"width: 370px;vertical-align: middle;text-align: center\">\u00a0&#8211;<\/td>\n<\/tr>\n<\/tbody>\n<\/table>\n<p>&nbsp;<\/p>\n","protected":false},"excerpt":{"rendered":"<p>C\u00d3DIGO T\u00cdTULO DIRECTOR T\u00cdTULO DEL PROGRAMA 26\/E502 Evaluaci\u00f3n y rehabilitaci\u00f3n de puentes BARLEK, Jose Rodolfo \u00a0&#8211; 26\/E511 Materiales porosos cuasi-fragiles: estudio experimental y modelaci\u00f3n computacional con enfoque multiesca-la y multif\u00edsico ETSE, Jos\u00e9 Guillermo &#8211; 26\/E520 Modelaci\u00f3n de nuevos materiales compuestos LUCCIONI, Bibiana Maria \u00a0&#8211; 26\/E527 Modelaci\u00f3n energ\u00e9tica de la fractura d\u00factil: simulaciones num\u00e9ricas y experimentales [&hellip;]<\/p>\n","protected":false},"author":20,"featured_media":0,"parent":137,"menu_order":0,"comment_status":"closed","ping_status":"closed","template":"templates\/template-full-notitle.php","meta":[],"_links":{"self":[{"href":"https:\/\/www.facet.unt.edu.ar\/dcyoc\/wp-json\/wp\/v2\/pages\/224"}],"collection":[{"href":"https:\/\/www.facet.unt.edu.ar\/dcyoc\/wp-json\/wp\/v2\/pages"}],"about":[{"href":"https:\/\/www.facet.unt.edu.ar\/dcyoc\/wp-json\/wp\/v2\/types\/page"}],"author":[{"embeddable":true,"href":"https:\/\/www.facet.unt.edu.ar\/dcyoc\/wp-json\/wp\/v2\/users\/20"}],"replies":[{"embeddable":true,"href":"https:\/\/www.facet.unt.edu.ar\/dcyoc\/wp-json\/wp\/v2\/comments?post=224"}],"version-history":[{"count":23,"href":"https:\/\/www.facet.unt.edu.ar\/dcyoc\/wp-json\/wp\/v2\/pages\/224\/revisions"}],"predecessor-version":[{"id":839,"href":"https:\/\/www.facet.unt.edu.ar\/dcyoc\/wp-json\/wp\/v2\/pages\/224\/revisions\/839"}],"up":[{"embeddable":true,"href":"https:\/\/www.facet.unt.edu.ar\/dcyoc\/wp-json\/wp\/v2\/pages\/137"}],"wp:attachment":[{"href":"https:\/\/www.facet.unt.edu.ar\/dcyoc\/wp-json\/wp\/v2\/media?parent=224"}],"curies":[{"name":"wp","href":"https:\/\/api.w.org\/{rel}","templated":true}]}}