{"id":591,"date":"2015-03-14T17:36:30","date_gmt":"2015-03-14T20:36:30","guid":{"rendered":"https:\/\/www.facet.unt.edu.ar\/dcyoc\/?page_id=591"},"modified":"2015-03-28T23:38:05","modified_gmt":"2015-03-29T02:38:05","slug":"garcia-viviana-fatima","status":"publish","type":"page","link":"https:\/\/www.facet.unt.edu.ar\/dcyoc\/docentes\/garcia-viviana-fatima\/","title":{"rendered":"GARC\u00cdA Viviana F\u00e1tima"},"content":{"rendered":"<h2>Ing. GARC\u00cdA Viviana F\u00e1tima<\/h2>\n<div>\n<table style=\"width: 750px;border-color: #ffffff\">\n<tbody>\n<tr>\n<td style=\"width: 350px;height: 300px;text-align: center;vertical-align: middle;background-color: #ffffff\"><img decoding=\"async\" loading=\"lazy\" class=\" wp-image-512 alignnone\" src=\"https:\/\/www.facet.unt.edu.ar\/dcyoc\/wp-content\/uploads\/sites\/23\/2015\/03\/foto_cv_2-300x300.jpg\" alt=\"foto_cv_2\" width=\"300\" height=\"300\" srcset=\"https:\/\/www.facet.unt.edu.ar\/dcyoc\/wp-content\/uploads\/sites\/23\/2015\/03\/foto_cv_2-300x300.jpg 300w, https:\/\/www.facet.unt.edu.ar\/dcyoc\/wp-content\/uploads\/sites\/23\/2015\/03\/foto_cv_2-150x150.jpg 150w, https:\/\/www.facet.unt.edu.ar\/dcyoc\/wp-content\/uploads\/sites\/23\/2015\/03\/foto_cv_2.jpg 400w\" sizes=\"(max-width: 300px) 100vw, 300px\" \/><\/td>\n<td style=\"width: 400px;height: 300px;border-color: #ffffff;vertical-align: top\">\n<p style=\"padding-left: 30px\"><span style=\"font-family: 'times new roman', times\">Laboratorio de Construcciones Hidr\u00e1ulicas<\/span><\/p>\n<p style=\"padding-left: 30px\"><span style=\"font-size: 12pt;font-family: 'times new roman', times\">Dpto. de Construcciones y Obras Civiles<\/span><\/p>\n<p style=\"padding-left: 30px\"><span style=\"font-size: 12pt;font-family: 'times new roman', times\"><a href=\"https:\/\/www.facet.unt.edu.ar\/\" target=\"_blank\">Facultad de Ciencias Exactas y Tecnolog\u00eda<\/a><\/span><\/p>\n<p style=\"padding-left: 30px\"><span style=\"font-size: 12pt;font-family: 'times new roman', times\"><a href=\"http:\/\/www.unt.edu.ar\/\" target=\"_blank\">Universidad Nacional de Tucum\u00e1n<\/a><\/span><\/p>\n<p style=\"padding-left: 30px\"><span style=\"font-size: 12pt;font-family: 'times new roman', times\">Av. Independencia 1800 \u2013 CP 4000<\/span><\/p>\n<p style=\"padding-left: 30px\"><span style=\"font-size: 12pt;font-family: 'times new roman', times\">San Miguel de Tucum\u00e1n, Tucum\u00e1n, Argentina<\/span><\/p>\n<p style=\"padding-left: 30px\"><span style=\"font-size: 12pt;font-family: 'times new roman', times\">Tel\/Fax Lab.: +54 (0) 381 4236909<\/span><\/p>\n<p style=\"padding-left: 30px\"><span style=\"font-size: 12pt;font-family: 'times new roman', times\">e-mail: vgarcia@herrera.unt.edu.ar<\/span><\/p>\n<\/td>\n<\/tr>\n<\/tbody>\n<\/table>\n<\/div>\n<p>&nbsp;<\/p>\n<h4 style=\"text-align: justify\">T\u00edtulos<\/h4>\n<ul style=\"text-align: justify\">\n<li>Ingeniero Civil.<\/li>\n<\/ul>\n<h4 style=\"text-align: justify\">Docencia<\/h4>\n<ul style=\"text-align: justify\">\n<li>Profesor Adjunto, con Semi Dedicaci\u00f3n en Mec\u00e1nica de Los Fluidos\/Ingenier\u00eda Civil. Hidr\u00e1ulica Para Agrimensores\/Agrimensura e Ingenier\u00eda Geod\u00e9sica y Geof\u00edsica.<\/li>\n<\/ul>\n<h4 style=\"text-align: justify\">Gesti\u00f3n<\/h4>\n<ul style=\"text-align: justify\">\n<li>Docente del Dictado del Curso de Ingreso a la FACET de la U.N.T., desde el 20.12.96, al 15.04.97.<\/li>\n<li>Miembro Titular de la Comisi\u00f3n Permanente de Ingreso a la FACET de la UNT, desde mayo de 1.997, hasta el 24.03.00.<\/li>\n<li>Colaboradora en el Ingreso a la FACET de la UNT, desde 18.12.97 al 09.03.98.<\/li>\n<li>Designada Jurado en Concursos para cubrir cargos de Auxiliar Docente Graduado y Ayudantes Estudiantiles.<\/li>\n<\/ul>\n<h4 style=\"text-align: justify\">Investigaci\u00f3n<\/h4>\n<ul style=\"text-align: justify\">\n<li>Integrante del Equipo de Trabajo del Proyecto de Investigaci\u00f3n \u201cMEJORAMIIENTO DE LOS PROCESOS Y SUS PRODUCTOS HACIA LA GLOBALIZACION\u201d, bajo la direcci\u00f3n de la Ing. Susana B. Chauvet, Facultad Ciencias Exactas y Tecnolog\u00eda U.N.T., julio 1.999-2.001.<\/li>\n<li>Integrante del Equipo de Trabajo del proyecto de investigaci\u00f3n \u201cLA CALIDAD DE LOS PROCESOS COMO FACTOR DE DESARROLLO\u201d, bajo la direcci\u00f3n de la Ing. Susana B. Chauvet, Facultad Ciencias Exactas y Tecnolog\u00eda U.N.T., 2.001-2.003.<\/li>\n<\/ul>\n<h4 style=\"text-align: justify\">Extensi\u00f3n<\/h4>\n<ul>\n<li style=\"text-align: justify\">Dictado de Cursos y Talleres sobre Temas de Calidad en: Escuela T\u00e9cnica N\u00ba 1 \u201cProfesor Rafael Marino\u201d, Taf\u00ed Viejo, Tucum\u00e1n. \u201cInstituto Santa Catalina de Siena\u201d, San Miguel de Tucum\u00e1n, Tucum\u00e1n. \u201cColegio Suizo\u201d,San Miguel de Tucum\u00e1n, Tucum\u00e1n.<\/li>\n<\/ul>\n","protected":false},"excerpt":{"rendered":"<p>Ing. GARC\u00cdA Viviana F\u00e1tima Laboratorio de Construcciones Hidr\u00e1ulicas Dpto. de Construcciones y Obras Civiles Facultad de Ciencias Exactas y Tecnolog\u00eda Universidad Nacional de Tucum\u00e1n Av. Independencia 1800 \u2013 CP 4000 San Miguel de Tucum\u00e1n, Tucum\u00e1n, Argentina Tel\/Fax Lab.: +54 (0) 381 4236909 e-mail: vgarcia@herrera.unt.edu.ar &nbsp; T\u00edtulos Ingeniero Civil. Docencia Profesor Adjunto, con Semi Dedicaci\u00f3n en [&hellip;]<\/p>\n","protected":false},"author":20,"featured_media":0,"parent":182,"menu_order":36,"comment_status":"closed","ping_status":"closed","template":"templates\/template-full-notitle.php","meta":[],"_links":{"self":[{"href":"https:\/\/www.facet.unt.edu.ar\/dcyoc\/wp-json\/wp\/v2\/pages\/591"}],"collection":[{"href":"https:\/\/www.facet.unt.edu.ar\/dcyoc\/wp-json\/wp\/v2\/pages"}],"about":[{"href":"https:\/\/www.facet.unt.edu.ar\/dcyoc\/wp-json\/wp\/v2\/types\/page"}],"author":[{"embeddable":true,"href":"https:\/\/www.facet.unt.edu.ar\/dcyoc\/wp-json\/wp\/v2\/users\/20"}],"replies":[{"embeddable":true,"href":"https:\/\/www.facet.unt.edu.ar\/dcyoc\/wp-json\/wp\/v2\/comments?post=591"}],"version-history":[{"count":4,"href":"https:\/\/www.facet.unt.edu.ar\/dcyoc\/wp-json\/wp\/v2\/pages\/591\/revisions"}],"predecessor-version":[{"id":758,"href":"https:\/\/www.facet.unt.edu.ar\/dcyoc\/wp-json\/wp\/v2\/pages\/591\/revisions\/758"}],"up":[{"embeddable":true,"href":"https:\/\/www.facet.unt.edu.ar\/dcyoc\/wp-json\/wp\/v2\/pages\/182"}],"wp:attachment":[{"href":"https:\/\/www.facet.unt.edu.ar\/dcyoc\/wp-json\/wp\/v2\/media?parent=591"}],"curies":[{"name":"wp","href":"https:\/\/api.w.org\/{rel}","templated":true}]}}