{"id":621,"date":"2015-03-14T18:20:44","date_gmt":"2015-03-14T21:20:44","guid":{"rendered":"https:\/\/www.facet.unt.edu.ar\/dcyoc\/?page_id=621"},"modified":"2016-10-18T17:14:56","modified_gmt":"2016-10-18T20:14:56","slug":"madariaga-gerardo","status":"publish","type":"page","link":"https:\/\/www.facet.unt.edu.ar\/dcyoc\/docentes\/madariaga-gerardo\/","title":{"rendered":"MADARIAGA Gerardo"},"content":{"rendered":"<h2>Ing. MADARIAGA Gerardo C\u00e9sar<\/h2>\n<div>\n<table style=\"width: 750px;border-color: #ffffff\">\n<tbody>\n<tr style=\"height: 300.813px\">\n<td style=\"width: 350px;height: 300.813px;text-align: center;vertical-align: middle;background-color: #ffffff\"><img decoding=\"async\" loading=\"lazy\" class=\"wp-image-904 size-medium\" src=\"https:\/\/www.facet.unt.edu.ar\/dcyoc\/wp-content\/uploads\/sites\/23\/2016\/10\/GerardoMadariaga-300x300.jpg\" width=\"300\" height=\"300\" srcset=\"https:\/\/www.facet.unt.edu.ar\/dcyoc\/wp-content\/uploads\/sites\/23\/2016\/10\/GerardoMadariaga-300x300.jpg 300w, https:\/\/www.facet.unt.edu.ar\/dcyoc\/wp-content\/uploads\/sites\/23\/2016\/10\/GerardoMadariaga-150x150.jpg 150w, https:\/\/www.facet.unt.edu.ar\/dcyoc\/wp-content\/uploads\/sites\/23\/2016\/10\/GerardoMadariaga.jpg 570w\" sizes=\"(max-width: 300px) 100vw, 300px\" \/><\/td>\n<td style=\"width: 400px;height: 300.813px;border-color: #ffffff;vertical-align: top\">\n<p style=\"padding-left: 30px\"><span style=\"font-size: 12pt;font-family: 'times new roman', times\">Dpto. de Construcciones y Obras Civiles<\/span><\/p>\n<p style=\"padding-left: 30px\"><span style=\"font-size: 12pt;font-family: 'times new roman', times\"><a href=\"https:\/\/www.facet.unt.edu.ar\/\" target=\"_blank\">Facultad de Ciencias Exactas y Tecnolog\u00eda<\/a><\/span><\/p>\n<p style=\"padding-left: 30px\"><span style=\"font-size: 12pt;font-family: 'times new roman', times\"><a href=\"http:\/\/www.unt.edu.ar\/\" target=\"_blank\">Universidad Nacional de Tucum\u00e1n<\/a><\/span><\/p>\n<p style=\"padding-left: 30px\"><span style=\"font-size: 12pt;font-family: 'times new roman', times\">Av. Independencia 1800 \u2013 CP 4000<\/span><\/p>\n<p style=\"padding-left: 30px\"><span style=\"font-size: 12pt;font-family: 'times new roman', times\">San Miguel de Tucum\u00e1n, Tucum\u00e1n, Argentina<\/span><\/p>\n<p style=\"padding-left: 30px\"><span style=\"font-size: 12pt;font-family: 'times new roman', times\">Tel\/Fax Lab.: +54 (0) 381 4364093 Int.<\/span><\/p>\n<p style=\"padding-left: 30px\"><span style=\"font-size: 12pt;font-family: 'times new roman', times\">e-mail: gmadariaga@herrera.unt.edu.ar<\/span><\/p>\n<\/td>\n<\/tr>\n<\/tbody>\n<\/table>\n<p>&nbsp;<\/p>\n<h3 style=\"text-align: justify\"><strong>T\u00edtulos<\/strong><\/h3>\n<ul style=\"text-align: justify\">\n<li>T\u00e9cnico Constructor, Instituto T\u00e9cnico (U.N.T.).<\/li>\n<li>Ingeniero Civil, orientaci\u00f3n Estructuras, Facultad de Ciencias Exactas y Tecnolog\u00eda (U.N.T.).<\/li>\n<\/ul>\n<h3 style=\"text-align: justify\"><strong>Docencia<\/strong><\/h3>\n<ul style=\"text-align: justify\">\n<li>Profesor Adjunto, con Media Dedicaci\u00f3n en Estabilidad III, Carrera de Ingenier\u00eda Civil de la U.N.T.<\/li>\n<li>Profesor Adjunto, con Dedicaci\u00f3n Simple en Estabilidad y Resistencia de Materiales, Carrera de Ingenier\u00eda Industrial de la U.N.T.<\/li>\n<li>Profesor Adjunto, con Media Dedicaci\u00f3n Estructuras II y Estructuras III, Carrera de Arquitectura de la U.N.T.<\/li>\n<li>Elaboraci\u00f3n de Publicaciones con fines docentes.<\/li>\n<\/ul>\n<h3 style=\"text-align: justify\"><strong>Formaci\u00f3n y Perfeccionamiento<\/strong><\/h3>\n<ul style=\"text-align: justify\">\n<li>Realizaci\u00f3n de diversos Cursos.<\/li>\n<li>Asistencias a Seminarios, Capacitaciones y Congresos.<\/li>\n<li>Realizaci\u00f3n de Cursos de Posgrado.<\/li>\n<li>Dictado de Cursos de Capacitaci\u00f3n Docente en Seguridad.<\/li>\n<\/ul>\n<h3 style=\"text-align: justify\"><strong>Gesti\u00f3n<\/strong><\/h3>\n<ul style=\"text-align: justify\">\n<li>Miembro de Comisi\u00f3n de Prioridades del Departamento de Construcciones y Obras Civiles de la Facultad de Ciencias Exactas y Tecnolog\u00eda de la U.N.T.<\/li>\n<li>Coordinador de Area de Seguridad y Gesti\u00f3n Institucional de la Facultad de Ciencias Exactas y Tecnolog\u00eda de la U.N.T.-<\/li>\n<li>Coordinador Ejecutivo de la Comisi\u00f3n de Seguridad y Salud Ocupacional de la Facultad de Ciencias Exactas y Tecnolog\u00eda de la U.N.T<\/li>\n<li>Representante de la FaCET en el Comit\u00e9 de Higiene y Seguridad de las Facultades dependiente del Vicerrectorado\u00a0 de la U.N.T<\/li>\n<li>Coordinador del Comit\u00e9 de Higiene y Seguridad de las Facultades dependiente del Vicerrectorado de la U.N.T<\/li>\n<li>Participaci\u00f3n como miembro de Jurados en Concursos y Evaluaciones Acad\u00e9micas.<\/li>\n<\/ul>\n<h3 style=\"text-align: justify\"><strong>\u00a0<\/strong><strong>Actividad Profesional<\/strong><\/h3>\n<ul style=\"text-align: justify\">\n<li>Representante T\u00e9cnico de Consultoras Privadas Especializadas en Proyectos y Ejecuci\u00f3n de Estaciones Transformadoras y L\u00edneas de Alta Tensi\u00f3n.<\/li>\n<li>Consultor de Empresas Internacionales de Proyectos de Estaciones Transformadoras y L\u00edneas de Alta Tensi\u00f3n.<\/li>\n<li>Proyecto, Direcci\u00f3n T\u00e9cnica y Administraci\u00f3n de variadas obras de Arquitectura e Ingenier\u00eda.<\/li>\n<li>Construcci\u00f3n de diversos Edificios de Viviendas Particulares.<\/li>\n<\/ul>\n<\/div>\n","protected":false},"excerpt":{"rendered":"<p>Ing. MADARIAGA Gerardo C\u00e9sar Dpto. de Construcciones y Obras Civiles Facultad de Ciencias Exactas y Tecnolog\u00eda Universidad Nacional de Tucum\u00e1n Av. Independencia 1800 \u2013 CP 4000 San Miguel de Tucum\u00e1n, Tucum\u00e1n, Argentina Tel\/Fax Lab.: +54 (0) 381 4364093 Int. e-mail: gmadariaga@herrera.unt.edu.ar &nbsp; T\u00edtulos T\u00e9cnico Constructor, Instituto T\u00e9cnico (U.N.T.). Ingeniero Civil, orientaci\u00f3n Estructuras, Facultad de Ciencias [&hellip;]<\/p>\n","protected":false},"author":20,"featured_media":0,"parent":182,"menu_order":63,"comment_status":"closed","ping_status":"closed","template":"templates\/template-full-notitle.php","meta":[],"_links":{"self":[{"href":"https:\/\/www.facet.unt.edu.ar\/dcyoc\/wp-json\/wp\/v2\/pages\/621"}],"collection":[{"href":"https:\/\/www.facet.unt.edu.ar\/dcyoc\/wp-json\/wp\/v2\/pages"}],"about":[{"href":"https:\/\/www.facet.unt.edu.ar\/dcyoc\/wp-json\/wp\/v2\/types\/page"}],"author":[{"embeddable":true,"href":"https:\/\/www.facet.unt.edu.ar\/dcyoc\/wp-json\/wp\/v2\/users\/20"}],"replies":[{"embeddable":true,"href":"https:\/\/www.facet.unt.edu.ar\/dcyoc\/wp-json\/wp\/v2\/comments?post=621"}],"version-history":[{"count":5,"href":"https:\/\/www.facet.unt.edu.ar\/dcyoc\/wp-json\/wp\/v2\/pages\/621\/revisions"}],"predecessor-version":[{"id":905,"href":"https:\/\/www.facet.unt.edu.ar\/dcyoc\/wp-json\/wp\/v2\/pages\/621\/revisions\/905"}],"up":[{"embeddable":true,"href":"https:\/\/www.facet.unt.edu.ar\/dcyoc\/wp-json\/wp\/v2\/pages\/182"}],"wp:attachment":[{"href":"https:\/\/www.facet.unt.edu.ar\/dcyoc\/wp-json\/wp\/v2\/media?parent=621"}],"curies":[{"name":"wp","href":"https:\/\/api.w.org\/{rel}","templated":true}]}}