{"id":623,"date":"2015-03-14T18:21:44","date_gmt":"2015-03-14T21:21:44","guid":{"rendered":"https:\/\/www.facet.unt.edu.ar\/dcyoc\/?page_id=623"},"modified":"2015-03-28T22:27:00","modified_gmt":"2015-03-29T01:27:00","slug":"malinar-luis-maximiliano","status":"publish","type":"page","link":"https:\/\/www.facet.unt.edu.ar\/dcyoc\/docentes\/malinar-luis-maximiliano\/","title":{"rendered":"MALINAR Lu\u00eds Maximiliano"},"content":{"rendered":"<h2>Mg. Ing. MALINAR Lu\u00eds Maximiliano<\/h2>\n<div>\n<table style=\"width: 750px;border-color: #ffffff\">\n<tbody>\n<tr>\n<td style=\"width: 350px;height: 300px;text-align: center;vertical-align: middle;background-color: #ffffff\"><img decoding=\"async\" loading=\"lazy\" class=\" wp-image-511 alignnone\" src=\"https:\/\/www.facet.unt.edu.ar\/dcyoc\/wp-content\/uploads\/sites\/23\/2015\/03\/foto_cv_1-300x300.jpg\" alt=\"foto_cv_1\" width=\"300\" height=\"300\" srcset=\"https:\/\/www.facet.unt.edu.ar\/dcyoc\/wp-content\/uploads\/sites\/23\/2015\/03\/foto_cv_1-300x300.jpg 300w, https:\/\/www.facet.unt.edu.ar\/dcyoc\/wp-content\/uploads\/sites\/23\/2015\/03\/foto_cv_1-150x150.jpg 150w, https:\/\/www.facet.unt.edu.ar\/dcyoc\/wp-content\/uploads\/sites\/23\/2015\/03\/foto_cv_1.jpg 400w\" sizes=\"(max-width: 300px) 100vw, 300px\" \/><\/td>\n<td style=\"width: 400px;height: 300px;border-color: #ffffff;vertical-align: top\">\n<p style=\"padding-left: 30px\"><span style=\"font-family: 'times new roman', times\">Laboratorio de Construcciones Hidr\u00e1ulicas<\/span><\/p>\n<p style=\"padding-left: 30px\"><span style=\"font-size: 12pt;font-family: 'times new roman', times\">Dpto. de Construcciones y Obras Civiles<\/span><\/p>\n<p style=\"padding-left: 30px\"><span style=\"font-size: 12pt;font-family: 'times new roman', times\"><a href=\"https:\/\/www.facet.unt.edu.ar\/\" target=\"_blank\">Facultad de Ciencias Exactas y Tecnolog\u00eda<\/a><\/span><\/p>\n<p style=\"padding-left: 30px\"><span style=\"font-size: 12pt;font-family: 'times new roman', times\"><a href=\"http:\/\/www.unt.edu.ar\/\" target=\"_blank\">Universidad Nacional de Tucum\u00e1n<\/a><\/span><\/p>\n<p style=\"padding-left: 30px\"><span style=\"font-size: 12pt;font-family: 'times new roman', times\">Av. Independencia 1800 \u2013 CP 4000<\/span><\/p>\n<p style=\"padding-left: 30px\"><span style=\"font-size: 12pt;font-family: 'times new roman', times\">San Miguel de Tucum\u00e1n, Tucum\u00e1n, Argentina<\/span><\/p>\n<p style=\"padding-left: 30px\"><span style=\"font-size: 12pt;font-family: 'times new roman', times\">Tel\/Fax Lab.: +54 (0) 381 4907318<\/span><\/p>\n<p style=\"padding-left: 30px\"><span style=\"font-size: 12pt;font-family: 'times new roman', times\">e-mail: lmalinar@herrera.unt.edu.ar<\/span><\/p>\n<\/td>\n<\/tr>\n<\/tbody>\n<\/table>\n<\/div>\n<p>&nbsp;<\/p>\n<h4>T\u00edtulos<\/h4>\n<ul>\n<li>Ingeniero Civil (U.N.T.).<\/li>\n<li>Master Ejecutivo en Direcci\u00f3n de Empresas &#8211; Fundaci\u00f3n del Tucum\u00e1n y Universidad Cat\u00f3lica de Valparaiso (Chile).<\/li>\n<\/ul>\n<h4>Especialidad<\/h4>\n<ul>\n<li>Hidr\u00e1ulica \/ Direcci\u00f3n de Empresas.<\/li>\n<\/ul>\n<h4>Docencia<\/h4>\n<ul>\n<li>Profesor Titular, con Media Dedicaci\u00f3n en Mec\u00e1nica de Los Fluidos (Ingenier\u00eda Civil). Hidr\u00e1ulica Para Agrimensores (Agrimensura) e Hidr\u00e1ulica (Ingenier\u00eda Geod\u00e9sica y Geof\u00edsica).<\/li>\n<\/ul>\n<h4>Actividad Profesional<\/h4>\n<ul>\n<li>Secretario de Obras y Servicios P\u00fablicos de la Municipalidad de Yerba Buena (2005-2007).<\/li>\n<li>Experto contratado por el Consejo Federal de Inversiones para realizar el \u201cEstudio Preliminar y Diagn\u00f3stico del Plan Director de los Desag\u00fces Pluviales \u2013 1\u00aa Etapa. Proyecto Ejecutivo para el Fortalecimiento de la Infraestructura H\u00eddrica de la Ciudad de Perico: Canal de Defensa Sur\u201d en la Provincia de Jujuy. A\u00f1o 2007.<\/li>\n<li>Asesor para la revisi\u00f3n y preparaci\u00f3n de los pliegos de condiciones, an\u00e1lisis de precios, c\u00f3mputos m\u00e9tricos y presupuestos para los Proyectos Ejecutivos de la obras de desag\u00fces pluviales: \u201cColector Dietrich \u2013 Moreno\u201d, \u201cColector Santa F\u00e9\u201d, \u201cColector Shipton\u201d, \u201cCanal Sur 1\u201d y \u201cColector Avenida G\u00fcemes y Prolongaci\u00f3n Canal Sur 2\u201d de la ciudad de Concepci\u00f3n, Provincia de Tucum\u00e1n. A\u00f1o 2009.<\/li>\n<li>Jefe de Obra y Representante T\u00e9cnico de la firma Green SA en la obra \u201cMejoramiento de Caminos Rurales \u2013 Etapa I \u2013 Lote N\u00ba 1 \u2013 Tramo I: Los Sarmientos \u2013 Los Pizarros\u201d, contratada con el PROSAP (Programa de Servicios Agr\u00edcolas Provinciales), Pr\u00e9stamo BID 899\/OC \u2013 AR1. A\u00f1os 2009 &#8211; 2011.<\/li>\n<li>Jefe de Obra de la UTE Alfa Empresa Constructora SRL \u2013 Saik\u00f3 SA en la obra \u201cPC La Candelaria \u2013 D\u00e1rsena de Acceso y Caminos\u201d contratada con la Constructora Norberto Odebrecht SA. A\u00f1o 2011.<\/li>\n<li>Jefe de Obra de la firma Tensolite SA en la obra \u201cInfraestructura P\u00fablica y Privada, Equipamiento Comunitario y Obras Complementarias de Nexo y Mitigaci\u00f3n Ambiental para los Barrios San Roque Oeste, Alberdi y Juan Pablo II \u2013 PROMEBA \u2013 San Miguel de Tucum\u00e1n\u201d, contratada con el Instituto Provincial de la Vivienda y Desarrollo Urbano de Tucum\u00e1n. A\u00f1o 2012<\/li>\n<\/ul>\n","protected":false},"excerpt":{"rendered":"<p>Mg. Ing. MALINAR Lu\u00eds Maximiliano Laboratorio de Construcciones Hidr\u00e1ulicas Dpto. de Construcciones y Obras Civiles Facultad de Ciencias Exactas y Tecnolog\u00eda Universidad Nacional de Tucum\u00e1n Av. Independencia 1800 \u2013 CP 4000 San Miguel de Tucum\u00e1n, Tucum\u00e1n, Argentina Tel\/Fax Lab.: +54 (0) 381 4907318 e-mail: lmalinar@herrera.unt.edu.ar &nbsp; T\u00edtulos Ingeniero Civil (U.N.T.). Master Ejecutivo en Direcci\u00f3n de [&hellip;]<\/p>\n","protected":false},"author":20,"featured_media":0,"parent":182,"menu_order":64,"comment_status":"closed","ping_status":"closed","template":"templates\/template-full-notitle.php","meta":[],"_links":{"self":[{"href":"https:\/\/www.facet.unt.edu.ar\/dcyoc\/wp-json\/wp\/v2\/pages\/623"}],"collection":[{"href":"https:\/\/www.facet.unt.edu.ar\/dcyoc\/wp-json\/wp\/v2\/pages"}],"about":[{"href":"https:\/\/www.facet.unt.edu.ar\/dcyoc\/wp-json\/wp\/v2\/types\/page"}],"author":[{"embeddable":true,"href":"https:\/\/www.facet.unt.edu.ar\/dcyoc\/wp-json\/wp\/v2\/users\/20"}],"replies":[{"embeddable":true,"href":"https:\/\/www.facet.unt.edu.ar\/dcyoc\/wp-json\/wp\/v2\/comments?post=623"}],"version-history":[{"count":6,"href":"https:\/\/www.facet.unt.edu.ar\/dcyoc\/wp-json\/wp\/v2\/pages\/623\/revisions"}],"predecessor-version":[{"id":744,"href":"https:\/\/www.facet.unt.edu.ar\/dcyoc\/wp-json\/wp\/v2\/pages\/623\/revisions\/744"}],"up":[{"embeddable":true,"href":"https:\/\/www.facet.unt.edu.ar\/dcyoc\/wp-json\/wp\/v2\/pages\/182"}],"wp:attachment":[{"href":"https:\/\/www.facet.unt.edu.ar\/dcyoc\/wp-json\/wp\/v2\/media?parent=623"}],"curies":[{"name":"wp","href":"https:\/\/api.w.org\/{rel}","templated":true}]}}