{"id":926,"date":"2018-02-19T23:18:10","date_gmt":"2018-02-20T02:18:10","guid":{"rendered":"https:\/\/www.facet.unt.edu.ar\/dcyoc\/?page_id=926"},"modified":"2018-02-26T21:37:13","modified_gmt":"2018-02-27T00:37:13","slug":"danna-javier","status":"publish","type":"page","link":"https:\/\/www.facet.unt.edu.ar\/dcyoc\/docentes\/danna-javier\/","title":{"rendered":"DANNA Javier"},"content":{"rendered":"<h2>Dr. Ing. DANNA Javier Alejandro<\/h2>\n<div>\n<table style=\"width: 750px; border-color: #ffffff;\">\n<tbody>\n<tr>\n<td style=\"width: 350px; height: 300px; background-color: #ffffff; border-color: #ffffff; text-align: center; vertical-align: middle;\"><img decoding=\"async\" loading=\"lazy\" class=\"alignnone wp-image-933 size-medium\" src=\"https:\/\/www.facet.unt.edu.ar\/dcyoc\/wp-content\/uploads\/sites\/23\/2018\/02\/jdanna-300x300.jpg\" alt=\"\" width=\"300\" height=\"300\" srcset=\"https:\/\/www.facet.unt.edu.ar\/dcyoc\/wp-content\/uploads\/sites\/23\/2018\/02\/jdanna-300x300.jpg 300w, https:\/\/www.facet.unt.edu.ar\/dcyoc\/wp-content\/uploads\/sites\/23\/2018\/02\/jdanna-150x150.jpg 150w, https:\/\/www.facet.unt.edu.ar\/dcyoc\/wp-content\/uploads\/sites\/23\/2018\/02\/jdanna.jpg 600w\" sizes=\"(max-width: 300px) 100vw, 300px\" \/><\/td>\n<td style=\"width: 400px; height: 300px; border-color: #ffffff; vertical-align: top;\">\n<p style=\"padding-left: 30px;\"><span style=\"font-size: 12pt; font-family: 'times new roman', times;\">CEMNCI | Centro de M\u00e9todos Num\u00e9ricos y Computacionales en Ingenier\u00eda<\/span><\/p>\n<p style=\"padding-left: 30px;\"><span style=\"font-size: 12pt; font-family: 'times new roman', times;\">Dpto. de Construcciones y Obras Civiles<\/span><\/p>\n<p style=\"padding-left: 30px;\"><span style=\"font-size: 12pt; font-family: 'times new roman', times;\"><a href=\"https:\/\/www.facet.unt.edu.ar\/\" target=\"_blank\" rel=\"noopener\">Facultad de Ciencias Exactas y Tecnolog\u00eda<\/a><\/span><\/p>\n<p style=\"padding-left: 30px;\"><span style=\"font-size: 12pt; font-family: 'times new roman', times;\"><a href=\"http:\/\/www.unt.edu.ar\/\" target=\"_blank\" rel=\"noopener\">Universidad Nacional de Tucum\u00e1n<\/a><\/span><\/p>\n<p style=\"padding-left: 30px;\"><span style=\"font-size: 12pt; font-family: 'times new roman', times;\">Av. Independencia 1800 \u2013 CP 4000<\/span><\/p>\n<p style=\"padding-left: 30px;\"><span style=\"font-size: 12pt; font-family: 'times new roman', times;\">San Miguel de Tucum\u00e1n, Tucum\u00e1n, Argentina<\/span><\/p>\n<p style=\"padding-left: 30px;\"><span style=\"font-size: 12pt; font-family: 'times new roman', times;\">Tel\/Fax Lab.: +54 (0) 381 4364093 Int. <\/span><\/p>\n<p style=\"padding-left: 30px;\"><span style=\"font-size: 12pt; font-family: 'times new roman', times;\">e-mail: jdanna@facet.unt.edu.ar<\/span><\/p>\n<\/td>\n<\/tr>\n<\/tbody>\n<\/table>\n<h2>T\u00cdTULOS<\/h2>\n<ul>\n<li>Doctor en Ingenier\u00eda: Instituto de Estructuras. Facultad de Ciencias Exactas y Tecnolog\u00eda. UNT. 01\/04\/2012 al 02\/06\/2017.<\/li>\n<li>Ingeniero Civil: Facultad de Ciencias Exactas y Tecnolog\u00eda. UNT. 01\/04\/2006 al 23\/12\/2011.<\/li>\n<li>T\u00e9cnico constructor: Entidad Otorgante: Instituto T\u00e9cnico. UNT. 01\/04\/2000 al 01\/12\/2005.<\/li>\n<\/ul>\n<p>&nbsp;<\/p>\n<h2>DOCENCIA<\/h2>\n<ul>\n<li style=\"text-align: justify;\">Auxiliar Docente Graduado; Materia: Sistema de Representaci\u00f3n (Ing Civil); Lugar: Facultad de Ciencias Exactas y Tecnolog\u00eda. UNT; 26\/10\/2015 \u2013 actual.<\/li>\n<li style=\"text-align: justify;\">Auxiliar Docente Graduado; Materia: Mec\u00e1nica T\u00e9cnica (Ing Civil); Lugar: Facultad de Ciencias Exactas y Tecnolog\u00eda. UNT; 18\/05\/2015 \u2013 actual.<\/li>\n<li style=\"text-align: justify;\">Auxiliar Estudiantil; Materia: Sistema de Representaci\u00f3n (Ing Civil); Lugar: Facultad de Ciencias Exactas y Tecnolog\u00eda. UNT; 18\/05\/2015 \u2013 actual.<\/li>\n<\/ul>\n<p>&nbsp;<\/p>\n<h2>FORMACI\u00d3N Y PERFECCIONAMIENTO<\/h2>\n<p><strong>Cursos<\/strong><\/p>\n<p style=\"text-align: justify; padding-left: 30px;\">An\u00e1lisis matricial de estructuras, C\u00e1lculo num\u00e9rico, Matem\u00e1tica para ingenieros, Mec\u00e1nica de los s\u00f3lidos, M\u00e9todos num\u00e9rico-computacionales I, Mec\u00e1nica experimental, Modelaci\u00f3n constitutiva I, Din\u00e1mica estructural I, Ondas El\u00e1sticas y Emisi\u00f3n Ac\u00fastica, Introducci\u00f3n a la Metodolog\u00eda de la Investigaci\u00f3n Cient\u00edfica, Estabilidad de Estructuras: Bases te\u00f3ricas y aplicaci\u00f3n, M\u00e9todos Estad\u00edsticos para el An\u00e1lisis de datos de Sobrevida y Fiabilidad, Tecnolog\u00eda de hormigones de altas prestaciones, Seguridad de las estructuras.<\/p>\n<p>&nbsp;<\/p>\n<p><strong>Becas<\/strong><\/p>\n<ul>\n<li style=\"text-align: justify;\">Beca Estudiantil de Investigaci\u00f3n, CIUNT (2011-2012).<\/li>\n<li style=\"text-align: justify;\">Beca de Postgrado, ANPCyT (2013-2015).<\/li>\n<li style=\"text-align: justify;\">Beca Interna de Postgrado Tipo II, CONICET (2016-2017).<\/li>\n<\/ul>\n<p>&nbsp;<\/p>\n<h2>INVESTIGACI\u00d3N<\/h2>\n<p><strong>Trabajos Publicados.<\/strong><\/p>\n<ul>\n<li style=\"text-align: justify;\">Danna, J.A., P\u00e9rez G.A.; \u201cCaracterizaci\u00f3n y Evaluaci\u00f3n de la Vulnerabilidad S\u00edsmica de puentes\u201d, XX Congreso sobre M\u00e9todos Num\u00e9ricos y sus Aplicaciones, 2013.<\/li>\n<li style=\"text-align: justify;\">Danna, J.A., P\u00e9rez G.A.; \u201cComparaci\u00f3n de M\u00e9todos de Vulnerabilidad S\u00edsmica de Puentes\u201d, IX Jornadas de Ciencia y Tecnolog\u00eda de Facultades de Ingenier\u00eda del NOA, Santiago del Estero, 2013.<\/li>\n<li style=\"text-align: justify;\">Danna, J.A., P\u00e9rez G.A.; \u201cCurvas de Fragilidad de Puentes de Hormig\u00f3n Armado\u201d. II Congreso Argentino de Ingenier\u00eda CADI 2014, San Miguel de Tucum\u00e1n, 2014.<\/li>\n<li style=\"text-align: justify;\">Danna, J.A., Daziano, A., P\u00e9rez G.A.; \u201cSelecci\u00f3n de acelerogramas para el an\u00e1lisis no lineal de presas de materiales sueltos\u201d, VIII Congreso Argentino de Presas y Aprovechamientos Hidroel\u00e9ctricos, Santa F\u00e9, 2015.<\/li>\n<li style=\"text-align: justify;\">Danna, J.A., P\u00e9rez G.A.; \u201cEvaluaci\u00f3n de Vulnerabilidad s\u00edsmica de un puente rehabilitado\u201d, X Jornadas de Ciencia y Tecnolog\u00eda de Facultades de Ingenier\u00eda del NOA, Salta, 2015.<\/li>\n<li style=\"text-align: justify;\">Danna, J.A., P\u00e9rez G.A.; \u201cPropuesta para Evaluaci\u00f3n S\u00edsmica de Puentes\u201d, XXIV Jornadas Argentinas de Ingenier\u00eda Estructural, Buenos Aires, 2016.<\/li>\n<li style=\"text-align: justify;\">Danna, J.A., P\u00e9rez G.A.; \u201cNuevo Enfoque para la Evaluaci\u00f3n S\u00edsmica de Puentes\u201d, X Encuentro de Investigadores y Profesionales Argentinos de la Construcci\u00f3n EIPAC, Jujuy, 2017.<\/li>\n<\/ul>\n<p>&nbsp;<\/p>\n<p><strong>Tesis.<\/strong><\/p>\n<ul>\n<li style=\"text-align: justify;\">Tesis de Doctorado: Caracterizaci\u00f3n y Evaluaci\u00f3n de la Vulnerabilidad S\u00edsmica de Puentes<\/li>\n<li style=\"text-align: justify;\">Tesis de Grado: Puentes Integrales, Posibilidades de Construcci\u00f3n en Argentina.<\/li>\n<\/ul>\n<\/div>\n","protected":false},"excerpt":{"rendered":"<p>Dr. Ing. DANNA Javier Alejandro CEMNCI | Centro de M\u00e9todos Num\u00e9ricos y Computacionales en Ingenier\u00eda Dpto. de Construcciones y Obras Civiles Facultad de Ciencias Exactas y Tecnolog\u00eda Universidad Nacional de Tucum\u00e1n Av. Independencia 1800 \u2013 CP 4000 San Miguel de Tucum\u00e1n, Tucum\u00e1n, Argentina Tel\/Fax Lab.: +54 (0) 381 4364093 Int. e-mail: jdanna@facet.unt.edu.ar T\u00cdTULOS Doctor en [&hellip;]<\/p>\n","protected":false},"author":20,"featured_media":0,"parent":182,"menu_order":28,"comment_status":"closed","ping_status":"closed","template":"templates\/template-full-notitle.php","meta":[],"_links":{"self":[{"href":"https:\/\/www.facet.unt.edu.ar\/dcyoc\/wp-json\/wp\/v2\/pages\/926"}],"collection":[{"href":"https:\/\/www.facet.unt.edu.ar\/dcyoc\/wp-json\/wp\/v2\/pages"}],"about":[{"href":"https:\/\/www.facet.unt.edu.ar\/dcyoc\/wp-json\/wp\/v2\/types\/page"}],"author":[{"embeddable":true,"href":"https:\/\/www.facet.unt.edu.ar\/dcyoc\/wp-json\/wp\/v2\/users\/20"}],"replies":[{"embeddable":true,"href":"https:\/\/www.facet.unt.edu.ar\/dcyoc\/wp-json\/wp\/v2\/comments?post=926"}],"version-history":[{"count":13,"href":"https:\/\/www.facet.unt.edu.ar\/dcyoc\/wp-json\/wp\/v2\/pages\/926\/revisions"}],"predecessor-version":[{"id":943,"href":"https:\/\/www.facet.unt.edu.ar\/dcyoc\/wp-json\/wp\/v2\/pages\/926\/revisions\/943"}],"up":[{"embeddable":true,"href":"https:\/\/www.facet.unt.edu.ar\/dcyoc\/wp-json\/wp\/v2\/pages\/182"}],"wp:attachment":[{"href":"https:\/\/www.facet.unt.edu.ar\/dcyoc\/wp-json\/wp\/v2\/media?parent=926"}],"curies":[{"name":"wp","href":"https:\/\/api.w.org\/{rel}","templated":true}]}}