{"id":113,"date":"2015-10-31T04:12:11","date_gmt":"2015-10-31T07:12:11","guid":{"rendered":"https:\/\/www.facet.unt.edu.ar\/deptomatematica\/?page_id=113"},"modified":"2022-10-15T12:28:47","modified_gmt":"2022-10-15T15:28:47","slug":"contacto","status":"publish","type":"page","link":"https:\/\/www.facet.unt.edu.ar\/deptomatematica\/contacto\/","title":{"rendered":"Contacto"},"content":{"rendered":"<p><strong>Direcci\u00f3n y Secretar\u00eda: <\/strong>Av. Independencia 1800 &#8211; Block 2 &#8211; Planta Baja, en el horario de 8 a 13 hs.<\/p>\n<table class=\"default\">\n<tbody>\n<tr>\n<td valign=\"middle\"><a href=\"https:\/\/www.facet.unt.edu.ar\/deptomatematica\/wp-content\/uploads\/sites\/31\/2015\/11\/alfredo3.jpg\"><img decoding=\"async\" loading=\"lazy\" class=\"aligncenter wp-image-183\" src=\"https:\/\/www.facet.unt.edu.ar\/deptomatematica\/wp-content\/uploads\/sites\/31\/2015\/11\/alfredo3-300x277.jpg\" alt=\"alfredo3\" width=\"109\" height=\"101\" srcset=\"https:\/\/www.facet.unt.edu.ar\/deptomatematica\/wp-content\/uploads\/sites\/31\/2015\/11\/alfredo3-300x277.jpg 300w, https:\/\/www.facet.unt.edu.ar\/deptomatematica\/wp-content\/uploads\/sites\/31\/2015\/11\/alfredo3-1024x946.jpg 1024w, https:\/\/www.facet.unt.edu.ar\/deptomatematica\/wp-content\/uploads\/sites\/31\/2015\/11\/alfredo3.jpg 1461w\" sizes=\"(max-width: 109px) 100vw, 109px\" \/><\/a><\/td>\n<td><\/td>\n<td valign=\"top\"><strong>Secretario:<\/strong> Gusm\u00e1n, Alfredo<\/p>\n<p><strong>Tel\u00e9fono:<\/strong> 4107574\u00a0en el horario de 8 a 13 hs.<\/p>\n<p><strong>Email:<\/strong><span style=\"color: #0000ff;\">\u00a0depmat@herrera.unt.edu.ar<\/span><\/td>\n<\/tr>\n<\/tbody>\n<\/table>\n","protected":false},"excerpt":{"rendered":"<p>Direcci\u00f3n y Secretar\u00eda: Av. Independencia 1800 &#8211; Block 2 &#8211; Planta Baja, en el horario de 8 a 13 hs. Secretario: Gusm\u00e1n, Alfredo Tel\u00e9fono: 4107574\u00a0en el horario de 8 a 13 hs. Email:\u00a0depmat@herrera.unt.edu.ar<\/p>\n","protected":false},"author":101011,"featured_media":0,"parent":0,"menu_order":60,"comment_status":"closed","ping_status":"closed","template":"","meta":[],"_links":{"self":[{"href":"https:\/\/www.facet.unt.edu.ar\/deptomatematica\/wp-json\/wp\/v2\/pages\/113"}],"collection":[{"href":"https:\/\/www.facet.unt.edu.ar\/deptomatematica\/wp-json\/wp\/v2\/pages"}],"about":[{"href":"https:\/\/www.facet.unt.edu.ar\/deptomatematica\/wp-json\/wp\/v2\/types\/page"}],"author":[{"embeddable":true,"href":"https:\/\/www.facet.unt.edu.ar\/deptomatematica\/wp-json\/wp\/v2\/users\/101011"}],"replies":[{"embeddable":true,"href":"https:\/\/www.facet.unt.edu.ar\/deptomatematica\/wp-json\/wp\/v2\/comments?post=113"}],"version-history":[{"count":27,"href":"https:\/\/www.facet.unt.edu.ar\/deptomatematica\/wp-json\/wp\/v2\/pages\/113\/revisions"}],"predecessor-version":[{"id":1227,"href":"https:\/\/www.facet.unt.edu.ar\/deptomatematica\/wp-json\/wp\/v2\/pages\/113\/revisions\/1227"}],"wp:attachment":[{"href":"https:\/\/www.facet.unt.edu.ar\/deptomatematica\/wp-json\/wp\/v2\/media?parent=113"}],"curies":[{"name":"wp","href":"https:\/\/api.w.org\/{rel}","templated":true}]}}