{"id":117,"date":"2015-11-11T14:17:42","date_gmt":"2015-11-11T17:17:42","guid":{"rendered":"https:\/\/www.facet.unt.edu.ar\/deptomatematica\/?page_id=117"},"modified":"2018-10-30T09:44:39","modified_gmt":"2018-10-30T12:44:39","slug":"para-ingenierias-y-tecnicaturas","status":"publish","type":"page","link":"https:\/\/www.facet.unt.edu.ar\/deptomatematica\/para-ingenierias-y-tecnicaturas\/","title":{"rendered":"Asignaturas de grado"},"content":{"rendered":"<p>Para Licenciatura en Matem\u00e1tica, haga click <a href=\"https:\/\/www.facet.unt.edu.ar\/deptomatematica\/carrera-licenciatura-en-matematica\/para-lic-en-matematica\/\" target=\"_blank\" rel=\"noopener\">aqu\u00ed<\/a><\/p>\n<p>Para otras carreras:<\/p>\n<p>\u00c1lgebra y Geometr\u00eda Anal\u00edtica(<a href=\"https:\/\/www.facet.unt.edu.ar\/deptomatematica\/wp-content\/uploads\/sites\/31\/2015\/11\/AlgebrayGeometriAnali.doc\" target=\"_blank\" rel=\"noopener\">Programa<\/a>)<\/p>\n<p>Elementos de \u00c1lgebra Lineal(<a href=\"https:\/\/www.facet.unt.edu.ar\/deptomatematica\/wp-content\/uploads\/sites\/31\/2015\/11\/ElementosAlgebraLineal.doc\" target=\"_blank\" rel=\"noopener\">Programa<\/a>)<\/p>\n<p>C\u00e1lculo I (<a href=\"https:\/\/www.facet.unt.edu.ar\/deptomatematica\/wp-content\/uploads\/sites\/31\/2015\/12\/2015Programa-C\u00e1lculo-I.doc\" target=\"_blank\" rel=\"noopener\">Programa2015<\/a>)(<a href=\"https:\/\/www.facet.unt.edu.ar\/deptomatematica\/wp-content\/uploads\/sites\/31\/2018\/10\/Programa-C\u00e1lculo-I-2018.pdf\">Prog 2018<\/a>)<\/p>\n<p>C\u00e1lculo II(<a href=\"https:\/\/www.facet.unt.edu.ar\/deptomatematica\/wp-content\/uploads\/sites\/31\/2015\/12\/2015Programa-C\u00e1lculo-II-.doc\">Programa 2015<\/a>)(<a href=\"https:\/\/www.facet.unt.edu.ar\/deptomatematica\/wp-content\/uploads\/sites\/31\/2015\/11\/C\u00e1lculo-II.doc\" target=\"_blank\" rel=\"noopener\">Programa anterior<\/a>)(<a href=\"https:\/\/www.facet.unt.edu.ar\/deptomatematica\/wp-content\/uploads\/sites\/31\/2018\/10\/Programa-C\u00e1lculo-II-2018.pdf\">Programa 2018<\/a>)<\/p>\n<p><a href=\"http:\/\/catedras.facet.unt.edu.ar\/calculoiii\/\" target=\"_blank\" rel=\"noopener\">C\u00e1lculo III<\/a>(<a href=\"http:\/\/catedras.facet.unt.edu.ar\/calculoiii\/inicio\/programa\/\">Programa<\/a>)<\/p>\n<p>C\u00e1lculo Nivel I(<a href=\"https:\/\/www.facet.unt.edu.ar\/deptomatematica\/wp-content\/uploads\/sites\/31\/2015\/12\/2015Programa-C\u00e1lculo-I.doc\" target=\"_blank\" rel=\"noopener\">Programa2015<\/a>)<\/p>\n<p>C\u00e1lculo Nivel II(<a href=\"https:\/\/www.facet.unt.edu.ar\/deptomatematica\/wp-content\/uploads\/sites\/31\/2015\/12\/2015Programa-C\u00e1lculo-II-.doc\" target=\"_blank\" rel=\"noopener\">Programa2015<\/a>)<\/p>\n<p><a href=\"http:\/\/catedras.facet.unt.edu.ar\/analisismii\" target=\"_blank\" rel=\"noopener\">C\u00e1lculo Nivel III<\/a>(<a href=\"https:\/\/catedras.facet.unt.edu.ar\/analisismii\/inicio\/programa\/\" target=\"_blank\" rel=\"noopener\">Programa<\/a>)<\/p>\n<p><span style=\"text-decoration: underline;\"><a href=\"http:\/\/catedras.facet.unt.edu.ar\/analisismii\" target=\"_blank\" rel=\"noopener\">C\u00e1lculo Nivel IV\u00a0<\/a>\u00a0<\/span>(<a href=\"https:\/\/catedras.facet.unt.edu.ar\/analisismii\/inicio\/programa\/\" target=\"_blank\" rel=\"noopener\">Programa<\/a>)<\/p>\n<p>C\u00e1lculo IV(<a href=\"https:\/\/www.facet.unt.edu.ar\/deptomatematica\/wp-content\/uploads\/sites\/31\/2018\/10\/Programa-CalculoIV-2018.pdf\">Programa<\/a>)<\/p>\n<p>C\u00e1lculo V(<a href=\"https:\/\/www.facet.unt.edu.ar\/deptomatematica\/wp-content\/uploads\/sites\/31\/2018\/10\/Programa-CalculoV-2018-1.pdf\">Programa<\/a>)<\/p>\n<p>Ecuaciones de la F\u00edsica Matem\u00e1tica(<a href=\"https:\/\/www.facet.unt.edu.ar\/deptomatematica\/wp-content\/uploads\/sites\/31\/2018\/10\/Programa-EcuacionesDeLaFisicaMatematica-2018-1.pdf\">Programa<\/a>)<\/p>\n<p><a href=\"https:\/\/catedras.facet.unt.edu.ar\/pye\/\">Estad\u00edstica Descriptiva<\/a>(<a href=\"https:\/\/www.facet.unt.edu.ar\/deptomatematica\/wp-content\/uploads\/sites\/31\/2018\/10\/Programa_Estad\u00edstica-Descriptiva_Tecnicatura.doc\">Programa<\/a>)<\/p>\n<p>Matem\u00e1tica para F\u00edsicos(<a href=\"https:\/\/www.facet.unt.edu.ar\/deptomatematica\/wp-content\/uploads\/sites\/31\/2018\/10\/Programa-MatematicaParaFisicos-2018.pdf\">Programa<\/a>)<\/p>\n<p><a href=\"https:\/\/catedras.facet.unt.edu.ar\/pye\/\">Probabilidad y Estad\u00edstica<\/a>(<a href=\"https:\/\/www.facet.unt.edu.ar\/deptomatematica\/wp-content\/uploads\/sites\/31\/2018\/10\/Programa_Ingenier\u00eda_ProbyEst.docx\">Programa<\/a>)<\/p>\n<p>&nbsp;<\/p>\n","protected":false},"excerpt":{"rendered":"<p>Para Licenciatura en Matem\u00e1tica, haga click aqu\u00ed Para otras carreras: \u00c1lgebra y Geometr\u00eda Anal\u00edtica(Programa) Elementos de \u00c1lgebra Lineal(Programa) C\u00e1lculo I (Programa2015)(Prog 2018) C\u00e1lculo II(Programa 2015)(Programa anterior)(Programa 2018) C\u00e1lculo III(Programa) C\u00e1lculo Nivel I(Programa2015) C\u00e1lculo Nivel II(Programa2015) C\u00e1lculo Nivel III(Programa) C\u00e1lculo Nivel IV\u00a0\u00a0(Programa) C\u00e1lculo IV(Programa) C\u00e1lculo V(Programa) Ecuaciones de la F\u00edsica Matem\u00e1tica(Programa) Estad\u00edstica Descriptiva(Programa) Matem\u00e1tica para F\u00edsicos(Programa) [&hellip;]<\/p>\n","protected":false},"author":101011,"featured_media":0,"parent":0,"menu_order":30,"comment_status":"closed","ping_status":"closed","template":"","meta":[],"_links":{"self":[{"href":"https:\/\/www.facet.unt.edu.ar\/deptomatematica\/wp-json\/wp\/v2\/pages\/117"}],"collection":[{"href":"https:\/\/www.facet.unt.edu.ar\/deptomatematica\/wp-json\/wp\/v2\/pages"}],"about":[{"href":"https:\/\/www.facet.unt.edu.ar\/deptomatematica\/wp-json\/wp\/v2\/types\/page"}],"author":[{"embeddable":true,"href":"https:\/\/www.facet.unt.edu.ar\/deptomatematica\/wp-json\/wp\/v2\/users\/101011"}],"replies":[{"embeddable":true,"href":"https:\/\/www.facet.unt.edu.ar\/deptomatematica\/wp-json\/wp\/v2\/comments?post=117"}],"version-history":[{"count":30,"href":"https:\/\/www.facet.unt.edu.ar\/deptomatematica\/wp-json\/wp\/v2\/pages\/117\/revisions"}],"predecessor-version":[{"id":732,"href":"https:\/\/www.facet.unt.edu.ar\/deptomatematica\/wp-json\/wp\/v2\/pages\/117\/revisions\/732"}],"wp:attachment":[{"href":"https:\/\/www.facet.unt.edu.ar\/deptomatematica\/wp-json\/wp\/v2\/media?parent=117"}],"curies":[{"name":"wp","href":"https:\/\/api.w.org\/{rel}","templated":true}]}}