{"id":159,"date":"2017-08-16T08:06:15","date_gmt":"2017-08-16T11:06:15","guid":{"rendered":"https:\/\/www.facet.unt.edu.ar\/deptomatematica\/?page_id=159"},"modified":"2021-11-01T17:40:27","modified_gmt":"2021-11-01T20:40:27","slug":"exposicion-de-seminarios","status":"publish","type":"page","link":"https:\/\/www.facet.unt.edu.ar\/deptomatematica\/carreras\/licenciatura-en-matematica\/exposicion-de-seminarios\/","title":{"rendered":"Exposici\u00f3n de Trabajos de Seminarios"},"content":{"rendered":"<p><strong>-Alumna: Diego Alejandro Correa<\/strong><\/p>\n<p><strong>Director:<\/strong><span lang=\"ES-TRAD\"> Dr. Paulo Tirao.<br \/>\n<\/span><\/p>\n<p><strong>T\u00edtulo:<\/strong><em>La sucesi\u00f3n espectral de Hochschild-Serre para \u00e1lgebras de Lie.<br \/>\n<\/em><\/p>\n<p><strong>Defensa: 04 de Noviembre de 2021 &#8211; 9.00 hs &#8211; Sala de Audiovisuales de la FACET.<\/strong><\/p>\n<p>&nbsp;<\/p>\n<p><strong>-Alumna: <\/strong>Mar\u00eda Victoria Trimarco<\/p>\n<p><strong>Director:<\/strong><span lang=\"ES-TRAD\"> Dra. Ana Mar\u00eda Sfer<br \/>\n<\/span><\/p>\n<p><strong>T\u00edtulo: <\/strong><em>Serie de los inversos de n\u00fameros primos gemelos<br \/>\n<\/em><\/p>\n<p><strong>Defensa: 07 de Setiembre de 2018 &#8211; 15.30 hs &#8211; Aula 2-4-9- Block 2- 4to piso.<\/strong><\/p>\n<p>&nbsp;<\/p>\n<p><strong>-Alumno: <\/strong>Federico Campos<\/p>\n<p><strong>Director:<\/strong><span lang=\"ES-TRAD\"> Lic. Estela M. L\u00f3pez<br \/>\n<\/span><\/p>\n<p><strong>T\u00edtulo: <\/strong><em>Modelos Lineales Generalizados<br \/>\n<\/em><\/p>\n<p><strong>Defensa: 18 de Agosto de 2017 &#8211; 11 hs &#8211; Sala de Audiovisuales- Block 3- 1er piso.<br \/>\n<\/strong><\/p>\n<p>&nbsp;<\/p>\n<p><strong>-Alumno: <\/strong>Armando A. Dan\u00fan<\/p>\n<p><strong>Director:<\/strong><span lang=\"ES-TRAD\">\u00a0Dr. Jorge Vargas<\/span><\/p>\n<p><span lang=\"ES-TRAD\"><strong>Co-directora:<\/strong> Mg. Mercedes Ganim<\/span><\/p>\n<p><strong>T\u00edtulo: <\/strong><em>Grupos de Automorfismos de dominios en el espacio Euclidiano complejo<br \/>\n<\/em><\/p>\n<p><strong>Defensa: 05\u00a0de Diciembre\u00a0de 2016 &#8211; 10 hs &#8211; Aula 2-4-9 (ex M4)<\/strong><\/p>\n<p>&nbsp;<\/p>\n<p><strong>-Alumno:\u00a0<\/strong>Rita Giselle Figueroa<\/p>\n<p><strong>Director:<\/strong>\u00a0Dra. Amelia Barrionuevo<\/p>\n<p><strong>T\u00edtulo: <\/strong><em>Introducci\u00f3n a la Teor\u00eda de Nudos<br \/>\n<\/em><\/p>\n<p><strong>Defensa: 30\u00a0de Setiembre\u00a0de 2016 &#8211; 10 hs &#8211; Aula 2-4-9 (ex M4)<\/strong><\/p>\n<p>&nbsp;<\/p>\n<p><strong>-Alumno: <\/strong>Emilse Gramajo<\/p>\n<p><strong>Director:<\/strong>\u00a0Mg. Adriana Ramos<\/p>\n<p><strong>Codirector: <\/strong>Lic. Gabriel Trimarco<\/p>\n<p><strong>T\u00edtulo: <\/strong><em>Polinomios de Legendre y sus aplicaciones<br \/>\n<\/em><\/p>\n<p><strong>Defensa: 24 de Junio de 2016 &#8211; 11 hs &#8211; Aula 2-4-9 (ex M4)<br \/>\n<\/strong><\/p>\n<p>&nbsp;<\/p>\n<p><strong>-Alumno:\u00a0<\/strong>Mar\u00eda Jos\u00e9 Deiana<\/p>\n<p><strong>Director:<\/strong>\u00a0Mg. Mar\u00eda Marcela Lazarte<\/p>\n<p><strong>Codirector: <\/strong>Mg. Silvina Ruth G\u00f3mez<\/p>\n<p><strong>T\u00edtulo: <\/strong><em>Estructuras para el Conjunto de Matrices Inversibles <\/em><strong>(<a href=\"https:\/\/www.facet.unt.edu.ar\/deptomatematica\/wp-content\/uploads\/sites\/31\/2016\/10\/13-05-2016-Versi\u00f3n-final.pdf\" target=\"_blank\" rel=\"noopener noreferrer\">pdf<\/a>)<\/strong><em><br \/>\n<\/em><\/p>\n<p><strong>Defensa: 02 de Junio de 2016 &#8211; 10:30 hs &#8211; Aula 2-4-7 (ex M2)<br \/>\n<\/strong><\/p>\n<p>&nbsp;<\/p>\n<p><strong>-Alumno:\u00a0<\/strong>Mar\u00eda\u00a0Noelia Saracho<\/p>\n<p><strong>Director:<\/strong>\u00a0Mg. Adriana del Valle Ramos<\/p>\n<p><strong>Codirector:\u00a0<\/strong>Lic. Gabriel Ra\u00fal Trimarco<\/p>\n<p><strong>T\u00edtulo:\u00a0<\/strong><em>Funciones de Bessel y sus Aplicaciones<\/em><\/p>\n<p><strong>Defensa: 06 de Noviembre de 2015 &#8211; 10:30 hs &#8211; Aula 2-4-9 (ex M4)<br \/>\n<\/strong><\/p>\n","protected":false},"excerpt":{"rendered":"<p>-Alumna: Diego Alejandro Correa Director: Dr. Paulo Tirao. T\u00edtulo:La sucesi\u00f3n espectral de Hochschild-Serre para \u00e1lgebras de Lie. Defensa: 04 de Noviembre de 2021 &#8211; 9.00 hs &#8211; Sala de Audiovisuales de la FACET. &nbsp; -Alumna: Mar\u00eda Victoria Trimarco Director: Dra. Ana Mar\u00eda Sfer T\u00edtulo: Serie de los inversos de n\u00fameros primos gemelos Defensa: 07 de [&hellip;]<\/p>\n","protected":false},"author":101011,"featured_media":0,"parent":99,"menu_order":20,"comment_status":"closed","ping_status":"closed","template":"","meta":[],"_links":{"self":[{"href":"https:\/\/www.facet.unt.edu.ar\/deptomatematica\/wp-json\/wp\/v2\/pages\/159"}],"collection":[{"href":"https:\/\/www.facet.unt.edu.ar\/deptomatematica\/wp-json\/wp\/v2\/pages"}],"about":[{"href":"https:\/\/www.facet.unt.edu.ar\/deptomatematica\/wp-json\/wp\/v2\/types\/page"}],"author":[{"embeddable":true,"href":"https:\/\/www.facet.unt.edu.ar\/deptomatematica\/wp-json\/wp\/v2\/users\/101011"}],"replies":[{"embeddable":true,"href":"https:\/\/www.facet.unt.edu.ar\/deptomatematica\/wp-json\/wp\/v2\/comments?post=159"}],"version-history":[{"count":15,"href":"https:\/\/www.facet.unt.edu.ar\/deptomatematica\/wp-json\/wp\/v2\/pages\/159\/revisions"}],"predecessor-version":[{"id":1085,"href":"https:\/\/www.facet.unt.edu.ar\/deptomatematica\/wp-json\/wp\/v2\/pages\/159\/revisions\/1085"}],"up":[{"embeddable":true,"href":"https:\/\/www.facet.unt.edu.ar\/deptomatematica\/wp-json\/wp\/v2\/pages\/99"}],"wp:attachment":[{"href":"https:\/\/www.facet.unt.edu.ar\/deptomatematica\/wp-json\/wp\/v2\/media?parent=159"}],"curies":[{"name":"wp","href":"https:\/\/api.w.org\/{rel}","templated":true}]}}