{"id":851,"date":"2019-02-20T19:24:33","date_gmt":"2019-02-20T22:24:33","guid":{"rendered":"https:\/\/www.facet.unt.edu.ar\/deptomatematica\/?page_id=851"},"modified":"2019-02-20T19:34:56","modified_gmt":"2019-02-20T22:34:56","slug":"cronograma","status":"publish","type":"page","link":"https:\/\/www.facet.unt.edu.ar\/deptomatematica\/festival-de-matematica\/cronograma\/","title":{"rendered":"Cronograma"},"content":{"rendered":"<p style=\"text-align: center;\"><strong>Agenda de Jornadas Preparatorias del Primer Festival de Matem\u00e1tica para Alumnos en las Escuelas de Tucum\u00e1n<\/strong><\/p>\n<p>&nbsp;<\/p>\n<ul>\n<li>25 de Febrero: Docentes de nivel Primario<\/li>\n<li>26 de Febrero: Docentes de nivel Secundario<\/li>\n<\/ul>\n<p>&nbsp;<\/p>\n<p>Las\u00a0 Jornadas de trabajo ser\u00e1n de 8 a 13 hs. En las instalaciones de la Facultad de Ciencias Exactas y Tecnolog\u00eda\u00a0 de la Universidad Nacional de Tucum\u00e1n sito en Av. Independencia 1800, Anfiteatros B\u00b4s<\/p>\n<p>25 y 26 de Febrero<\/p>\n<p>&#8211;\u00a0\u00a0\u00a0\u00a0\u00a0\u00a0\u00a0 8.00 hs. Acreditaci\u00f3n e Inicio de las Jornadas.<\/p>\n<p>&#8211;\u00a0\u00a0\u00a0\u00a0\u00a0\u00a0\u00a0 8.15 hs. Palabras de bienvenida.<\/p>\n<p>Los asistentes se dividir\u00e1n en 4 grupos que ir\u00e1n rotando a lo largo de la ma\u00f1ana por los cuatro talleres.<\/p>\n<p>&#8211;\u00a0\u00a0\u00a0\u00a0\u00a0\u00a0\u00a0 8.30 -9.15 hs. Taller\u00a0 1<\/p>\n<p>&#8211;\u00a0\u00a0\u00a0\u00a0\u00a0\u00a0\u00a0 9.15 a 10.00 hs. Taller\u00a0 2<\/p>\n<p>&#8211;\u00a0\u00a0\u00a0\u00a0\u00a0\u00a0\u00a0 10.00 a 10.30 hs. Coffee break<\/p>\n<p>&#8211;\u00a0\u00a0\u00a0\u00a0\u00a0\u00a0\u00a0 10.30 a 11.15 hs. Taller\u00a0 3<\/p>\n<p>&#8211;\u00a0\u00a0\u00a0\u00a0\u00a0\u00a0\u00a0 11.15\u00a0 a 12.00 hs. Taller 4<\/p>\n<p>&#8211;\u00a0\u00a0\u00a0\u00a0\u00a0\u00a0\u00a0 12.00 a 13.00 Acto finalizaci\u00f3n<\/p>\n<p>&nbsp;<\/p>\n<p>Los talleres corresponden a las siguientes \u00c1reas:<\/p>\n<p>&#8211;\u00a0\u00a0\u00a0\u00a0\u00a0\u00a0\u00a0 Taller 1: \u00c1lgebra y Funciones<\/p>\n<p>&#8211;\u00a0\u00a0\u00a0\u00a0\u00a0\u00a0\u00a0 Taller 2: Geometr\u00eda y Medida<\/p>\n<p>&#8211;\u00a0\u00a0\u00a0\u00a0\u00a0\u00a0\u00a0 Taller 3: Probabilidad y Estad\u00edstica<\/p>\n<p>&#8211;\u00a0\u00a0\u00a0\u00a0\u00a0\u00a0\u00a0 Taller 4: N\u00famero y Operaciones<\/p>\n<p>&nbsp;<\/p>\n","protected":false},"excerpt":{"rendered":"<p>Agenda de Jornadas Preparatorias del Primer Festival de Matem\u00e1tica para Alumnos en las Escuelas de Tucum\u00e1n &nbsp; 25 de Febrero: Docentes de nivel Primario 26 de Febrero: Docentes de nivel Secundario &nbsp; Las\u00a0 Jornadas de trabajo ser\u00e1n de 8 a 13 hs. En las instalaciones de la Facultad de Ciencias Exactas y Tecnolog\u00eda\u00a0 de la [&hellip;]<\/p>\n","protected":false},"author":101011,"featured_media":0,"parent":846,"menu_order":20,"comment_status":"closed","ping_status":"closed","template":"","meta":[],"_links":{"self":[{"href":"https:\/\/www.facet.unt.edu.ar\/deptomatematica\/wp-json\/wp\/v2\/pages\/851"}],"collection":[{"href":"https:\/\/www.facet.unt.edu.ar\/deptomatematica\/wp-json\/wp\/v2\/pages"}],"about":[{"href":"https:\/\/www.facet.unt.edu.ar\/deptomatematica\/wp-json\/wp\/v2\/types\/page"}],"author":[{"embeddable":true,"href":"https:\/\/www.facet.unt.edu.ar\/deptomatematica\/wp-json\/wp\/v2\/users\/101011"}],"replies":[{"embeddable":true,"href":"https:\/\/www.facet.unt.edu.ar\/deptomatematica\/wp-json\/wp\/v2\/comments?post=851"}],"version-history":[{"count":2,"href":"https:\/\/www.facet.unt.edu.ar\/deptomatematica\/wp-json\/wp\/v2\/pages\/851\/revisions"}],"predecessor-version":[{"id":864,"href":"https:\/\/www.facet.unt.edu.ar\/deptomatematica\/wp-json\/wp\/v2\/pages\/851\/revisions\/864"}],"up":[{"embeddable":true,"href":"https:\/\/www.facet.unt.edu.ar\/deptomatematica\/wp-json\/wp\/v2\/pages\/846"}],"wp:attachment":[{"href":"https:\/\/www.facet.unt.edu.ar\/deptomatematica\/wp-json\/wp\/v2\/media?parent=851"}],"curies":[{"name":"wp","href":"https:\/\/api.w.org\/{rel}","templated":true}]}}