{"id":876,"date":"2019-02-22T18:41:43","date_gmt":"2019-02-22T21:41:43","guid":{"rendered":"https:\/\/www.facet.unt.edu.ar\/deptomatematica\/?page_id=876"},"modified":"2019-02-25T20:16:06","modified_gmt":"2019-02-25T23:16:06","slug":"probabilidad-y-estadistica","status":"publish","type":"page","link":"https:\/\/www.facet.unt.edu.ar\/deptomatematica\/festival-de-matematica\/materiales\/probabilidad-y-estadistica\/","title":{"rendered":"Probabilidad y Estad\u00edstica"},"content":{"rendered":"<p><a href=\"https:\/\/www.facet.unt.edu.ar\/deptomatematica\/wp-content\/uploads\/sites\/31\/2019\/02\/primaria_juegos_festival.pdf\">Juegos para primaria<\/a><\/p>\n<p><a href=\"https:\/\/www.facet.unt.edu.ar\/deptomatematica\/wp-content\/uploads\/sites\/31\/2019\/02\/Probabilidad-y-Estad\u00edstica_primario.pdf\">Probabilidades y estad\u00edstica Primaria<\/a><\/p>\n<p><a href=\"https:\/\/www.facet.unt.edu.ar\/deptomatematica\/wp-content\/uploads\/sites\/31\/2019\/02\/secundaria_juegos_festival.pdf\">Juegos para secundario<\/a><\/p>\n<p><a href=\"https:\/\/www.facet.unt.edu.ar\/deptomatematica\/wp-content\/uploads\/sites\/31\/2019\/02\/Probabilidad-y-Estad\u00edstca_secundario.pdf\">Probabilidades y Estad\u00edstica Secundario<\/a><\/p>\n<p><a href=\"https:\/\/www.facet.unt.edu.ar\/deptomatematica\/wp-content\/uploads\/sites\/31\/2019\/02\/Integrantes-a-las-jornadas-preparatoriasdel-festival-de-matem\u00e1tica-ULTIMO.pdf\">Integrantes del taller: Probabilidades y Estad\u00edstica.<\/a><\/p>\n","protected":false},"excerpt":{"rendered":"<p>Juegos para primaria Probabilidades y estad\u00edstica Primaria Juegos para secundario Probabilidades y Estad\u00edstica Secundario Integrantes del taller: Probabilidades y Estad\u00edstica.<\/p>\n","protected":false},"author":101011,"featured_media":0,"parent":853,"menu_order":30,"comment_status":"closed","ping_status":"closed","template":"","meta":[],"_links":{"self":[{"href":"https:\/\/www.facet.unt.edu.ar\/deptomatematica\/wp-json\/wp\/v2\/pages\/876"}],"collection":[{"href":"https:\/\/www.facet.unt.edu.ar\/deptomatematica\/wp-json\/wp\/v2\/pages"}],"about":[{"href":"https:\/\/www.facet.unt.edu.ar\/deptomatematica\/wp-json\/wp\/v2\/types\/page"}],"author":[{"embeddable":true,"href":"https:\/\/www.facet.unt.edu.ar\/deptomatematica\/wp-json\/wp\/v2\/users\/101011"}],"replies":[{"embeddable":true,"href":"https:\/\/www.facet.unt.edu.ar\/deptomatematica\/wp-json\/wp\/v2\/comments?post=876"}],"version-history":[{"count":8,"href":"https:\/\/www.facet.unt.edu.ar\/deptomatematica\/wp-json\/wp\/v2\/pages\/876\/revisions"}],"predecessor-version":[{"id":937,"href":"https:\/\/www.facet.unt.edu.ar\/deptomatematica\/wp-json\/wp\/v2\/pages\/876\/revisions\/937"}],"up":[{"embeddable":true,"href":"https:\/\/www.facet.unt.edu.ar\/deptomatematica\/wp-json\/wp\/v2\/pages\/853"}],"wp:attachment":[{"href":"https:\/\/www.facet.unt.edu.ar\/deptomatematica\/wp-json\/wp\/v2\/media?parent=876"}],"curies":[{"name":"wp","href":"https:\/\/api.w.org\/{rel}","templated":true}]}}