{"id":113,"date":"2015-09-18T15:14:59","date_gmt":"2015-09-18T18:14:59","guid":{"rendered":"https:\/\/www.facet.unt.edu.ar\/disenoiluminacion\/?page_id=113"},"modified":"2022-05-13T15:59:39","modified_gmt":"2022-05-13T18:59:39","slug":"mavile","status":"publish","type":"page","link":"https:\/\/www.facet.unt.edu.ar\/disenoiluminacion\/mavile\/","title":{"rendered":"Especializaci\u00f3n MAVILE"},"content":{"rendered":"<div id=\"pl-113\"  class=\"panel-layout\" ><div id=\"pg-113-0\"  class=\"panel-grid panel-has-style\"  style=\"margin-bottom: 0px;\" ><div class=\"siteorigin-panels-stretch panel-row-style-full-width panel-row-style panel-row-style-for-113-0\" style=\"border-bottom: 1px solid #bababa; \" data-stretch-type=\"full-stretched\" ><div id=\"pgc-113-0-0\"  class=\"panel-grid-cell\" ><div id=\"panel-113-0-0-0\" class=\"so-panel widget widget_black-studio-tinymce widget_black_studio_tinymce panel-first-child\" data-index=\"0\" ><div class=\"panel-widget-style panel-widget-style-for-113-0-0-0\" ><h3 class=\"widget-title\">Especializaci\u00f3n MAVILE<\/h3><div class=\"textwidget\">La demanda de <strong>egresados MAVILE<\/strong> se profundiza en el campo de aplicaci\u00f3n de varias profesiones.\nEsta especializaci\u00f3n brinda incumbencias laborales relacionadas con la realizaci\u00f3n de proyectos de iluminaci\u00f3n en diferentes \u00e1reas:\n<div>\n<ul id=\"mavile-ul1\" class=\"orange-check\">\n \t<li><strong>Dise\u00f1o de Iluminaci\u00f3n:<\/strong> formaci\u00f3n b\u00e1sica y aplicada para proyectar, integrar o modificar sistemas de alumbrado en interiores o exteriores, considerando al proceso integralmente.<\/li>\n \t<li><strong>Producci\u00f3n, Dise\u00f1o Industrial, Consultor\u00eda:<\/strong> se forman profesionales que pueden insertarse en\nindustrias y empresas con capacidad para encarar tareas de control de calidad, desarrollo de productos, metodolog\u00edas de c\u00e1lculo y evaluaci\u00f3n de sistemas de alumbrado.<\/li>\n \t<li><strong>Docencia e Investigaci\u00f3n:<\/strong> los egresados adquieren capacitaci\u00f3n para desempe\u00f1arse como docentes de universidades, institutos terciarios, colegios secundarios. De igual manera la carrera les permite continuar con otros <a href=\"https:\/\/www.facet.unt.edu.ar\/disenoiluminacion\/carreras-de-posgrado\/\">estudios de posgrado<\/a>\u00a0como maestr\u00edas y doctorados.<\/li>\n<\/ul>\n<\/div>\n<strong>Director de la especializaci\u00f3n:<\/strong> Dr. Ra\u00fal Ajmat\n\n&nbsp;\n\n<strong>Informes:<\/strong>\u00a0especializacion.mavile@herrera.unt.edu.ar<\/div><\/div><\/div><div id=\"panel-113-0-0-1\" class=\"so-panel widget widget_black-studio-tinymce widget_black_studio_tinymce\" data-index=\"1\" ><div class=\"panel-widget-style panel-widget-style-for-113-0-0-1\" ><h3 class=\"widget-title\">Nuestras redes sociales<\/h3><div class=\"textwidget\"><\/div><\/div><\/div><div id=\"panel-113-0-0-2\" class=\"so-panel widget widget_sow-social-media-buttons panel-last-child\" data-index=\"2\" ><div class=\"panel-widget-style panel-widget-style-for-113-0-0-2\" ><div\n\t\t\t\n\t\t\tclass=\"so-widget-sow-social-media-buttons so-widget-sow-social-media-buttons-flat-fc90eafff952-113\"\n\t\t\t\n\t\t>\n\n<div class=\"social-media-button-container\">\n\t\n\t\t<a class=\"ow-button-hover sow-social-media-button-facebook-0 sow-social-media-button\" title=\"Dise\u00f1o de Iluminaci\u00f3n en Facebook\" aria-label=\"Dise\u00f1o de Iluminaci\u00f3n en Facebook\" target=\"_blank\" rel=\"noopener noreferrer\" href=\"https:\/\/www.facebook.com\/Especializaci%C3%B3n-Mavile-105677917501588\" >\n\t\t\t<span>\n\t\t\t\t\t\t\t\t<span class=\"sow-icon-fontawesome sow-fab\" data-sow-icon=\"&#xf39e;\"\n\t\t \n\t\taria-hidden=\"true\"><\/span>\t\t\t\t\t\t\t<\/span>\n\t\t<\/a>\n\t\n\t\t<a class=\"ow-button-hover sow-social-media-button-instagram-0 sow-social-media-button\" title=\"Dise\u00f1o de Iluminaci\u00f3n en Instagram\" aria-label=\"Dise\u00f1o de Iluminaci\u00f3n en Instagram\" target=\"_blank\" rel=\"noopener noreferrer\" href=\"https:\/\/www.instagram.com\/maviletucuman\/\" >\n\t\t\t<span>\n\t\t\t\t\t\t\t\t<span class=\"sow-icon-fontawesome sow-fab\" data-sow-icon=\"&#xf16d;\"\n\t\t \n\t\taria-hidden=\"true\"><\/span>\t\t\t\t\t\t\t<\/span>\n\t\t<\/a>\n\t\n\t\t<a class=\"ow-button-hover sow-social-media-button-youtube-0 sow-social-media-button\" title=\"Dise\u00f1o de Iluminaci\u00f3n en Youtube\" aria-label=\"Dise\u00f1o de Iluminaci\u00f3n en Youtube\" target=\"_blank\" rel=\"noopener noreferrer\" href=\"https:\/\/www.youtube.com\/channel\/UCkqvuJy_t2BAj4fsypL63FA\" >\n\t\t\t<span>\n\t\t\t\t\t\t\t\t<span class=\"sow-icon-fontawesome sow-fab\" data-sow-icon=\"&#xf167;\"\n\t\t \n\t\taria-hidden=\"true\"><\/span>\t\t\t\t\t\t\t<\/span>\n\t\t<\/a>\n\t<\/div>\n<\/div><\/div><\/div><\/div><div id=\"pgc-113-0-1\"  class=\"panel-grid-cell\" ><div id=\"panel-113-0-1-0\" class=\"so-panel widget widget_black-studio-tinymce widget_black_studio_tinymce panel-first-child panel-last-child\" data-index=\"3\" ><div class=\"panel-widget-style panel-widget-style-for-113-0-1-0\" ><div class=\"textwidget\"><div style=\"padding: 2%;\"><a href=\"https:\/\/www.facet.unt.edu.ar\/disenoiluminacion\/wp-content\/uploads\/sites\/89\/2021\/11\/Logo4_WA.jpeg\"><img class=\"aligncenter size-full wp-image-2218\" src=\"https:\/\/www.facet.unt.edu.ar\/disenoiluminacion\/wp-content\/uploads\/sites\/89\/2021\/11\/Logo4_WA.jpeg\" alt=\"\" width=\"1280\" height=\"1279\" \/><\/a>Se encuentra abierta la <a href=\"https:\/\/forms.gle\/RckQyseTvyxe8inV7\">preinscripci\u00f3n<\/a> para el dictado de la Especializaci\u00f3n en Medio Ambiente Visual e Iluminaci\u00f3n Eficiente (MAVILE) edici\u00f3n 2022.<\/div>\n<\/div><\/div><\/div><\/div><\/div><\/div><div id=\"pg-113-1\"  class=\"panel-grid panel-has-style\"  style=\"margin-bottom: 0px;\" ><div class=\"siteorigin-panels-stretch panel-row-style-full-width panel-row-style panel-row-style-for-113-1\" style=\"border-bottom: 1px solid #bababa; \" data-stretch-type=\"full-stretched\" ><div id=\"pgc-113-1-0\"  class=\"panel-grid-cell\" ><div id=\"panel-113-1-0-0\" class=\"so-panel widget widget_sow-features panel-first-child panel-last-child\" data-index=\"4\" ><div\n\t\t\t\n\t\t\tclass=\"so-widget-sow-features so-widget-sow-features-default-0fcbcb81f6a4-113\"\n\t\t\t\n\t\t>\n<div class=\"sow-features-list sow-features-responsive\">\n\n\t\t\t\t\t\t\t\t\t<div\n\t\t\t\tclass=\"sow-features-feature sow-icon-container-position-top \"\n\t\t\t\tstyle=\"display: flex; flex-direction: column; float: left; width: 33.333%;\"\n\t\t\t>\n\t\t\t\n\t\t\t\t\t\t\t\t<div\n\t\t\t\t\tclass=\"sow-icon-container sow-container-rounded-square\"\n\t\t\t\t\tstyle=\"color: #3896cd; \"\n\t\t\t\t\t>\n\t\t\t\t\t<span class=\"sow-icon-fontawesome sow-far\" data-sow-icon=\"&#xf14a;\"\n\t\tstyle=\"font-size: 46px; color: #FFFFFF\" \n\t\taria-hidden=\"true\"><\/span>\t\t\t\t<\/div>\n\t\t\t\t\n\t\t\t\t<div class=\"textwidget\">\n\t\t\t\t\t\n\t\t\t\t\t\t\t\t\t\t\t<h5>\n\t\t\t\t\t\t\t\n\t\t\t\t\t\t\tInformaci\u00f3n\t\t\t\t\t\t\t\t\t\t\t\t\t<\/h5>\n\t\t\t\t\t\n\t\t\t\t\t\t\t\t\t\t\t<p><a href=\"https:\/\/www.facet.unt.edu.ar\/disenoiluminacion\/wp-content\/uploads\/sites\/89\/2021\/11\/Info-General-2022-1.pdf\" target=\"_blank\" rel=\"noopener\">XII Edici\u00f3n 2022<\/a><br \/>\n<a href=\"https:\/\/view.genial.ly\/618869c5af48230d7fba53e9\/interactive-content-copia-docentes-mavile-2022\">Docentes<\/a><\/p>\n\t\t\t\t\t\n\t\t\t\t\t\t\t\t\t<\/div>\n\t\t\t\t\t\t\t\t\n\t\t\t\t\t\t\t<\/div>\n\n\t\t\t\t\t\t\t\t<div\n\t\t\t\tclass=\"sow-features-feature sow-icon-container-position-top \"\n\t\t\t\tstyle=\"display: flex; flex-direction: column; float: left; width: 33.333%;\"\n\t\t\t>\n\t\t\t\n\t\t\t\t\t\t\t\t<div\n\t\t\t\t\tclass=\"sow-icon-container sow-container-rounded-square\"\n\t\t\t\t\tstyle=\"color: #3896cd; \"\n\t\t\t\t\t>\n\t\t\t\t\t<span class=\"sow-icon-fontawesome sow-far\" data-sow-icon=\"&#xf271;\"\n\t\tstyle=\"font-size: 46px; color: #FFFFFF\" \n\t\taria-hidden=\"true\"><\/span>\t\t\t\t<\/div>\n\t\t\t\t\n\t\t\t\t<div class=\"textwidget\">\n\t\t\t\t\t\n\t\t\t\t\t\t\t\t\t\t\t<h5>\n\t\t\t\t\t\t\t\n\t\t\t\t\t\t\tModalidad\t\t\t\t\t\t\t\t\t\t\t\t\t<\/h5>\n\t\t\t\t\t\n\t\t\t\t\t\t\t\t\t\t\t<a href=\"https:\/\/www.facet.unt.edu.ar\/disenoiluminacion\/programa-esp-mavile\/\">Programa<\/a><br \/>\nDual (Virtual-Presencial)\t\t\t\t\t\n\t\t\t\t\t\t\t\t\t<\/div>\n\t\t\t\t\t\t\t\t\n\t\t\t\t\t\t\t<\/div>\n\n\t\t\t\t\t\t\t\t<div\n\t\t\t\tclass=\"sow-features-feature sow-icon-container-position-top \"\n\t\t\t\tstyle=\"display: flex; flex-direction: column; float: left; width: 33.333%;\"\n\t\t\t>\n\t\t\t\n\t\t\t\t\t\t\t\t<div\n\t\t\t\t\tclass=\"sow-icon-container sow-container-rounded-square\"\n\t\t\t\t\tstyle=\"color: #3896cd; \"\n\t\t\t\t\t>\n\t\t\t\t\t<span class=\"sow-icon-fontawesome sow-far\" data-sow-icon=\"&#xf017;\"\n\t\tstyle=\"font-size: 46px; color: #FFFFFF\" \n\t\taria-hidden=\"true\"><\/span>\t\t\t\t<\/div>\n\t\t\t\t\n\t\t\t\t<div class=\"textwidget\">\n\t\t\t\t\t\n\t\t\t\t\t\t\t\t\t\t\t<h5>\n\t\t\t\t\t\t\t\n\t\t\t\t\t\t\tCronograma\t\t\t\t\t\t\t\t\t\t\t\t\t<\/h5>\n\t\t\t\t\t\n\t\t\t\t\t\t\t\t\t\t\t<p><a href=\"https:\/\/view.genial.ly\/61857f81c3e9ee0d86904fa5\/interactive-content-cronograma-mavile-2022\" target=\"_blank\" rel=\"noopener\">Nueve meses consecutivos<\/a><br \/>\n<a href=\"https:\/\/www.facet.unt.edu.ar\/disenoiluminacion\/wp-content\/uploads\/sites\/89\/2022\/02\/cronograma_150222.png\" target=\"_blank\" rel=\"noopener\">Detalle en semanas<\/a><\/p>\n\t\t\t\t\t\n\t\t\t\t\t\t\t\t\t<\/div>\n\t\t\t\t\t\t\t\t\n\t\t\t\t\t\t\t<\/div>\n\n\t\t\t\t\t\t\t\t<div\n\t\t\t\tclass=\"sow-features-feature sow-icon-container-position-top sow-features-feature-last-row\"\n\t\t\t\tstyle=\"display: flex; flex-direction: column; float: left; width: 33.333%;\"\n\t\t\t>\n\t\t\t\n\t\t\t\t\t\t\t\t<div\n\t\t\t\t\tclass=\"sow-icon-container sow-container-rounded-square\"\n\t\t\t\t\tstyle=\"color: #3896cd; \"\n\t\t\t\t\t>\n\t\t\t\t\t<span class=\"sow-icon-fontawesome sow-fas\" data-sow-icon=\"&#xf073;\"\n\t\tstyle=\"font-size: 46px; color: #FFFFFF\" \n\t\taria-hidden=\"true\"><\/span>\t\t\t\t<\/div>\n\t\t\t\t\n\t\t\t\t<div class=\"textwidget\">\n\t\t\t\t\t\n\t\t\t\t\t\t\t\t\t\t\t<h5>\n\t\t\t\t\t\t\t\n\t\t\t\t\t\t\tInicio\t\t\t\t\t\t\t\t\t\t\t\t\t<\/h5>\n\t\t\t\t\t\n\t\t\t\t\t\t\t\t\t\t\t<p>Marzo de 2022<\/p>\n\t\t\t\t\t\n\t\t\t\t\t\t\t\t\t<\/div>\n\t\t\t\t\t\t\t\t\n\t\t\t\t\t\t\t<\/div>\n\n\t\t\t\t\t\t\t\t<div\n\t\t\t\tclass=\"sow-features-feature sow-icon-container-position-top sow-features-feature-last-row\"\n\t\t\t\tstyle=\"display: flex; flex-direction: column; float: left; width: 33.333%;\"\n\t\t\t>\n\t\t\t\n\t\t\t\t\t\t\t\t<div\n\t\t\t\t\tclass=\"sow-icon-container sow-container-rounded-square\"\n\t\t\t\t\tstyle=\"color: #3896cd; \"\n\t\t\t\t\t>\n\t\t\t\t\t<span class=\"sow-icon-fontawesome sow-fas\" data-sow-icon=\"&#xf0c5;\"\n\t\tstyle=\"font-size: 46px; color: #FFFFFF\" \n\t\taria-hidden=\"true\"><\/span>\t\t\t\t<\/div>\n\t\t\t\t\n\t\t\t\t<div class=\"textwidget\">\n\t\t\t\t\t\n\t\t\t\t\t\t\t\t\t\t\t<h5>\n\t\t\t\t\t\t\t\n\t\t\t\t\t\t\tRequisitos\t\t\t\t\t\t\t\t\t\t\t\t\t<\/h5>\n\t\t\t\t\t\n\t\t\t\t\t\t\t\t\t\t\t<p><a href=\"https:\/\/forms.gle\/RckQyseTvyxe8inV7\" target=\"_blank\" rel=\"noopener\">Preinscripci\u00f3n MAVILE 2022<\/a><br \/>\n<a href=\"https:\/\/www.facet.unt.edu.ar\/disenoiluminacion\/wp-content\/uploads\/sites\/89\/2021\/11\/Checklist-Inscripcion.pdf\" target=\"_blank\" rel=\"noopener\">Checklist Inscripci\u00f3n<\/a><br \/>\n<a href=\"https:\/\/www.facet.unt.edu.ar\/disenoiluminacion\/wp-content\/uploads\/sites\/89\/2021\/11\/Notificacion-carrera-CONEAU-y-MEN-Espec-MAVILE-2022.docx\" target=\"_blank\" rel=\"noopener\">Nota CONEAU<\/a><br \/>\n<a href=\"https:\/\/www.facet.unt.edu.ar\/disenoiluminacion\/wp-content\/uploads\/sites\/89\/2021\/11\/Solicitud-de-inscripcion-a-MAVILE.docx\">Nota Inscripci\u00f3n<\/a><br \/>\n<a href=\"https:\/\/www.facet.unt.edu.ar\/disenoiluminacion\/wp-content\/uploads\/sites\/89\/2021\/11\/Checklist-Tramite-de-Tribunal-examinador.pdf\" target=\"_blank\" rel=\"noopener\">Checklist Tribunal<\/a><br \/>\nChecklist Diploma<\/p>\n\t\t\t\t\t\n\t\t\t\t\t\t\t\t\t<\/div>\n\t\t\t\t\t\t\t\t\n\t\t\t\t\t\t\t<\/div>\n\n\t\t\t\t\t\t\t\t<div\n\t\t\t\tclass=\"sow-features-feature sow-icon-container-position-top sow-features-feature-last-row\"\n\t\t\t\tstyle=\"display: flex; flex-direction: column; float: left; width: 33.333%;\"\n\t\t\t>\n\t\t\t\n\t\t\t\t\t\t\t\t<div\n\t\t\t\t\tclass=\"sow-icon-container sow-container-rounded-square\"\n\t\t\t\t\tstyle=\"color: #3896cd; \"\n\t\t\t\t\t>\n\t\t\t\t\t<span class=\"sow-icon-fontawesome sow-fas\" data-sow-icon=\"&#xf653;\"\n\t\tstyle=\"font-size: 46px; color: #ffffff\" \n\t\taria-hidden=\"true\"><\/span>\t\t\t\t<\/div>\n\t\t\t\t\n\t\t\t\t<div class=\"textwidget\">\n\t\t\t\t\t\n\t\t\t\t\t\t\t\t\t\t\t<h5>\n\t\t\t\t\t\t\t\n\t\t\t\t\t\t\tAranceles\t\t\t\t\t\t\t\t\t\t\t\t\t<\/h5>\n\t\t\t\t\t\n\t\t\t\t\t\t\t\t\t\t\t<p><a href=\"https:\/\/www.facet.unt.edu.ar\/disenoiluminacion\/wp-content\/uploads\/sites\/89\/2021\/11\/Aranceles-2022.pdf\" target=\"_blank\" rel=\"noopener\">Aranceles 2022<\/a><\/p>\n\t\t\t\t\t\n\t\t\t\t\t\t\t\t\t<\/div>\n\t\t\t\t\t\t\t\t\n\t\t\t\t\t\t\t<\/div>\n\n\t\t\t\n<\/div>\n<\/div><\/div><\/div><div id=\"pgc-113-1-1\"  class=\"panel-grid-cell\" ><div id=\"panel-113-1-1-0\" class=\"so-panel widget widget_text panel-first-child\" data-index=\"5\" ><div class=\"panel-widget-style panel-widget-style-for-113-1-1-0\" >\t\t\t<div class=\"textwidget\"><!--\n<div style=\"text-align: left\">\n\t<strong>Mir\u00e1 el video de presentaci\u00f3n de MAVILE<\/strong>\n\t<div style=\"height:191px;width:340px;overflow:hidden\">\n\t\t[videojs youtube=\"https:\/\/www.youtube.com\/watch?v=oil50lH7YI8\" poster=\"https:\/\/img.youtube.com\/vi\/oil50lH7YI8\/0.jpg\" preload=\"false\" autoplay=\"false\" width=\"340\" height=\"191\" id=\"mavileVideo\" class=\"\" controls=\"true\"]\n\t<\/div>\n\t<a href=\"\/\/www.youtube.com\/watch?v=oil50lH7YI8\" target=\"_blank\" rel=\"noopener\">\n\t\t<strong><small>Ver video en YouTube<\/small><\/strong>\n\t<\/a>\n<\/div>\n-->\n\n<div style=\"text-align: left\">\n\t<strong>Mir\u00e1 el video de presentaci\u00f3n de MAVILE<\/strong>\n\t<div style=\"height:191px;width:340px;overflow:hidden\">\n\t\t<iframe src=\"https:\/\/www.youtube.com\/embed\/5g_n4ZcCXxc\" title=\"YouTube video player\" frameborder=\"0\" allow=\"accelerometer; autoplay; clipboard-write; encrypted-media; gyroscope; picture-in-picture\" allowfullscreen><\/iframe>\n\t<\/div>\n\t<a href=\"https:\/\/youtu.be\/5g_n4ZcCXxc\" target=\"_blank\" rel=\"noopener\">\n\t\t<strong><small>Ver video en YouTube<\/small><\/strong>\n\t<\/a>\n<\/div><\/div>\n\t\t<\/div><\/div><div id=\"panel-113-1-1-1\" class=\"so-panel widget widget_circleicon-widget panel-last-child\" data-index=\"6\" >\t\t<div class=\"circle-icon-box circle-icon-position-top circle-icon-hide-box circle-icon-size-small\">\n\t\t\t<div class=\"circle-icon-wrapper\">\n\t\t\t\t\t\t\t\t<div class=\"circle-icon\" >\n\t\t\t\t\t<div class=\"fa fa-check-square\" ><\/div>\t\t\t\t<\/div>\n\t\t\t\t\t\t\t<\/div>\n\n\t\t\t\t\t\t\t\t\t\n\t\t\t<p class=\"text\" >Acreditado B por la CONEAU<\/p>\t\t\t\t\t\t\t<a href=\"https:\/\/www.facet.unt.edu.ar\/disenoiluminacion\/wp-content\/uploads\/sites\/89\/2016\/08\/Especializaci\u00f3n-en-Medio-Ambiente-Visual-e-Iluminaci\u00f3n-Eficiente.pdf\" class=\"more-button\" >Ver Resoluci\u00f3n <i><\/i><\/a>\n\t\t\t\t\t<\/div>\n\t\t<\/div><\/div><\/div><\/div><div id=\"pg-113-2\"  class=\"panel-grid panel-has-style\"  style=\"margin-bottom: 0px;\" ><div class=\"siteorigin-panels-stretch panel-row-style-full-width panel-row-style panel-row-style-for-113-2\" style=\"background-color: #f2e9de; \" data-stretch-type=\"full-stretched\" ><div id=\"pgc-113-2-0\"  class=\"panel-grid-cell\" ><div id=\"panel-113-2-0-0\" class=\"so-panel widget widget_sow-editor panel-first-child panel-last-child\" data-index=\"7\" ><div class=\"panel-widget-style panel-widget-style-for-113-2-0-0\" ><div\n\t\t\t\n\t\t\tclass=\"so-widget-sow-editor so-widget-sow-editor-base\"\n\t\t\t\n\t\t>\n<div class=\"siteorigin-widget-tinymce textwidget\">\n\t<h2 style=\"text-align: center;\"><a href=\"https:\/\/forms.gle\/RckQyseTvyxe8inV7\">PREINSCRIPCI\u00d3N EN LA ESPECIALIZACI\u00d3N<\/a><\/h2>\n<hr \/>\n<p><!-- Leer con atenci\u00f3n el archivo \"Informaci\u00f3n general MAVILE 2022\" ya que all\u00ed se detallan las fases de la inscripci\u00f3n a la carrera.--><\/p>\n<\/div>\n<\/div><\/div><\/div><\/div><\/div><\/div><\/div>","protected":false},"excerpt":{"rendered":"<p>La demanda de egresados MAVILE se profundiza en el campo de aplicaci\u00f3n de varias profesiones. Esta especializaci\u00f3n brinda incumbencias laborales relacionadas con la realizaci\u00f3n de proyectos de iluminaci\u00f3n en diferentes \u00e1reas: Dise\u00f1o de Iluminaci\u00f3n: formaci\u00f3n b\u00e1sica y aplicada para proyectar, integrar o modificar sistemas de alumbrado en interiores o exteriores, considerando al proceso integralmente. Producci\u00f3n, [&hellip;]<\/p>\n","protected":false},"author":24,"featured_media":0,"parent":0,"menu_order":0,"comment_status":"closed","ping_status":"closed","template":"templates\/template-full-notitle.php","meta":[],"_links":{"self":[{"href":"https:\/\/www.facet.unt.edu.ar\/disenoiluminacion\/wp-json\/wp\/v2\/pages\/113"}],"collection":[{"href":"https:\/\/www.facet.unt.edu.ar\/disenoiluminacion\/wp-json\/wp\/v2\/pages"}],"about":[{"href":"https:\/\/www.facet.unt.edu.ar\/disenoiluminacion\/wp-json\/wp\/v2\/types\/page"}],"author":[{"embeddable":true,"href":"https:\/\/www.facet.unt.edu.ar\/disenoiluminacion\/wp-json\/wp\/v2\/users\/24"}],"replies":[{"embeddable":true,"href":"https:\/\/www.facet.unt.edu.ar\/disenoiluminacion\/wp-json\/wp\/v2\/comments?post=113"}],"version-history":[{"count":203,"href":"https:\/\/www.facet.unt.edu.ar\/disenoiluminacion\/wp-json\/wp\/v2\/pages\/113\/revisions"}],"predecessor-version":[{"id":2850,"href":"https:\/\/www.facet.unt.edu.ar\/disenoiluminacion\/wp-json\/wp\/v2\/pages\/113\/revisions\/2850"}],"wp:attachment":[{"href":"https:\/\/www.facet.unt.edu.ar\/disenoiluminacion\/wp-json\/wp\/v2\/media?parent=113"}],"curies":[{"name":"wp","href":"https:\/\/api.w.org\/{rel}","templated":true}]}}