{"id":1754,"date":"2018-07-27T10:16:00","date_gmt":"2018-07-27T13:16:00","guid":{"rendered":"https:\/\/www.facet.unt.edu.ar\/disenoiluminacion\/?page_id=1754"},"modified":"2018-07-27T10:20:15","modified_gmt":"2018-07-27T13:20:15","slug":"sistemas-de-energia","status":"publish","type":"page","link":"https:\/\/www.facet.unt.edu.ar\/disenoiluminacion\/sistemas-de-energia\/","title":{"rendered":"Sistemas de energ\u00eda. Programa PIUNT 26\/E643"},"content":{"rendered":"<div id=\"pl-1754\"  class=\"panel-layout\" ><div id=\"pg-1754-0\"  class=\"panel-grid panel-no-style\" ><div id=\"pgc-1754-0-0\"  class=\"panel-grid-cell\" ><div id=\"panel-1754-0-0-0\" class=\"so-panel widget widget_black-studio-tinymce widget_black_studio_tinymce panel-first-child panel-last-child\" data-index=\"0\" ><div class=\"textwidget\"><p><a href=\"https:\/\/www.facet.unt.edu.ar\/disenoiluminacion\/wp-content\/uploads\/sites\/89\/2018\/07\/lab_sistenergia.png\"><img class=\"wp-image-1779 alignright\" src=\"https:\/\/www.facet.unt.edu.ar\/disenoiluminacion\/wp-content\/uploads\/sites\/89\/2018\/07\/lab_sistenergia.png\" alt=\"\" width=\"338\" height=\"253\" \/><\/a>Est\u00e1 conformado por proyectos que tratan sobre la caracterizaci\u00f3n de los sistemas energ\u00e9ticos, incluido el aprovechamiento de la energ\u00eda solar, para lo cual cuenta con un laboratorio con capacidad de mediciones radiom\u00e9tricas y fotom\u00e9tricas. La caracterizaci\u00f3n se basa en los atributos de seguridad, desempe\u00f1o y eficiencia de los sistemas y sus componentes. Incluye la evaluaci\u00f3n de equipos e instalaciones mediante ensayos de laboratorio, relevamientos y encuestas y el comportamiento de los usuarios en relaci\u00f3n al uso de energ\u00eda. Esta l\u00ednea de trabajo ha recibido el apoyo del CONICET y la Agencia Nacional de Ciencia ANPCyT y organismos internacionales por m\u00e1s de 3 d\u00e9cadas. Sus resultados se han aplicado en normas, recomendaciones y servicio a los consumidores.<\/p>\n<\/div><\/div><\/div><\/div><div id=\"pg-1754-1\"  class=\"panel-grid panel-no-style\" ><div id=\"pgc-1754-1-0\"  class=\"panel-grid-cell\" ><div id=\"panel-1754-1-0-0\" class=\"so-panel widget widget_circleicon-widget panel-first-child panel-last-child\" data-index=\"1\" >\t\t<div class=\"circle-icon-box circle-icon-position-top circle-icon-hide-box circle-icon-size-small\">\n\t\t\t<div class=\"circle-icon-wrapper\">\n\t\t\t\t\t\t\t\t<div class=\"circle-icon\" >\n\t\t\t\t\t<div class=\"fa fa-user\" ><\/div>\t\t\t\t<\/div>\n\t\t\t\t\t\t\t<\/div>\n\n\t\t\t\t\t\t<h4 >Dr. Ing Leonardo Assaf<\/h4>\t\t\t\n\t\t\t<p class=\"text\" >(Director) - DLLyV<\/p>\t\t\t\t\t<\/div>\n\t\t<\/div><\/div><div id=\"pgc-1754-1-1\"  class=\"panel-grid-cell\" ><div id=\"panel-1754-1-1-0\" class=\"so-panel widget widget_circleicon-widget panel-first-child panel-last-child\" data-index=\"2\" >\t\t<div class=\"circle-icon-box circle-icon-position-top circle-icon-hide-box circle-icon-size-small\">\n\t\t\t<div class=\"circle-icon-wrapper\">\n\t\t\t\t\t\t\t\t<div class=\"circle-icon\" >\n\t\t\t\t\t<div class=\"fa fa-user\" ><\/div>\t\t\t\t<\/div>\n\t\t\t\t\t\t\t<\/div>\n\n\t\t\t\t\t\t<h4 >Miguel Est\u00e9vez<\/h4>\t\t\t\n\t\t\t<p class=\"text\" >DEEC<\/p>\t\t\t\t\t<\/div>\n\t\t<\/div><\/div><div id=\"pgc-1754-1-2\"  class=\"panel-grid-cell\" ><div id=\"panel-1754-1-2-0\" class=\"so-panel widget widget_circleicon-widget panel-first-child panel-last-child\" data-index=\"3\" >\t\t<div class=\"circle-icon-box circle-icon-position-top circle-icon-hide-box circle-icon-size-small\">\n\t\t\t<div class=\"circle-icon-wrapper\">\n\t\t\t\t\t\t\t\t<div class=\"circle-icon\" >\n\t\t\t\t\t<div class=\"fa fa-user\" ><\/div>\t\t\t\t<\/div>\n\t\t\t\t\t\t\t<\/div>\n\n\t\t\t\t\t\t<h4 >Mart\u00edn Leal<\/h4>\t\t\t\n\t\t\t<p class=\"text\" >EEAOC<\/p>\t\t\t\t\t<\/div>\n\t\t<\/div><\/div><div id=\"pgc-1754-1-3\"  class=\"panel-grid-cell\" ><div id=\"panel-1754-1-3-0\" class=\"so-panel widget widget_circleicon-widget panel-first-child panel-last-child\" data-index=\"4\" >\t\t<div class=\"circle-icon-box circle-icon-position-top circle-icon-hide-box circle-icon-size-small\">\n\t\t\t<div class=\"circle-icon-wrapper\">\n\t\t\t\t\t\t\t\t<div class=\"circle-icon\" >\n\t\t\t\t\t<div class=\"fa fa-user\" ><\/div>\t\t\t\t<\/div>\n\t\t\t\t\t\t\t<\/div>\n\n\t\t\t\t\t\t<h4 >Dr. Juan Carlos Casado<\/h4>\t\t\t\n\t\t\t<p class=\"text\" >DLLyV<\/p>\t\t\t\t\t<\/div>\n\t\t<\/div><\/div><div id=\"pgc-1754-1-4\"  class=\"panel-grid-cell\" ><div id=\"panel-1754-1-4-0\" class=\"so-panel widget widget_circleicon-widget panel-first-child panel-last-child\" data-index=\"5\" >\t\t<div class=\"circle-icon-box circle-icon-position-top circle-icon-hide-box circle-icon-size-small\">\n\t\t\t<div class=\"circle-icon-wrapper\">\n\t\t\t\t\t\t\t\t<div class=\"circle-icon\" >\n\t\t\t\t\t<div class=\"fa fa-user\" ><\/div>\t\t\t\t<\/div>\n\t\t\t\t\t\t\t<\/div>\n\n\t\t\t\t\t\t<h4 >Dra. Nieves de Adler<\/h4>\t\t\t\n\t\t\t<p class=\"text\" >Laboratorio de F\u00edsica de la Atm\u00f3sfera<\/p>\t\t\t\t\t<\/div>\n\t\t<\/div><\/div><\/div><div id=\"pg-1754-2\"  class=\"panel-grid panel-no-style\" ><div id=\"pgc-1754-2-0\"  class=\"panel-grid-cell\" ><div id=\"panel-1754-2-0-0\" class=\"so-panel widget widget_black-studio-tinymce widget_black_studio_tinymce panel-first-child panel-last-child\" data-index=\"6\" ><h3 class=\"widget-title\">Red de referencias<\/h3><div class=\"textwidget\"><ul>\n<li><strong>AACC<\/strong> - Asociaci\u00f3n Argentina de Ciencias del Comportamiento<\/li>\n<li><strong>AADL<\/strong> - Asociaci\u00f3n Argentina de Luminotecnia<\/li>\n<li><strong>ADELCO<\/strong> \u2013 Acci\u00f3n del Consumidor<\/li>\n<li><strong>IRAM<\/strong> \u2013 Instituto Argentino de Normalizaci\u00f3n<\/li>\n<\/ul>\n<\/div><\/div><\/div><\/div><\/div>","protected":false},"excerpt":{"rendered":"<p>Est\u00e1 conformado por proyectos que tratan sobre la caracterizaci\u00f3n de los sistemas energ\u00e9ticos, incluido el aprovechamiento de la energ\u00eda solar, para lo cual cuenta con un laboratorio con capacidad de mediciones radiom\u00e9tricas y fotom\u00e9tricas. La caracterizaci\u00f3n se basa en los atributos de seguridad, desempe\u00f1o y eficiencia de los sistemas y sus componentes. Incluye la evaluaci\u00f3n [&hellip;]<\/p>\n","protected":false},"author":24,"featured_media":0,"parent":0,"menu_order":0,"comment_status":"closed","ping_status":"closed","template":"templates\/template-full.php","meta":[],"_links":{"self":[{"href":"https:\/\/www.facet.unt.edu.ar\/disenoiluminacion\/wp-json\/wp\/v2\/pages\/1754"}],"collection":[{"href":"https:\/\/www.facet.unt.edu.ar\/disenoiluminacion\/wp-json\/wp\/v2\/pages"}],"about":[{"href":"https:\/\/www.facet.unt.edu.ar\/disenoiluminacion\/wp-json\/wp\/v2\/types\/page"}],"author":[{"embeddable":true,"href":"https:\/\/www.facet.unt.edu.ar\/disenoiluminacion\/wp-json\/wp\/v2\/users\/24"}],"replies":[{"embeddable":true,"href":"https:\/\/www.facet.unt.edu.ar\/disenoiluminacion\/wp-json\/wp\/v2\/comments?post=1754"}],"version-history":[{"count":33,"href":"https:\/\/www.facet.unt.edu.ar\/disenoiluminacion\/wp-json\/wp\/v2\/pages\/1754\/revisions"}],"predecessor-version":[{"id":1788,"href":"https:\/\/www.facet.unt.edu.ar\/disenoiluminacion\/wp-json\/wp\/v2\/pages\/1754\/revisions\/1788"}],"wp:attachment":[{"href":"https:\/\/www.facet.unt.edu.ar\/disenoiluminacion\/wp-json\/wp\/v2\/media?parent=1754"}],"curies":[{"name":"wp","href":"https:\/\/api.w.org\/{rel}","templated":true}]}}