{"id":1827,"date":"2018-08-29T18:19:49","date_gmt":"2018-08-29T21:19:49","guid":{"rendered":"https:\/\/www.facet.unt.edu.ar\/disenoiluminacion\/?page_id=1827"},"modified":"2018-09-04T16:05:18","modified_gmt":"2018-09-04T19:05:18","slug":"libro-eficiencia-en-la-iluminacion-de-espacios-urbanos","status":"publish","type":"page","link":"https:\/\/www.facet.unt.edu.ar\/disenoiluminacion\/libro-eficiencia-en-la-iluminacion-de-espacios-urbanos\/","title":{"rendered":"Libro: Eficiencia en la Iluminaci\u00f3n de espacios urbanos"},"content":{"rendered":"<div id=\"pl-1827\"  class=\"panel-layout\" ><div id=\"pg-1827-0\"  class=\"panel-grid panel-no-style\" ><div id=\"pgc-1827-0-0\"  class=\"panel-grid-cell\" ><div id=\"panel-1827-0-0-0\" class=\"so-panel widget widget_black-studio-tinymce widget_black_studio_tinymce panel-first-child panel-last-child\" data-index=\"0\" ><div class=\"textwidget\"><p>En el marco de la Semana Nacional de la Ciencia y la Tecnolog\u00eda, ser\u00e1 presentado el Libro: <em><strong>Eficiencia en la Iluminaci\u00f3n de espacios urbanos,<\/strong><\/em> Editado por EDUNT.<\/p>\n<p><strong>Autores:<\/strong><\/p>\n<ul>\n<li>Eduardo Manzano (DLLyV-ILAV UNT-CONICET)<\/li>\n<li>Alberto Cabello (DLLyV-ILAV UNT-CONICET)<\/li>\n<li>Mario Raitelli (DLLyV-ILAV UNT-CONICET)<\/li>\n<li>Oscar Preciado (CONACYT M\u00e9xico)<\/li>\n<li>Claudio Guzm\u00e1n (Universidad Nacional del Comahue)<\/li>\n<li>Israel Mockey (Universidad de Oriente, Santiago de Cuba, Cuba)<\/li>\n<li>Mauro Carlorosi (Depto de Electricidad Electr\u00f3nica y Computaci\u00f3n-UNT, Argentina)<\/li>\n<li>Francisco Esp\u00edn (Instituto Nacional de Energ\u00eda y Energ\u00edas Renovables,Quito, Ecuador)<\/li>\n<li>Pedro Galleguillos (AL-Chile)<\/li>\n<li>Silvina Rigali (Universidad Nacional de Santiago del Estero, Argentina)<\/li>\n<li>Fernando Deco (Municipalidad de Rosario, Argentina)<\/li>\n<li>Edith Cardozo (Municipalidad de San Fernando del Valle, Catamarca, Argentina)<\/li>\n<li>Luis Del Negro (Depto de Electricidad Electr\u00f3nica y Computaci\u00f3n-UNT, Argentina)<\/li>\n<\/ul>\n<\/div><\/div><\/div><div id=\"pgc-1827-0-1\"  class=\"panel-grid-cell\" ><div id=\"panel-1827-0-1-0\" class=\"so-panel widget widget_sow-features panel-first-child\" data-index=\"1\" ><div\n\t\t\t\n\t\t\tclass=\"so-widget-sow-features so-widget-sow-features-default-218bf1a1043f-1827\"\n\t\t\t\n\t\t>\n<div class=\"sow-features-list sow-features-responsive\">\n\n\t\t\t\t\t\t\t\t\t<div\n\t\t\t\tclass=\"sow-features-feature sow-icon-container-position-top sow-features-feature-last-row\"\n\t\t\t\tstyle=\"display: flex; flex-direction: column; float: left; width: 100%;\"\n\t\t\t>\n\t\t\t\n\t\t\t\t\t\t\t\t<div\n\t\t\t\t\tclass=\"sow-icon-container sow-container-round\"\n\t\t\t\t\tstyle=\"color: #3896cd; \"\n\t\t\t\t\t>\n\t\t\t\t\t<span class=\"sow-icon-fontawesome sow-far\" data-sow-icon=\"&#xf274;\"\n\t\tstyle=\"font-size: 34px; color: #FFFFFF\" \n\t\taria-hidden=\"true\"><\/span>\t\t\t\t<\/div>\n\t\t\t\t\n\t\t\t\t<div class=\"textwidget\">\n\t\t\t\t\t\n\t\t\t\t\t\n\t\t\t\t\t\t\t\t\t\t\t<h5>A confirmar<\/h5>\t\t\t\t\t\n\t\t\t\t\t\t\t\t\t<\/div>\n\t\t\t\t\t\t\t\t\n\t\t\t\t\t\t\t<\/div>\n\n\t\t\t\n<\/div>\n<\/div><\/div><div id=\"panel-1827-0-1-1\" class=\"so-panel widget widget_sow-features\" data-index=\"2\" ><div\n\t\t\t\n\t\t\tclass=\"so-widget-sow-features so-widget-sow-features-default-18513ff5577a-1827\"\n\t\t\t\n\t\t>\n<div class=\"sow-features-list sow-features-responsive\">\n\n\t\t\t\t\t\t\t\t\t<div\n\t\t\t\tclass=\"sow-features-feature sow-icon-container-position-top sow-features-feature-last-row\"\n\t\t\t\tstyle=\"display: flex; flex-direction: column; float: left; width: 100%;\"\n\t\t\t>\n\t\t\t\n\t\t\t\t\t\t\t\t\t<a\n\t\t\t\t\t\thref=\"https:\/\/www.google.com\/maps\/place\/Departamento+de+Luminotecnia+Luz+y+Visi%C3%B3n\/@-26.8442107,-65.2298966,17z\/data=!4m5!3m4!1s0x94225c79a76cb3a7:0x53730668a70789ac!8m2!3d-26.844048!4d-65.228695\"\n\t\t\t\t\t\ttarget=\"_blank\" rel=\"noopener noreferrer\"\t\t\t\t\t>\n\t\t\t\t\t\t\t\t<div\n\t\t\t\t\tclass=\"sow-icon-container sow-container-round\"\n\t\t\t\t\tstyle=\"color: #3896cd; \"\n\t\t\t\t\t>\n\t\t\t\t\t<span class=\"sow-icon-fontawesome sow-fas\" data-sow-icon=\"&#xf041;\"\n\t\tstyle=\"font-size: 34px; color: #FFFFFF\" \n\t\taria-hidden=\"true\"><\/span>\t\t\t\t<\/div>\n\t\t\t\t\t\t\t\t\t<\/a>\n\t\t\t\t\n\t\t\t\t<div class=\"textwidget\">\n\t\t\t\t\t\n\t\t\t\t\t\t\t\t\t\t\t<h5>\n\t\t\t\t\t\t\t\t\t\t\t\t\t\t\t<a\n\t\t\t\t\t\t\t\t\thref=\"https:\/\/www.google.com\/maps\/place\/Departamento+de+Luminotecnia+Luz+y+Visi%C3%B3n\/@-26.8442107,-65.2298966,17z\/data=!4m5!3m4!1s0x94225c79a76cb3a7:0x53730668a70789ac!8m2!3d-26.844048!4d-65.228695\"\n\t\t\t\t\t\t\t\t\ttarget=\"_blank\" rel=\"noopener noreferrer\"\t\t\t\t\t\t\t\t>\n\t\t\t\t\t\t\t\n\t\t\t\t\t\t\tDLLyV, Facet, UNT\t\t\t\t\t\t\t\t\t\t\t\t\t\t\t<\/a>\n\t\t\t\t\t\t\t\t\t\t\t\t\t<\/h5>\n\t\t\t\t\t\n\t\t\t\t\t\n\t\t\t\t\t\t\t\t\t<\/div>\n\t\t\t\t\t\t\t\t\n\t\t\t\t\t\t\t<\/div>\n\n\t\t\t\n<\/div>\n<\/div><\/div><div id=\"panel-1827-0-1-2\" class=\"so-panel widget widget_sow-features panel-last-child\" data-index=\"3\" ><div\n\t\t\t\n\t\t\tclass=\"so-widget-sow-features so-widget-sow-features-default-18513ff5577a-1827\"\n\t\t\t\n\t\t>\n<div class=\"sow-features-list sow-features-responsive\">\n\n\t\t\t\t\t\t\t\t\t<div\n\t\t\t\tclass=\"sow-features-feature sow-icon-container-position-top sow-features-feature-last-row\"\n\t\t\t\tstyle=\"display: flex; flex-direction: column; float: left; width: 100%;\"\n\t\t\t>\n\t\t\t\n\t\t\t\t\t\t\t\t\t<a\n\t\t\t\t\t\thref=\"https:\/\/drive.google.com\/file\/d\/1kGapY_dDub3tu8-9jY_J4EGKIJVfrc1I\/view\"\n\t\t\t\t\t\ttarget=\"_blank\" rel=\"noopener noreferrer\"\t\t\t\t\t>\n\t\t\t\t\t\t\t\t<div\n\t\t\t\t\tclass=\"sow-icon-container sow-container-round\"\n\t\t\t\t\tstyle=\"color: #3896cd; \"\n\t\t\t\t\t>\n\t\t\t\t\t<span class=\"sow-icon-fontawesome sow-far\" data-sow-icon=\"&#xf1c1;\"\n\t\tstyle=\"font-size: 34px; color: #FFFFFF\" \n\t\taria-hidden=\"true\"><\/span>\t\t\t\t<\/div>\n\t\t\t\t\t\t\t\t\t<\/a>\n\t\t\t\t\n\t\t\t\t<div class=\"textwidget\">\n\t\t\t\t\t\n\t\t\t\t\t\t\t\t\t\t\t<h5>\n\t\t\t\t\t\t\t\t\t\t\t\t\t\t\t<a\n\t\t\t\t\t\t\t\t\thref=\"https:\/\/drive.google.com\/file\/d\/1kGapY_dDub3tu8-9jY_J4EGKIJVfrc1I\/view\"\n\t\t\t\t\t\t\t\t\ttarget=\"_blank\" rel=\"noopener noreferrer\"\t\t\t\t\t\t\t\t>\n\t\t\t\t\t\t\t\n\t\t\t\t\t\t\tDescargar Libro\t\t\t\t\t\t\t\t\t\t\t\t\t\t\t<\/a>\n\t\t\t\t\t\t\t\t\t\t\t\t\t<\/h5>\n\t\t\t\t\t\n\t\t\t\t\t\n\t\t\t\t\t\t\t\t\t<\/div>\n\t\t\t\t\t\t\t\t\n\t\t\t\t\t\t\t<\/div>\n\n\t\t\t\n<\/div>\n<\/div><\/div><\/div><\/div><div id=\"pg-1827-1\"  class=\"panel-grid panel-no-style\" ><div id=\"pgc-1827-1-0\"  class=\"panel-grid-cell\" ><div id=\"panel-1827-1-0-0\" class=\"so-panel widget widget_black-studio-tinymce widget_black_studio_tinymce panel-first-child panel-last-child\" data-index=\"4\" ><div class=\"textwidget\"><p>El libro es un compendio de 20 trabajos seleccionados sobre publicaciones y presentaciones a congresos realizados en el marco del proyecto PIUNT E523 y cuyo prologo fue redactado por la Dra. Elisa Colombo.<\/p>\n<p>Se destaca la colaboraci\u00f3n en el proyecto de:<\/p>\n<ul>\n \t<li>Natalia Fern\u00e1ndez (ILAV-CONICET)<\/li>\n \t<li>Marcelo De Nobrega (ILAV-CONICET)<\/li>\n \t<li>Nicol\u00e1s Formoso (ILAV-CONICET)<\/li>\n \t<li>V\u00edctor Arreyes (UNT-DLLyV)<\/li>\n \t<li>Dar\u00edo Ja\u00e9n (UNT-DLLyV)<\/li>\n<\/ul>\n<p>Agrademos tambi\u00e9n la participaci\u00f3n como coautores de los trabajos seleccionados a:<\/p>\n<ul>\n \t<li>C\u00e9sar Amado (Becario CIUNT)<\/li>\n \t<li>Elvo Calixto Burinni Jr. (IEE, Universidad de San Pablo, Brasil)<\/li>\n \t<li>Raquel Castillo (ILAV-CONICET)<\/li>\n \t<li>Lorena D\u00edaz (Municipalidad de Cipolletti, Rio Negro, Argentina)<\/li>\n \t<li>Leopoldo Rodr\u00edguez (Universidad Cat\u00f3lica Pontificia, Valpara\u00edso, Chile)<\/li>\n \t<li>Pedro Sanhueza (Oficina de Protecci\u00f3n de Calidad del Cielo, Chile)<\/li>\n \t<li>Daniel V\u00e1squez Molini (Universidad Complutense de Madrid, Espa\u00f1a)<\/li>\n<\/ul><\/div><\/div><\/div><div id=\"pgc-1827-1-1\"  class=\"panel-grid-cell\" ><div id=\"panel-1827-1-1-0\" class=\"so-panel widget widget_sow-image panel-first-child panel-last-child\" data-index=\"5\" ><div class=\"panel-widget-style panel-widget-style-for-1827-1-1-0\" ><div\n\t\t\t\n\t\t\tclass=\"so-widget-sow-image so-widget-sow-image-default-ab294a5857f7-1827\"\n\t\t\t\n\t\t>\n\n<div class=\"sow-image-container\">\n\t\t\t<a href=\"https:\/\/drive.google.com\/file\/d\/1kGapY_dDub3tu8-9jY_J4EGKIJVfrc1I\/view?usp=sharing\"\n\t\t\ttarget=\"_blank\" rel=\"noopener noreferrer\" \t\t>\n\t\t\t<img src=\"https:\/\/www.facet.unt.edu.ar\/disenoiluminacion\/wp-content\/uploads\/sites\/89\/2018\/08\/tapa_libro.png\" width=\"651\" height=\"924\" srcset=\"https:\/\/www.facet.unt.edu.ar\/disenoiluminacion\/wp-content\/uploads\/sites\/89\/2018\/08\/tapa_libro.png 651w, https:\/\/www.facet.unt.edu.ar\/disenoiluminacion\/wp-content\/uploads\/sites\/89\/2018\/08\/tapa_libro-211x300.png 211w\" sizes=\"(max-width: 651px) 100vw, 651px\" title=\"Eficiencia en la Iluminaci\u00f3n de espacios urbanos\" alt=\"\" loading=\"lazy\" \t\tclass=\"so-widget-image\"\/>\n\t<\/a><\/div>\n\n<\/div><\/div><\/div><\/div><\/div><div id=\"pg-1827-2\"  class=\"panel-grid panel-no-style\" ><div id=\"pgc-1827-2-0\"  class=\"panel-grid-cell\" ><div id=\"panel-1827-2-0-0\" class=\"so-panel widget widget_black-studio-tinymce widget_black_studio_tinymce panel-first-child panel-last-child\" data-index=\"6\" ><div class=\"textwidget\"><!-- <p>La presentaci\u00f3n tendr\u00e1 lugar el d\u00eda 4 de Septiembre a las 10:00hs en el Departamento de luminotecnia Luz y Visi\u00f3n de la FACET, UNT, cito en Av. Independencia 1800, 4000 Tucum\u00e1n.<\/p>\n<p>Durante el acto hablar\u00e1n la Dra Elisa Colombo Directora del ILAV y del CCT CONICET Tucum\u00e1n, el Jefe del DLLyV y coautor Ing. Mario Raitelli, el coautor Dr. Eduardo Manzano, el Sr. Decano de la FACET Dr. Miguel Cabrera y el Sr. Rector de la UNT Ing. Jos\u00e9 Garc\u00eda.<\/p> -->\n<p>El libro estar\u00e1 disponible en formato CD con registro ISBN y ser\u00e1 de libre acceso para todo p\u00fablico v\u00eda WEB de la FACET - DLLyV.<\/p><\/div><\/div><\/div><\/div><\/div>","protected":false},"excerpt":{"rendered":"<p>En el marco de la Semana Nacional de la Ciencia y la Tecnolog\u00eda, ser\u00e1 presentado el Libro: Eficiencia en la Iluminaci\u00f3n de espacios urbanos, Editado por EDUNT. Autores: Eduardo Manzano (DLLyV-ILAV UNT-CONICET) Alberto Cabello (DLLyV-ILAV UNT-CONICET) Mario Raitelli (DLLyV-ILAV UNT-CONICET) Oscar Preciado (CONACYT M\u00e9xico) Claudio Guzm\u00e1n (Universidad Nacional del Comahue) Israel Mockey (Universidad de Oriente, [&hellip;]<\/p>\n","protected":false},"author":24,"featured_media":1836,"parent":0,"menu_order":0,"comment_status":"closed","ping_status":"closed","template":"templates\/template-full.php","meta":[],"_links":{"self":[{"href":"https:\/\/www.facet.unt.edu.ar\/disenoiluminacion\/wp-json\/wp\/v2\/pages\/1827"}],"collection":[{"href":"https:\/\/www.facet.unt.edu.ar\/disenoiluminacion\/wp-json\/wp\/v2\/pages"}],"about":[{"href":"https:\/\/www.facet.unt.edu.ar\/disenoiluminacion\/wp-json\/wp\/v2\/types\/page"}],"author":[{"embeddable":true,"href":"https:\/\/www.facet.unt.edu.ar\/disenoiluminacion\/wp-json\/wp\/v2\/users\/24"}],"replies":[{"embeddable":true,"href":"https:\/\/www.facet.unt.edu.ar\/disenoiluminacion\/wp-json\/wp\/v2\/comments?post=1827"}],"version-history":[{"count":22,"href":"https:\/\/www.facet.unt.edu.ar\/disenoiluminacion\/wp-json\/wp\/v2\/pages\/1827\/revisions"}],"predecessor-version":[{"id":1854,"href":"https:\/\/www.facet.unt.edu.ar\/disenoiluminacion\/wp-json\/wp\/v2\/pages\/1827\/revisions\/1854"}],"wp:featuredmedia":[{"embeddable":true,"href":"https:\/\/www.facet.unt.edu.ar\/disenoiluminacion\/wp-json\/wp\/v2\/media\/1836"}],"wp:attachment":[{"href":"https:\/\/www.facet.unt.edu.ar\/disenoiluminacion\/wp-json\/wp\/v2\/media?parent=1827"}],"curies":[{"name":"wp","href":"https:\/\/api.w.org\/{rel}","templated":true}]}}