{"id":2044,"date":"2021-04-24T12:35:27","date_gmt":"2021-04-24T15:35:27","guid":{"rendered":"https:\/\/www.facet.unt.edu.ar\/disenoiluminacion\/?page_id=2044"},"modified":"2021-04-24T12:37:54","modified_gmt":"2021-04-24T15:37:54","slug":"cursos-obligatorios-doctorado","status":"publish","type":"page","link":"https:\/\/www.facet.unt.edu.ar\/disenoiluminacion\/cursos-obligatorios-doctorado\/","title":{"rendered":"Cursos Obligatorios para el Doctorado"},"content":{"rendered":"<p>Los cursos de formaci\u00f3n b\u00e1sica del doctorado tienen como objetivo cubrir los contenidos m\u00ednimos establecidos en el plan de estudios de la carrera. Estos son:<\/p>\n<p><em>Naturaleza y propagaci\u00f3n de la Luz. Fen\u00f3menos f\u00edsicos de interacci\u00f3n con la materia<\/em><\/p>\n<p><em>Fundamentos de la Radiometr\u00eda y la Fotometr\u00eda<\/em><\/p>\n<p><em>Visi\u00f3n y percepci\u00f3n visual<\/em><\/p>\n<p><em>Efectos visuales y no visuales de la radiaci\u00f3n \u00f3ptica<\/em><\/p>\n<p>Los mismos se dictan bianualmente en las instalaciones del Departamento de Luminotecnia, Luz y Visi\u00f3n (FACET, UNT). Importante: La edici\u00f3n 2021 de estos cursos se dictar\u00e1 a distancia debido a la pandemia de COVID-19<\/p>\n<h3>Cursos<\/h3>\n<p class=\"western\"><a href=\"https:\/\/www.facet.unt.edu.ar\/disenoiluminacion\/wp-content\/uploads\/sites\/89\/2021\/04\/1.-Optica-instrumental.-fundamentos-y-Aplicaciones-30-hs.pdf\">1.- Optica instrumental. fundamentos y Aplicaciones (30 hs)<\/a><\/p>\n<p class=\"western\" align=\"left\"><a href=\"https:\/\/www.facet.unt.edu.ar\/disenoiluminacion\/wp-content\/uploads\/sites\/89\/2021\/04\/2.-Introduccion-a-la-vision-humana-30-hs..pdf\">2.- Introducci\u00f3n a la visi\u00f3n humana (30 hs.)<\/a><\/p>\n<p align=\"left\"><a href=\"https:\/\/www.facet.unt.edu.ar\/disenoiluminacion\/wp-content\/uploads\/sites\/89\/2021\/04\/3.-Radiometria-y-fotometria-30-hs..pdf\">3.- Radiometr\u00eda y fotometr\u00eda (30 hs.)<\/a><\/p>\n<p align=\"left\"><a href=\"https:\/\/www.facet.unt.edu.ar\/disenoiluminacion\/wp-content\/uploads\/sites\/89\/2021\/04\/4.-Colorimetria-20-hs..pdf\">4.- Colorimetr\u00eda (20 hs.)<\/a><\/p>\n<p align=\"left\"><a href=\"https:\/\/www.facet.unt.edu.ar\/disenoiluminacion\/wp-content\/uploads\/sites\/89\/2021\/04\/5.-Produccion-de-luz-y-control-optico-30-hs..pdf\">5.- Producci\u00f3n de luz y control optico (30 hs.)<\/a><\/p>\n<p align=\"left\"><a href=\"https:\/\/www.facet.unt.edu.ar\/disenoiluminacion\/wp-content\/uploads\/sites\/89\/2021\/04\/6.-Factores-humanos-en-iluminacion-30-hs..pdf\">6.- Factores humanos en iluminacion (30 hs.)<\/a><\/p>\n<p align=\"left\"><a href=\"https:\/\/www.facet.unt.edu.ar\/disenoiluminacion\/wp-content\/uploads\/sites\/89\/2021\/04\/7.-Efectos-no-visuales-de-la-radiacion-optica-30-hs..pdf\">7.- Efectos no visuales de la radiaci\u00f3n \u00f3ptica (30 hs.)<\/a><\/p>\n","protected":false},"excerpt":{"rendered":"<p>Los cursos de formaci\u00f3n b\u00e1sica del doctorado tienen como objetivo cubrir los contenidos m\u00ednimos establecidos en el plan de estudios de la carrera. Estos son: Naturaleza y propagaci\u00f3n de la Luz. Fen\u00f3menos f\u00edsicos de interacci\u00f3n con la materia Fundamentos de la Radiometr\u00eda y la Fotometr\u00eda Visi\u00f3n y percepci\u00f3n visual Efectos visuales y no visuales de [&hellip;]<\/p>\n","protected":false},"author":24,"featured_media":0,"parent":0,"menu_order":0,"comment_status":"closed","ping_status":"closed","template":"","meta":[],"_links":{"self":[{"href":"https:\/\/www.facet.unt.edu.ar\/disenoiluminacion\/wp-json\/wp\/v2\/pages\/2044"}],"collection":[{"href":"https:\/\/www.facet.unt.edu.ar\/disenoiluminacion\/wp-json\/wp\/v2\/pages"}],"about":[{"href":"https:\/\/www.facet.unt.edu.ar\/disenoiluminacion\/wp-json\/wp\/v2\/types\/page"}],"author":[{"embeddable":true,"href":"https:\/\/www.facet.unt.edu.ar\/disenoiluminacion\/wp-json\/wp\/v2\/users\/24"}],"replies":[{"embeddable":true,"href":"https:\/\/www.facet.unt.edu.ar\/disenoiluminacion\/wp-json\/wp\/v2\/comments?post=2044"}],"version-history":[{"count":2,"href":"https:\/\/www.facet.unt.edu.ar\/disenoiluminacion\/wp-json\/wp\/v2\/pages\/2044\/revisions"}],"predecessor-version":[{"id":2054,"href":"https:\/\/www.facet.unt.edu.ar\/disenoiluminacion\/wp-json\/wp\/v2\/pages\/2044\/revisions\/2054"}],"wp:attachment":[{"href":"https:\/\/www.facet.unt.edu.ar\/disenoiluminacion\/wp-json\/wp\/v2\/media?parent=2044"}],"curies":[{"name":"wp","href":"https:\/\/api.w.org\/{rel}","templated":true}]}}