{"id":2499,"date":"2022-03-23T09:12:52","date_gmt":"2022-03-23T12:12:52","guid":{"rendered":"https:\/\/www.facet.unt.edu.ar\/disenoiluminacion\/?page_id=2499"},"modified":"2022-03-23T09:34:30","modified_gmt":"2022-03-23T12:34:30","slug":"sergio-ricardo-gor","status":"publish","type":"page","link":"https:\/\/www.facet.unt.edu.ar\/disenoiluminacion\/sergio-ricardo-gor\/","title":{"rendered":"Mg. Sergio Ricardo Gor"},"content":{"rendered":"<p>&nbsp;<\/p>\n<p><span style=\"font-weight: 400;\"><a href=\"https:\/\/www.facet.unt.edu.ar\/disenoiluminacion\/wp-content\/uploads\/sites\/89\/2022\/03\/07-S.-Gor.png\"><img decoding=\"async\" loading=\"lazy\" class=\"wp-image-2507 alignleft\" src=\"https:\/\/www.facet.unt.edu.ar\/disenoiluminacion\/wp-content\/uploads\/sites\/89\/2022\/03\/07-S.-Gor.png\" alt=\"\" width=\"123\" height=\"208\" \/><\/a>Mi formaci\u00f3n de grado es de Ingeniero Electricista orientaci\u00f3n Electr\u00f3nica y de Posgrado como Magister en Luminotecnia.<\/span><\/p>\n<p><span style=\"font-weight: 400;\">Soy docente de la FACET desde 1994. Actualmente me desempe\u00f1o como Responsable de las Asignaturas &#8220;Laboratorio de Fotometr\u00eda&#8221;, &#8220;Taller Gesti\u00f3n de Proyectos&#8221; y &#8220;Calidad y Procesos&#8221;\u00a0 de la carrera de Dise\u00f1o de Iluminaci\u00f3n. Tambi\u00e9n soy docente de las siguientes carreras de posgrado: De la FACET -ESPOLYV ( Especializaci\u00f3n MAVILE, Maestr\u00eda en Luminotecnia y Doctorado MAVILE); de la FACET- Especializaci\u00f3n en Gesti\u00f3n Industrial; de la FCNeIML (Maestr\u00eda en Gesti\u00f3n Ambiental); de la UNT- GTEC (Especializaci\u00f3n en Gerencia y Vinculaci\u00f3n Tecnol\u00f3gica);\u00a0<\/span><\/p>\n<p><span style=\"font-weight: 400;\">Mis campos de actuaci\u00f3n en docencia, investigaci\u00f3n y servicios son\u00a0 la radiometr\u00eda, espectro radiometr\u00eda y fotometr\u00eda y los sistemas de gesti\u00f3n y aseguramiento de la calidad ISO 9001 e ISO 17025.\u00a0<\/span><\/p>\n<p><span style=\"font-weight: 400;\">Tengo formaci\u00f3n como Auditor L\u00edder de Sistemas de Gesti\u00f3n de la Calidad y como Evaluador L\u00edder de\u00a0 Sistemas de Gesti\u00f3n para Laboratorios, habiendo dirigido Programas de Formaci\u00f3n Institucional en Calidad para la UNJu, UNT y CONICET y dictando numeroso cursos de formaci\u00f3n en el \u00e1mbito privado y p\u00fablico.<\/span><\/p>\n<p><span style=\"font-weight: 400;\">He dirigido proyectos de investigaci\u00f3n, tesinas de grado y tesis de posgrado.<\/span><\/p>\n<p><span style=\"font-weight: 400;\">Actualmente soy Presidente de la Asociaci\u00f3n Cooperadora y Unidad de Vinculaci\u00f3n Tecnol\u00f3gica de la FACET.<\/span><\/p>\n<p><a href=\"https:\/\/www.facet.unt.edu.ar\/disenoiluminacion\/wp-content\/uploads\/sites\/89\/2022\/03\/email.png\"><img decoding=\"async\" loading=\"lazy\" class=\"alignnone wp-image-2415\" src=\"https:\/\/www.facet.unt.edu.ar\/disenoiluminacion\/wp-content\/uploads\/sites\/89\/2022\/03\/email.png\" alt=\"\" width=\"25\" height=\"25\" \/><\/a> <strong>sgor@herrera.unt.edu.ar<\/strong><\/p>\n<p><b>\u00a0PUBLICACIONES<\/b><\/p>\n<ul>\n<li style=\"font-weight: 400;\" aria-level=\"1\"><span style=\"font-weight: 400;\">+30 trabajos presentados en Congresos y reuniones cient\u00edficas nacionales e internacionales desde 2002<\/span><\/li>\n<li style=\"font-weight: 400;\" aria-level=\"1\"><span style=\"font-weight: 400;\">6 publicaciones en revistas internacionales especializadas con referato<\/span><\/li>\n<li style=\"font-weight: 400;\" aria-level=\"1\"><span style=\"font-weight: 400;\">2 publicaciones de cap\u00edtulos de libros<\/span><\/li>\n<\/ul>\n","protected":false},"excerpt":{"rendered":"<p>&nbsp; Mi formaci\u00f3n de grado es de Ingeniero Electricista orientaci\u00f3n Electr\u00f3nica y de Posgrado como Magister en Luminotecnia. Soy docente de la FACET desde 1994. Actualmente me desempe\u00f1o como Responsable de las Asignaturas &#8220;Laboratorio de Fotometr\u00eda&#8221;, &#8220;Taller Gesti\u00f3n de Proyectos&#8221; y &#8220;Calidad y Procesos&#8221;\u00a0 de la carrera de Dise\u00f1o de Iluminaci\u00f3n. Tambi\u00e9n soy docente de [&hellip;]<\/p>\n","protected":false},"author":24,"featured_media":0,"parent":0,"menu_order":0,"comment_status":"closed","ping_status":"closed","template":"templates\/template-full.php","meta":[],"_links":{"self":[{"href":"https:\/\/www.facet.unt.edu.ar\/disenoiluminacion\/wp-json\/wp\/v2\/pages\/2499"}],"collection":[{"href":"https:\/\/www.facet.unt.edu.ar\/disenoiluminacion\/wp-json\/wp\/v2\/pages"}],"about":[{"href":"https:\/\/www.facet.unt.edu.ar\/disenoiluminacion\/wp-json\/wp\/v2\/types\/page"}],"author":[{"embeddable":true,"href":"https:\/\/www.facet.unt.edu.ar\/disenoiluminacion\/wp-json\/wp\/v2\/users\/24"}],"replies":[{"embeddable":true,"href":"https:\/\/www.facet.unt.edu.ar\/disenoiluminacion\/wp-json\/wp\/v2\/comments?post=2499"}],"version-history":[{"count":2,"href":"https:\/\/www.facet.unt.edu.ar\/disenoiluminacion\/wp-json\/wp\/v2\/pages\/2499\/revisions"}],"predecessor-version":[{"id":2510,"href":"https:\/\/www.facet.unt.edu.ar\/disenoiluminacion\/wp-json\/wp\/v2\/pages\/2499\/revisions\/2510"}],"wp:attachment":[{"href":"https:\/\/www.facet.unt.edu.ar\/disenoiluminacion\/wp-json\/wp\/v2\/media?parent=2499"}],"curies":[{"name":"wp","href":"https:\/\/api.w.org\/{rel}","templated":true}]}}