{"id":1778,"date":"2019-04-28T22:16:25","date_gmt":"2019-04-29T01:16:25","guid":{"rendered":"https:\/\/www.facet.unt.edu.ar\/dpto-cs-comp\/?page_id=1778"},"modified":"2024-06-10T01:24:25","modified_gmt":"2024-06-10T04:24:25","slug":"clubes","status":"publish","type":"page","link":"https:\/\/www.facet.unt.edu.ar\/dpto-cs-comp\/clubes\/","title":{"rendered":"Clubes"},"content":{"rendered":"<h2><strong>Clubes dependientes del Dpto. de Cs. de la Computaci\u00f3n<\/strong><\/h2>\n<ul>\n<li>\n<h3><strong>Club de Programaci\u00f3n Competitiva\u00a0<\/strong><\/h3>\n<\/li>\n<\/ul>\n<p>Referentes: Lic. Jorge Namour, Lic. Cristina Werenitzky, estudiante Benjam\u00edn Cortes<\/p>\n<p>Creado: Por iniciativa del Laboratorio de Computaci\u00f3n Cient\u00edfica (<a href=\"https:\/\/catedras.facet.unt.edu.ar\/labcc\/\">LabCC<\/a>)<\/p>\n<p>Forma de trabajo:<\/p>\n<ul>\n<li style=\"list-style-type: none;\">\n<ul style=\"list-style-type: square;\">\n<li>Lenguajes utilizados: C++ o Python.<\/li>\n<li>No se requiere conocimientos previos<\/li>\n<\/ul>\n<\/li>\n<\/ul>\n<p>Facebook: <a href=\"https:\/\/www.facebook.com\/groups\/progcompetitivatuc\/\">https:\/\/www.facebook.com\/groups\/progcompetitivatuc\/<\/a><\/p>\n<ul>\n<li>\n<h3><strong>Club de Dise\u00f1o y Programaci\u00f3n de Videojuegos<\/strong><\/h3>\n<\/li>\n<\/ul>\n<p>Referentes: Ing. Ticiano Torres Peralta, estudiantes Tomas Heredia y Juan Mariano Girbau Alfaro<\/p>\n<p>Instagram: <a href=\"https:\/\/www.instagram.com\/cdv.facet\">@cdv.facet<\/a><\/p>\n<p>Forma de trabajo:<\/p>\n<ul>\n<li style=\"list-style-type: none;\">\n<ul style=\"list-style-type: square;\">\n<li>Club autodidacta de los alumnos para los alumnos.<\/li>\n<li>Se enfocan en hacer grupos de desarrollo y trabajar durante el cuatrimestre haciendo juegos.<\/li>\n<li>No es solo programaci\u00f3n, tambi\u00e9n es dise\u00f1o, m\u00fasica y arte.<\/li>\n<li>No se necesita ning\u00fan conocimiento previo.<\/li>\n<\/ul>\n<\/li>\n<\/ul>\n<ul>\n<li>\n<h3><strong>Club de Rob\u00f3tica<\/strong><\/h3>\n<\/li>\n<\/ul>\n<p>Referente: Ing. Ticiano Torres Peralta<\/p>\n<p>Creado: Por iniciativa del Laboratorio de Computaci\u00f3n Cient\u00edfica (<a href=\"https:\/\/catedras.facet.unt.edu.ar\/labcc\/\">LabCC<\/a>)<\/p>\n<p>Facebook: <a href=\"https:\/\/www.facebook.com\/roboclubfacet\/\">https:\/\/www.facebook.com\/roboclubfacet\/<\/a><\/p>\n<ul>\n<li>\n<h3><strong>Club de Inteligencia Artificial<\/strong><\/h3>\n<\/li>\n<\/ul>\n<p>Referente: Lic. Myriam Ruiz<\/p>\n<p>Creado: Por iniciativa del Laboratorio de Inteligencia Artificial de la Universidad Nacional de Tucum\u00e1n (IALab &#8211; UNT)<\/p>\n<p>&nbsp;<\/p>\n","protected":false},"excerpt":{"rendered":"<p>Clubes dependientes del Dpto. de Cs. de la Computaci\u00f3n Club de Programaci\u00f3n Competitiva\u00a0 Referentes: Lic. Jorge Namour, Lic. Cristina Werenitzky, estudiante Benjam\u00edn Cortes Creado: Por iniciativa del Laboratorio de Computaci\u00f3n Cient\u00edfica (LabCC) Forma de trabajo: Lenguajes utilizados: C++ o Python. No se requiere conocimientos previos Facebook: https:\/\/www.facebook.com\/groups\/progcompetitivatuc\/ Club de Dise\u00f1o y Programaci\u00f3n de Videojuegos Referentes: [&hellip;]<\/p>\n","protected":false},"author":23,"featured_media":0,"parent":0,"menu_order":0,"comment_status":"closed","ping_status":"closed","template":"","meta":[],"_links":{"self":[{"href":"https:\/\/www.facet.unt.edu.ar\/dpto-cs-comp\/wp-json\/wp\/v2\/pages\/1778"}],"collection":[{"href":"https:\/\/www.facet.unt.edu.ar\/dpto-cs-comp\/wp-json\/wp\/v2\/pages"}],"about":[{"href":"https:\/\/www.facet.unt.edu.ar\/dpto-cs-comp\/wp-json\/wp\/v2\/types\/page"}],"author":[{"embeddable":true,"href":"https:\/\/www.facet.unt.edu.ar\/dpto-cs-comp\/wp-json\/wp\/v2\/users\/23"}],"replies":[{"embeddable":true,"href":"https:\/\/www.facet.unt.edu.ar\/dpto-cs-comp\/wp-json\/wp\/v2\/comments?post=1778"}],"version-history":[{"count":18,"href":"https:\/\/www.facet.unt.edu.ar\/dpto-cs-comp\/wp-json\/wp\/v2\/pages\/1778\/revisions"}],"predecessor-version":[{"id":3367,"href":"https:\/\/www.facet.unt.edu.ar\/dpto-cs-comp\/wp-json\/wp\/v2\/pages\/1778\/revisions\/3367"}],"wp:attachment":[{"href":"https:\/\/www.facet.unt.edu.ar\/dpto-cs-comp\/wp-json\/wp\/v2\/media?parent=1778"}],"curies":[{"name":"wp","href":"https:\/\/api.w.org\/{rel}","templated":true}]}}