{"id":2339,"date":"2021-08-30T23:56:03","date_gmt":"2021-08-31T02:56:03","guid":{"rendered":"https:\/\/www.facet.unt.edu.ar\/dpto-cs-comp\/?page_id=2339"},"modified":"2021-09-04T15:37:52","modified_gmt":"2021-09-04T18:37:52","slug":"cv-hortega","status":"publish","type":"page","link":"https:\/\/www.facet.unt.edu.ar\/dpto-cs-comp\/cv-hortega\/","title":{"rendered":"Hugo Ortega"},"content":{"rendered":"<h2><strong>Mag. Ing. Hugo O. Ortega<\/strong><\/h2>\n<p><a href=\"https:\/\/www.facet.unt.edu.ar\/dpto-cs-comp\/wp-content\/uploads\/sites\/29\/2021\/08\/hortega.jpg\"><img decoding=\"async\" loading=\"lazy\" class=\"alignnone wp-image-2340\" src=\"https:\/\/www.facet.unt.edu.ar\/dpto-cs-comp\/wp-content\/uploads\/sites\/29\/2021\/08\/hortega.jpg\" alt=\"\" width=\"306\" height=\"408\" \/><\/a><\/p>\n<p><strong>Formaci\u00f3n Acad\u00e9mica<\/strong><\/p>\n<ul>\n<li>Mag\u00edster en Redes de Datos \u2013 Universidad de la Plata \u2013 2020<\/li>\n<li>Ingeniero en Sistemas de Informaci\u00f3n \u2013 Universidad Tecnol\u00f3gica Nacional \u2013 1994<\/li>\n<li>Analista Universitario de Sistemas \u2013 Universidad Tecnol\u00f3gica Nacional \u2013 1992<\/li>\n<\/ul>\n<p><strong>Antecedente Docentes<\/strong><\/p>\n<ul>\n<li>Docente del Dpto. Ciencias de la Computaci\u00f3n de la FACET \u2013 UNT desde el a\u00f1o 1999.<\/li>\n<li>Profesor Asociado Dedicaci\u00f3n Exclusiva, Departamento Ciencias de la Computaci\u00f3n FACET \u2013 UNT. Cargo regular obtenido por Concurso de Antecedentes y Oposici\u00f3n desde el a\u00f1o 2018<\/li>\n<li>Investigador categorizado con Categor\u00eda 3<\/li>\n<li>Es autor y coautor de numerosos art\u00edculos publicados en revistas nacionales y congresos nacionales desde 2004<\/li>\n<\/ul>\n<p><strong>Antecedente de Gesti\u00f3n<\/strong><\/p>\n<ul>\n<li>Actual Jefe del Departamento Ciencias de la Computaci\u00f3n de la FACET \u2013 UNT desde 2018<\/li>\n<li>Ha participado en distintas ocasiones de las Comisiones de Prioridades del Dpto. Cs. de la Computaci\u00f3n y de las Comisiones Acad\u00e9micas de las Carreras Programador Universitario y Licenciatura en Inform\u00e1tica<\/li>\n<\/ul>\n<p><strong>Experiencia Profesional<\/strong><\/p>\n<ul>\n<li>Ha sido desarrollador y configurador de sistemas de gesti\u00f3n administrativa (1992-1995)<\/li>\n<li>A partir de 1996 y durante 20 a\u00f1os ha trabajado en el dise\u00f1o, instalaci\u00f3n, configuraci\u00f3n y mantenimiento de redes de voz, datos y video; todas ellas implementadas en empresas del norte argentino y Capital Federal. Ha Instalado y configurado distintas plataformas operativas (SCO Unix, Windows y Distribuciones de Linux), sobre Servidores Intel y Sistemas Blade. Ha implementado Sistemas de Correo Electr\u00f3nico, Firewall, Servidores de p\u00e1ginas web y plataforma de servicios de Directorio (Active Directory Windows NT 4.0, Server 2000, 2003, 2008 y 2012)<\/li>\n<li>Ha obtenido certificaciones internacionales en temas de Infraestructura de Redes y Datacenters: Microsoft System Engineer Windows Server 2000 y 2003 y Compaq Accredited Systems Engineer (ASE).<\/li>\n<li>Ha dictado m\u00e1s de 100 cursos relacionados con redes e infraestructura, a empresas y reparticiones gubernamentales del norte argentino, cuyo y Capital Federal.<\/li>\n<\/ul>\n","protected":false},"excerpt":{"rendered":"<p>Mag. Ing. Hugo O. Ortega Formaci\u00f3n Acad\u00e9mica Mag\u00edster en Redes de Datos \u2013 Universidad de la Plata \u2013 2020 Ingeniero en Sistemas de Informaci\u00f3n \u2013 Universidad Tecnol\u00f3gica Nacional \u2013 1994 Analista Universitario de Sistemas \u2013 Universidad Tecnol\u00f3gica Nacional \u2013 1992 Antecedente Docentes Docente del Dpto. Ciencias de la Computaci\u00f3n de la FACET \u2013 UNT desde [&hellip;]<\/p>\n","protected":false},"author":101021,"featured_media":0,"parent":0,"menu_order":0,"comment_status":"closed","ping_status":"closed","template":"","meta":[],"_links":{"self":[{"href":"https:\/\/www.facet.unt.edu.ar\/dpto-cs-comp\/wp-json\/wp\/v2\/pages\/2339"}],"collection":[{"href":"https:\/\/www.facet.unt.edu.ar\/dpto-cs-comp\/wp-json\/wp\/v2\/pages"}],"about":[{"href":"https:\/\/www.facet.unt.edu.ar\/dpto-cs-comp\/wp-json\/wp\/v2\/types\/page"}],"author":[{"embeddable":true,"href":"https:\/\/www.facet.unt.edu.ar\/dpto-cs-comp\/wp-json\/wp\/v2\/users\/101021"}],"replies":[{"embeddable":true,"href":"https:\/\/www.facet.unt.edu.ar\/dpto-cs-comp\/wp-json\/wp\/v2\/comments?post=2339"}],"version-history":[{"count":6,"href":"https:\/\/www.facet.unt.edu.ar\/dpto-cs-comp\/wp-json\/wp\/v2\/pages\/2339\/revisions"}],"predecessor-version":[{"id":2430,"href":"https:\/\/www.facet.unt.edu.ar\/dpto-cs-comp\/wp-json\/wp\/v2\/pages\/2339\/revisions\/2430"}],"wp:attachment":[{"href":"https:\/\/www.facet.unt.edu.ar\/dpto-cs-comp\/wp-json\/wp\/v2\/media?parent=2339"}],"curies":[{"name":"wp","href":"https:\/\/api.w.org\/{rel}","templated":true}]}}