{"id":2691,"date":"2021-10-14T01:59:08","date_gmt":"2021-10-14T04:59:08","guid":{"rendered":"https:\/\/www.facet.unt.edu.ar\/dpto-cs-comp\/?page_id=2691"},"modified":"2021-10-14T02:01:50","modified_gmt":"2021-10-14T05:01:50","slug":"cv-paaguero","status":"publish","type":"page","link":"https:\/\/www.facet.unt.edu.ar\/dpto-cs-comp\/cv-paaguero\/","title":{"rendered":"Pablo Andr\u00e9s Ag\u00fcero"},"content":{"rendered":"<h2><strong>P.U. Pablo Andr\u00e9s Ag\u00fcero<\/strong><\/h2>\n<p><a href=\"https:\/\/www.facet.unt.edu.ar\/dpto-cs-comp\/wp-content\/uploads\/sites\/29\/2021\/10\/paaguero.jpg\"><img decoding=\"async\" loading=\"lazy\" class=\"alignnone wp-image-2692\" src=\"https:\/\/www.facet.unt.edu.ar\/dpto-cs-comp\/wp-content\/uploads\/sites\/29\/2021\/10\/paaguero.jpg\" alt=\"\" width=\"365\" height=\"367\" \/><\/a><\/p>\n<h3 style=\"font-weight: 400;\"><strong>T\u00cdTULO<\/strong><\/h3>\n<ul style=\"font-weight: 400;\">\n<li>Programador Universitario \u2013 Universidad Nacional de Tucum\u00e1n<\/li>\n<\/ul>\n<h3 style=\"font-weight: 400;\"><strong>DOCENCIA<\/strong><\/h3>\n<ul style=\"font-weight: 400;\">\n<li>Auxiliar Docente Graduado: C\u00e1tedra de Elementos de Computaci\u00f3n y L\u00f3gica<\/li>\n<li>Auxiliar Docente Graduado: C\u00e1tedra de Programaci\u00f3n.<br \/>\nFacultad de Ciencias Exactas y Tecnolog\u00eda \u2013 Universidad Nacional de Tucum\u00e1n.<\/li>\n<\/ul>\n<h3 style=\"font-weight: 400;\"><strong>FORMACI\u00d3N<\/strong><\/h3>\n<ul>\n<li style=\"font-weight: 400;\">Post\u00edtulo: \u201cActualizaci\u00f3n Acad\u00e9mica en Educaci\u00f3n a Distancia e Innovaci\u00f3n Educativa\u201d. Horas: 222hs. Ministerio de Educaci\u00f3n de la Provincia de Tucum\u00e1n.<\/li>\n<\/ul>\n<h3 style=\"font-weight: 400;\"><strong>EXPERIENCIA LABORAL<\/strong><\/h3>\n<ul>\n<li style=\"font-weight: 400;\">Jefe del \u00c1rea de Desarrollo Tecnol\u00f3gico. Coordinaci\u00f3n de Educaci\u00f3n Digital del Ministerio de Educaci\u00f3n de la provincia de Tucum\u00e1n.<\/li>\n<li style=\"font-weight: 400;\">Administrador de Bases de Datos. Coordinaci\u00f3n de Educaci\u00f3n Digital del Ministerio de Educaci\u00f3n de la provincia de Tucum\u00e1n.<\/li>\n<li style=\"font-weight: 400;\">Programador Web. Coordinaci\u00f3n de Educaci\u00f3n Digital del Ministerio de Educaci\u00f3n de la provincia de Tucum\u00e1n.<\/li>\n<li style=\"font-weight: 400;\">Administrador con amplia experiencia en Plataformas Educativas de alto rendimiento. Ministerio de Educaci\u00f3n de la provincia de Tucum\u00e1n<\/li>\n<li style=\"font-weight: 400;\">Tallerista de Programaci\u00f3n y Rob\u00f3tica. \u00c1rea de Rob\u00f3tica Educativa. Ministerio de Educaci\u00f3n de la provincia de Tucum\u00e1n.<\/li>\n<\/ul>\n<h3 style=\"font-weight: 400;\"><strong>PUBLICACIONES<\/strong><\/h3>\n<ul>\n<li style=\"font-weight: 400;\">Revista TEKNOS: \u201cDise\u00f1o Centrado en el Usuario: An\u00e1lisis de la accesibilidad de Sitios Web en la Provincia de Tucum\u00e1n<strong>\u201d.<\/strong><\/li>\n<\/ul>\n","protected":false},"excerpt":{"rendered":"<p>P.U. Pablo Andr\u00e9s Ag\u00fcero T\u00cdTULO Programador Universitario \u2013 Universidad Nacional de Tucum\u00e1n DOCENCIA Auxiliar Docente Graduado: C\u00e1tedra de Elementos de Computaci\u00f3n y L\u00f3gica Auxiliar Docente Graduado: C\u00e1tedra de Programaci\u00f3n. Facultad de Ciencias Exactas y Tecnolog\u00eda \u2013 Universidad Nacional de Tucum\u00e1n. FORMACI\u00d3N Post\u00edtulo: \u201cActualizaci\u00f3n Acad\u00e9mica en Educaci\u00f3n a Distancia e Innovaci\u00f3n Educativa\u201d. Horas: 222hs. Ministerio de [&hellip;]<\/p>\n","protected":false},"author":101021,"featured_media":0,"parent":0,"menu_order":0,"comment_status":"closed","ping_status":"closed","template":"","meta":[],"_links":{"self":[{"href":"https:\/\/www.facet.unt.edu.ar\/dpto-cs-comp\/wp-json\/wp\/v2\/pages\/2691"}],"collection":[{"href":"https:\/\/www.facet.unt.edu.ar\/dpto-cs-comp\/wp-json\/wp\/v2\/pages"}],"about":[{"href":"https:\/\/www.facet.unt.edu.ar\/dpto-cs-comp\/wp-json\/wp\/v2\/types\/page"}],"author":[{"embeddable":true,"href":"https:\/\/www.facet.unt.edu.ar\/dpto-cs-comp\/wp-json\/wp\/v2\/users\/101021"}],"replies":[{"embeddable":true,"href":"https:\/\/www.facet.unt.edu.ar\/dpto-cs-comp\/wp-json\/wp\/v2\/comments?post=2691"}],"version-history":[{"count":2,"href":"https:\/\/www.facet.unt.edu.ar\/dpto-cs-comp\/wp-json\/wp\/v2\/pages\/2691\/revisions"}],"predecessor-version":[{"id":2696,"href":"https:\/\/www.facet.unt.edu.ar\/dpto-cs-comp\/wp-json\/wp\/v2\/pages\/2691\/revisions\/2696"}],"wp:attachment":[{"href":"https:\/\/www.facet.unt.edu.ar\/dpto-cs-comp\/wp-json\/wp\/v2\/media?parent=2691"}],"curies":[{"name":"wp","href":"https:\/\/api.w.org\/{rel}","templated":true}]}}