{"id":2723,"date":"2021-10-17T23:50:32","date_gmt":"2021-10-18T02:50:32","guid":{"rendered":"https:\/\/www.facet.unt.edu.ar\/dpto-cs-comp\/?page_id=2723"},"modified":"2021-10-18T03:21:55","modified_gmt":"2021-10-18T06:21:55","slug":"cv-jmonteros","status":"publish","type":"page","link":"https:\/\/www.facet.unt.edu.ar\/dpto-cs-comp\/cv-jmonteros\/","title":{"rendered":"Jes\u00fas Manuel Monteros"},"content":{"rendered":"<h2><strong>Lic. Jes\u00fas Manuel Monteros<\/strong><\/h2>\n<p><a href=\"https:\/\/www.facet.unt.edu.ar\/dpto-cs-comp\/wp-content\/uploads\/sites\/29\/2021\/10\/jmonteros.jpg\"><img decoding=\"async\" loading=\"lazy\" class=\"alignnone wp-image-2724\" src=\"https:\/\/www.facet.unt.edu.ar\/dpto-cs-comp\/wp-content\/uploads\/sites\/29\/2021\/10\/jmonteros.jpg\" alt=\"\" width=\"307\" height=\"487\" \/><\/a><\/p>\n<h3><strong>T\u00edtulos<\/strong><\/h3>\n<p>Programador Universitario. <em>FACET \u2013 UNT<\/em><\/p>\n<p>Licenciado en Inform\u00e1tica. <em>FACET \u2013 UNT<\/em><\/p>\n<h3><strong>Cargo Actual<\/strong><\/h3>\n<p>Profesor Adjunto con Semidedicaci\u00f3n. Asignaturas Conceptos de Bases de Datos I y Conceptos de Bases de Datos II.<\/p>\n<p>Dpto. Cs. de la Comp. (DCC) \u2013 FACET \u2013 UNT.<\/p>\n<h3><strong>Cargos Anteriores<\/strong><\/h3>\n<p>JTP con Semidedicaci\u00f3n. Asignaturas Conceptos de Bases de Datos I y Conceptos de Bases de Datos II. Dpto. Cs. de la Comp. (DCC) \u2013 FACET \u2013 UNT.<\/p>\n<p>JTP interino con Semidedicaci\u00f3n. Asignaturas Conceptos de Bases de Datos I y Conceptos de Bases de Datos II. Dpto. Cs. de la Comp. (DCC) \u2013 FACET \u2013 UNT.<\/p>\n<p>ADG con Semidedicaci\u00f3n. Asignaturas Conceptos de Bases de Datos I y Sistemas Operativos I e Inform\u00e1tica I (CBI). Dpto. Cs. de la Comp. (DCC) \u2013 FACET \u2013 UNT.<\/p>\n<p>JTP con Dedicaci\u00f3n Simple. Asignaturas Laboratorio I y Laboratorio II. Dpto. Cs. de la Comp. (DCC) \u2013 FACET \u2013 UNT.<\/p>\n<p>ADG interino con Semidedicaci\u00f3n. Asignaturas Conceptos de Bases de Datos I e Inform\u00e1tica I (CBI). Dpto. Cs. de la Comp. (DCC) \u2013 FACET \u2013 UNT.<\/p>\n<p>JTP con Dedicaci\u00f3n. Asignaturas Laboratorio I y Laboratorio II. Dpto. Cs. de la Comp. (DCC) \u2013 FACET \u2013 UNT.<\/p>\n<p>JTP con Dedicaci\u00f3n Simple. Asignaturas Laboratorio I y Laboratorio II. Dpto. Cs. de la Comp. (DCC) \u2013 FACET \u2013 UNT.<\/p>\n<p>ADG interino con Semidedicaci\u00f3n. Asignaturas Conceptos de Bases de Datos I e Inform\u00e1tica I (CBI). Dpto. Cs. de la Comp. (DCC) \u2013 FACET \u2013 UNT.<\/p>\n<p>JTP con Dedicaci\u00f3n. Asignaturas Laboratorio I y Laboratorio II. Dpto. Cs. de la Comp. (DCC) \u2013 FACET \u2013 UNT.<\/p>\n<h3><strong>Gesti\u00f3n<\/strong><\/h3>\n<p>Desde el a\u00f1o 2017 participa en las actividades de gesti\u00f3n del DCC como miembro de la Comisi\u00f3n de Prioridades o miembro de la Comisi\u00f3n Acad\u00e9mica de las carreras y como jurado de concursos docentes.<\/p>\n<h3><strong>Investigaci\u00f3n <\/strong><\/h3>\n<p>Integrante del proyecto de investigaci\u00f3n \u201cSistematizaci\u00f3n de Estrategias Administrativas, Pedag\u00f3gicas y Tecnol\u00f3gicas para la creaci\u00f3n de un centro EAD\u201d (CIUNT) desde el 29 de mayo de 2009.-<\/p>\n<h3><strong>Antecedentes Laborales<\/strong><\/h3>\n<p>Supervisor de Personal de la Direcci\u00f3n de General Administrativa de Personal del Si.Pro.Sa. Desde enero de 2007 a la fecha.<\/p>\n","protected":false},"excerpt":{"rendered":"<p>Lic. Jes\u00fas Manuel Monteros T\u00edtulos Programador Universitario. FACET \u2013 UNT Licenciado en Inform\u00e1tica. FACET \u2013 UNT Cargo Actual Profesor Adjunto con Semidedicaci\u00f3n. Asignaturas Conceptos de Bases de Datos I y Conceptos de Bases de Datos II. Dpto. Cs. de la Comp. (DCC) \u2013 FACET \u2013 UNT. Cargos Anteriores JTP con Semidedicaci\u00f3n. Asignaturas Conceptos de Bases [&hellip;]<\/p>\n","protected":false},"author":101021,"featured_media":0,"parent":0,"menu_order":0,"comment_status":"closed","ping_status":"closed","template":"","meta":[],"_links":{"self":[{"href":"https:\/\/www.facet.unt.edu.ar\/dpto-cs-comp\/wp-json\/wp\/v2\/pages\/2723"}],"collection":[{"href":"https:\/\/www.facet.unt.edu.ar\/dpto-cs-comp\/wp-json\/wp\/v2\/pages"}],"about":[{"href":"https:\/\/www.facet.unt.edu.ar\/dpto-cs-comp\/wp-json\/wp\/v2\/types\/page"}],"author":[{"embeddable":true,"href":"https:\/\/www.facet.unt.edu.ar\/dpto-cs-comp\/wp-json\/wp\/v2\/users\/101021"}],"replies":[{"embeddable":true,"href":"https:\/\/www.facet.unt.edu.ar\/dpto-cs-comp\/wp-json\/wp\/v2\/comments?post=2723"}],"version-history":[{"count":4,"href":"https:\/\/www.facet.unt.edu.ar\/dpto-cs-comp\/wp-json\/wp\/v2\/pages\/2723\/revisions"}],"predecessor-version":[{"id":2739,"href":"https:\/\/www.facet.unt.edu.ar\/dpto-cs-comp\/wp-json\/wp\/v2\/pages\/2723\/revisions\/2739"}],"wp:attachment":[{"href":"https:\/\/www.facet.unt.edu.ar\/dpto-cs-comp\/wp-json\/wp\/v2\/media?parent=2723"}],"curies":[{"name":"wp","href":"https:\/\/api.w.org\/{rel}","templated":true}]}}

Jesús Manuel Monteros

<h2><strong>Lic. Jesús Manuel Monteros</strong></h2>
<p><a href="https://www.facet.unt.edu.ar/dpto-cs-comp/wp-content/uploads/sites/29/2021/10/jmonteros.jpg"><img decoding="async" loading="lazy" class="alignnone wp-image-2724" src="https://www.facet.unt.edu.ar/dpto-cs-comp/wp-content/uploads/sites/29/2021/10/jmonteros.jpg" alt="" width="307" height="487" /></a></p>
<h3><strong>Títulos</strong></h3>
<p>Programador Universitario. <em>FACET – UNT</em></p>
<p>Licenciado en Informática. <em>FACET – UNT</em></p>
<h3><strong>Cargo Actual</strong></h3>
<p>Profesor Adjunto con Semidedicación. Asignaturas Conceptos de Bases de Datos I y Conceptos de Bases de Datos II.</p>
<p>Dpto. Cs. de la Comp. (DCC) – FACET – UNT.</p>
<h3><strong>Cargos Anteriores</strong></h3>
<p>JTP con Semidedicación. Asignaturas Conceptos de Bases de Datos I y Conceptos de Bases de Datos II. Dpto. Cs. de la Comp. (DCC) – FACET – UNT.</p>
<p>JTP interino con Semidedicación. Asignaturas Conceptos de Bases de Datos I y Conceptos de Bases de Datos II. Dpto. Cs. de la Comp. (DCC) – FACET – UNT.</p>
<p>ADG con Semidedicación. Asignaturas Conceptos de Bases de Datos I y Sistemas Operativos I e Informática I (CBI). Dpto. Cs. de la Comp. (DCC) – FACET – UNT.</p>
<p>JTP con Dedicación Simple. Asignaturas Laboratorio I y Laboratorio II. Dpto. Cs. de la Comp. (DCC) – FACET – UNT.</p>
<p>ADG interino con Semidedicación. Asignaturas Conceptos de Bases de Datos I e Informática I (CBI). Dpto. Cs. de la Comp. (DCC) – FACET – UNT.</p>
<p>JTP con Dedicación. Asignaturas Laboratorio I y Laboratorio II. Dpto. Cs. de la Comp. (DCC) – FACET – UNT.</p>
<p>JTP con Dedicación Simple. Asignaturas Laboratorio I y Laboratorio II. Dpto. Cs. de la Comp. (DCC) – FACET – UNT.</p>
<p>ADG interino con Semidedicación. Asignaturas Conceptos de Bases de Datos I e Informática I (CBI). Dpto. Cs. de la Comp. (DCC) – FACET – UNT.</p>
<p>JTP con Dedicación. Asignaturas Laboratorio I y Laboratorio II. Dpto. Cs. de la Comp. (DCC) – FACET – UNT.</p>
<h3><strong>Gestión</strong></h3>
<p>Desde el año 2017 participa en las actividades de gestión del DCC como miembro de la Comisión de Prioridades o miembro de la Comisión Académica de las carreras y como jurado de concursos docentes.</p>
<h3><strong>Investigación </strong></h3>
<p>Integrante del proyecto de investigación “Sistematización de Estrategias Administrativas, Pedagógicas y Tecnológicas para la creación de un centro EAD” (CIUNT) desde el 29 de mayo de 2009.-</p>
<h3><strong>Antecedentes Laborales</strong></h3>
<p>Supervisor de Personal de la Dirección de General Administrativa de Personal del Si.Pro.Sa. Desde enero de 2007 a la fecha.</p>

<p>Lic. Jesús Manuel Monteros Títulos Programador Universitario. FACET – UNT Licenciado en Informática. FACET – UNT Cargo Actual Profesor Adjunto con Semidedicación. Asignaturas Conceptos de Bases de Datos I y Conceptos de Bases de Datos II. Dpto. Cs. de la Comp. (DCC) – FACET – UNT. Cargos Anteriores JTP con Semidedicación. Asignaturas Conceptos de Bases [&hellip;]</p>
