{"id":3049,"date":"2023-03-09T12:16:23","date_gmt":"2023-03-09T15:16:23","guid":{"rendered":"https:\/\/www.facet.unt.edu.ar\/dpto-cs-comp\/?page_id=3049"},"modified":"2026-03-11T11:12:04","modified_gmt":"2026-03-11T14:12:04","slug":"bono","status":"publish","type":"page","link":"https:\/\/www.facet.unt.edu.ar\/dpto-cs-comp\/bono\/","title":{"rendered":"Bono"},"content":{"rendered":"<h2><span style=\"color: #000000;\">PAGO BONO SOLIDARIO E INSCRIPCI\u00d3N PRIMER CUATRIMESTRE 2026<\/span><\/h2>\n<div>\n<p><span style=\"color: #000000;\">El costo del Bono Solidario\u00a0 para el primer cuatrimestre 2026\u00a0 es de <strong>$ 12.000<\/strong> (doce mil pesos) por alumno y por \u00fanica vez en el cuatrimestre. Lo debes abonar ingresando a \u201cPago Bono Solidario\u201d. Luego es MUY IMPORTANTE que llenes el formulario \u201cInscripci\u00f3n y\u00a0 Aviso de Pago\u201d d\u00f3nde te podr\u00e1s inscribir en comisiones de Pr\u00e1ctica y adjuntar\u00e1s el comprobante de pago.<\/span><\/p>\n<p><span style=\"color: #000000;\">Este BONO lo tienen que pagar TODOS los alumnos de las carreras Programador Universitario, Lic. en Inform\u00e1tica e Ing. Inform\u00e1tica y los alumnos de las carreras a las que el DCC brinda servicio (Industrial, Qu\u00edmica, Agrimensura, Luminotecnia, Lic. en Matem\u00e1ticas, Prof. en Matem\u00e1ticas, Geodesia, Mec\u00e1nica).<\/span><\/p>\n<p><span style=\"color: #000000;\">SOLO ELIGEN COMISI\u00d3N, los alumnos de asignaturas que ofrecen distintos horarios (generalmente primer a\u00f1o). En los casos que no exista comisi\u00f3n se paga y luego s\u00f3lo se avisa a\u00f1o y carrera.<\/span><\/p>\n<p><span style=\"color: #000000;\">Por cuestiones administrativas, si no puedes abonar el arancel, solo debes redactar una nota dirigida a la Jefa de Departamento de Ciencias de la Computaci\u00f3n, Block 2, planta baja, para dejar constancia de la imposibilidad de pagarlo.<\/span><\/p>\n<p><span style=\"color: #000000;\">El dinero del bono permitir\u00e1 continuar con el mantenimiento a las salas de m\u00e1quinas, como se viene haciendo hace varios a\u00f1os.<\/span><\/p>\n<p><span style=\"color: #000000;\"><strong>Pago Bono Solidario<\/strong>: <a href=\"https:\/\/bit.ly\/3N2xuPZ\" target=\"_blank\" rel=\"noopener\">https:\/\/bit.ly\/3N2xuPZ<\/a><\/span><\/p>\n<p><a href=\"https:\/\/www.facet.unt.edu.ar\/dpto-cs-comp\/wp-content\/uploads\/sites\/29\/2026\/03\/QR_PAGAR_Bono_DCC_PS2026.png\"><img decoding=\"async\" loading=\"lazy\" class=\"aligncenter  wp-image-4246\" src=\"https:\/\/www.facet.unt.edu.ar\/dpto-cs-comp\/wp-content\/uploads\/sites\/29\/2026\/03\/QR_PAGAR_Bono_DCC_PS2026.png\" alt=\"\" width=\"454\" height=\"454\" \/><\/a><span style=\"color: #000000;\">IMPORTANTE: d\u00f3nde dice \u201c<\/span><strong style=\"color: #000000;\">Persona que pagar\u00e1 el pedido<\/strong><span style=\"color: #000000;\">\u201d y \u201cDirecci\u00f3n de la persona que pagar\u00e1 el pedido\u201d se deben ingresar los\u00a0<\/span><strong style=\"color: #000000;\">datos del alumno<\/strong><span style=\"color: #000000;\"><strong>Inscripci\u00f3n y Aviso de Pago<\/strong>: <a href=\"https:\/\/bit.ly\/4rXA6h1\" target=\"_blank\" rel=\"noopener\">https:\/\/bit.ly\/4rXA6h1<\/a><\/span><\/p>\n<\/div>\n<p><a href=\"https:\/\/www.facet.unt.edu.ar\/dpto-cs-comp\/wp-content\/uploads\/sites\/29\/2026\/03\/QR_AVISO_DE_PAGO_Bono_DCC_PS2026.png\"><img decoding=\"async\" loading=\"lazy\" class=\"aligncenter  wp-image-4247\" src=\"https:\/\/www.facet.unt.edu.ar\/dpto-cs-comp\/wp-content\/uploads\/sites\/29\/2026\/03\/QR_AVISO_DE_PAGO_Bono_DCC_PS2026.png\" alt=\"\" width=\"452\" height=\"452\" \/><\/a><\/p>\n<div>\n<p><strong>Con el pago de bono se pudo hacer lo siguiente:<\/strong><\/p>\n<p><strong>Durante 2025<\/strong><\/p>\n<p>Compra de <strong>Access Point<\/strong> para los laboratorios A y FOMEC, que posibilitan tener una mejor conectividad a Internet, colocado en Febrero 2026.<\/p>\n<p>Adem\u00e1s, entre otras muchas cosas, se han <b>ADQUIRIDO 8 COMPUTADORAS GABINETE SLIM<\/b>,\u00a0 AMD RyZEN 5 GHz, con 16 GB de memoria RAM DDR5,\u00a0 disco de estado s\u00f3lido con interface NVME de 480 GB, placa de red inal\u00e1mbrica, teclados, mouses y monitor LG de 19&#8243;. Todos los equipos fueron instalados en el laboratorio FOMEC.<\/p>\n<div id=\"attachment_4235\" style=\"width: 467px\" class=\"wp-caption aligncenter\"><a href=\"https:\/\/www.facet.unt.edu.ar\/dpto-cs-comp\/wp-content\/uploads\/sites\/29\/2025\/08\/elementos_acondiconar_laboratorios.jpeg\"><img aria-describedby=\"caption-attachment-4235\" decoding=\"async\" loading=\"lazy\" class=\"wp-image-4235\" src=\"https:\/\/www.facet.unt.edu.ar\/dpto-cs-comp\/wp-content\/uploads\/sites\/29\/2025\/08\/elementos_acondiconar_laboratorios.jpeg\" alt=\"Cables, zapatillas, tomas, material para forrado de mesones y elementos para acondicionar los laboratorios\" width=\"457\" height=\"610\" \/><\/a><p id=\"caption-attachment-4235\" class=\"wp-caption-text\">Cables, zapatillas, tomas, material para forrado de mesones y elementos para acondicionar los laboratorios<\/p><\/div>\n<p>&nbsp;<\/p>\n<div id=\"attachment_4237\" style=\"width: 463px\" class=\"wp-caption aligncenter\"><a href=\"https:\/\/www.facet.unt.edu.ar\/dpto-cs-comp\/wp-content\/uploads\/sites\/29\/2025\/08\/reposicion_teclados_mouse.jpeg\"><img aria-describedby=\"caption-attachment-4237\" decoding=\"async\" loading=\"lazy\" class=\" wp-image-4237\" src=\"https:\/\/www.facet.unt.edu.ar\/dpto-cs-comp\/wp-content\/uploads\/sites\/29\/2025\/08\/reposicion_teclados_mouse.jpeg\" alt=\"\" width=\"453\" height=\"255\" \/><\/a><p id=\"caption-attachment-4237\" class=\"wp-caption-text\">Reemplazo de teclados y mouse<\/p><\/div>\n<p>&nbsp;<\/p>\n<div id=\"attachment_4236\" style=\"width: 469px\" class=\"wp-caption aligncenter\"><a href=\"https:\/\/www.facet.unt.edu.ar\/dpto-cs-comp\/wp-content\/uploads\/sites\/29\/2025\/08\/conjunto_8_pcs_nuevas_fomec.jpeg\"><img aria-describedby=\"caption-attachment-4236\" decoding=\"async\" loading=\"lazy\" class=\"wp-image-4236\" src=\"https:\/\/www.facet.unt.edu.ar\/dpto-cs-comp\/wp-content\/uploads\/sites\/29\/2025\/08\/conjunto_8_pcs_nuevas_fomec.jpeg\" alt=\"\" width=\"459\" height=\"344\" \/><\/a><p id=\"caption-attachment-4236\" class=\"wp-caption-text\">8 Nuevas PCs AMD Ryzen 5, 16 GB RAM, Disco DDR5, disco de estado NVME de 480 GB, placa Wifi, Monitor<\/p><\/div>\n<p>&nbsp;<\/p>\n<div id=\"attachment_4238\" style=\"width: 463px\" class=\"wp-caption aligncenter\"><a href=\"https:\/\/www.facet.unt.edu.ar\/dpto-cs-comp\/wp-content\/uploads\/sites\/29\/2025\/08\/monitores-reparados.jpeg\"><img aria-describedby=\"caption-attachment-4238\" decoding=\"async\" loading=\"lazy\" class=\"wp-image-4238\" src=\"https:\/\/www.facet.unt.edu.ar\/dpto-cs-comp\/wp-content\/uploads\/sites\/29\/2025\/08\/monitores-reparados.jpeg\" alt=\"\" width=\"453\" height=\"255\" \/><\/a><p id=\"caption-attachment-4238\" class=\"wp-caption-text\">Reparaci\u00f3n de monitores<\/p><\/div>\n<\/div>\n<p>&nbsp;<\/p>\n<p><strong>Durante 2024<\/strong><\/p>\n<div>\n<p><a href=\"https:\/\/www.facet.unt.edu.ar\/dpto-cs-comp\/wp-content\/uploads\/sites\/29\/2024\/08\/promo-bono-solidario-2024.jpg\"><img decoding=\"async\" loading=\"lazy\" class=\"aligncenter size-full wp-image-3874\" src=\"https:\/\/www.facet.unt.edu.ar\/dpto-cs-comp\/wp-content\/uploads\/sites\/29\/2024\/08\/promo-bono-solidario-2024.jpg\" alt=\"\" width=\"1080\" height=\"1080\" \/><\/a><\/p>\n<p>&nbsp;<\/p>\n<\/div>\n","protected":false},"excerpt":{"rendered":"<p>PAGO BONO SOLIDARIO E INSCRIPCI\u00d3N PRIMER CUATRIMESTRE 2026 El costo del Bono Solidario\u00a0 para el primer cuatrimestre 2026\u00a0 es de $ 12.000 (doce mil pesos) por alumno y por \u00fanica vez en el cuatrimestre. Lo debes abonar ingresando a \u201cPago Bono Solidario\u201d. Luego es MUY IMPORTANTE que llenes el formulario \u201cInscripci\u00f3n y\u00a0 Aviso de Pago\u201d [&hellip;]<\/p>\n","protected":false},"author":101021,"featured_media":0,"parent":0,"menu_order":0,"comment_status":"closed","ping_status":"closed","template":"","meta":[],"_links":{"self":[{"href":"https:\/\/www.facet.unt.edu.ar\/dpto-cs-comp\/wp-json\/wp\/v2\/pages\/3049"}],"collection":[{"href":"https:\/\/www.facet.unt.edu.ar\/dpto-cs-comp\/wp-json\/wp\/v2\/pages"}],"about":[{"href":"https:\/\/www.facet.unt.edu.ar\/dpto-cs-comp\/wp-json\/wp\/v2\/types\/page"}],"author":[{"embeddable":true,"href":"https:\/\/www.facet.unt.edu.ar\/dpto-cs-comp\/wp-json\/wp\/v2\/users\/101021"}],"replies":[{"embeddable":true,"href":"https:\/\/www.facet.unt.edu.ar\/dpto-cs-comp\/wp-json\/wp\/v2\/comments?post=3049"}],"version-history":[{"count":21,"href":"https:\/\/www.facet.unt.edu.ar\/dpto-cs-comp\/wp-json\/wp\/v2\/pages\/3049\/revisions"}],"predecessor-version":[{"id":4248,"href":"https:\/\/www.facet.unt.edu.ar\/dpto-cs-comp\/wp-json\/wp\/v2\/pages\/3049\/revisions\/4248"}],"wp:attachment":[{"href":"https:\/\/www.facet.unt.edu.ar\/dpto-cs-comp\/wp-json\/wp\/v2\/media?parent=3049"}],"curies":[{"name":"wp","href":"https:\/\/api.w.org\/{rel}","templated":true}]}}