{"id":460,"date":"2016-05-30T15:13:05","date_gmt":"2016-05-30T18:13:05","guid":{"rendered":"https:\/\/www.facet.unt.edu.ar\/dpto-cs-comp\/?page_id=460"},"modified":"2021-08-31T00:47:16","modified_gmt":"2021-08-31T03:47:16","slug":"cv-ltorresauad","status":"publish","type":"page","link":"https:\/\/www.facet.unt.edu.ar\/dpto-cs-comp\/cv-ltorresauad\/","title":{"rendered":"cv-ltorresauad"},"content":{"rendered":"<h2>Esp. Ing. L\u00eda Fabiana Torres Auad<\/h2>\n<p><a href=\"https:\/\/www.facet.unt.edu.ar\/dpto-cs-comp\/wp-content\/uploads\/sites\/29\/2021\/08\/ltorresauad.jpg\"><img decoding=\"async\" loading=\"lazy\" class=\"alignnone wp-image-2379\" src=\"https:\/\/www.facet.unt.edu.ar\/dpto-cs-comp\/wp-content\/uploads\/sites\/29\/2021\/08\/ltorresauad.jpg\" alt=\"\" width=\"307\" height=\"386\" \/><\/a><\/p>\n<h3><strong>T\u00edtulos<\/strong><\/h3>\n<p>\u2022 Especialista en Tecnolog\u00eda Inform\u00e1tica aplicada en Educaci\u00f3n, egresada de la Facultad de Inform\u00e1tica de la Universidad Nacional de La Plata.<br \/>\n\u2022 Ingeniera en Sistemas de Informaci\u00f3n, egresada de la Facultad Regional Tucum\u00e1n de Universidad Tecnol\u00f3gica Nacional.<\/p>\n<h3><strong>Docencia<\/strong><\/h3>\n<p>Profesora Asociada con Dedicaci\u00f3n Exclusiva en las asignaturas Conceptos de bases de Datos I de Programador Universitario y Licenciatura en Inform\u00e1tica y de Sistemas de Informaci\u00f3n y Tecnolog\u00eda Inform\u00e1tica aplicada en Educaci\u00f3n, de la Licenciatura en Inform\u00e1tica de la FACET.<\/p>\n<h3>Gesti\u00f3n<\/h3>\n<p>\u2022 Jefa del Departamento de Ciencias de la Computaci\u00f3n de la FACET \u2013 UNT.<br \/>\n\u2022 Directora del Centro de Educaci\u00f3n a Distancia e Investigaci\u00f3n en Tecnolog\u00edas Educativas de la FACET.<br \/>\nSe ha desempe\u00f1ado como miembro de:<br \/>\n\u2022 Comisi\u00f3n de Prioridades del Dpto. de Computaci\u00f3n<br \/>\n\u2022 Comisiones Acad\u00e9micas de las carreras de Programador Universitario y Licenciatura en Informatica.<br \/>\n\u2022 Jurados de Concursos Docentes y de Comisiones Evaluadoras de la Actividad Acad\u00e9mica de Docentes.<\/p>\n<h3><strong>Investigaci\u00f3n<\/strong><\/h3>\n<p>Ha co-dirigido diversos proyectos de Investigaci\u00f3n en el \u00e1rea de las Tecnolog\u00edas Inform\u00e1ticas aplicadas en Educaci\u00f3n. Actualmente participa del Proyecto PIUNT 26\/E525, categor\u00eda B &#8211; \u201cInvestigaci\u00f3n y Desarrollos para la implementaci\u00f3n de la Educaci\u00f3n a Distancia en la FACET\u201d,<br \/>\nRealiz\u00f3 numerosas publicaciones en revistas nacionales e internacionales con referato, como as\u00ed tambi\u00e9n ha participado en numerosos cursos, congresos, seminarios, y talleres.<br \/>\nEn el \u00e1rea de formaci\u00f3n de recursos humanos, dirigi\u00f3 numerosas tesis de grado en temas inform\u00e1ticos, como tambi\u00e9n particip\u00f3 y actualmente participa en la coordinaci\u00f3n y el dictado de cursos de posgrado.<\/p>\n","protected":false},"excerpt":{"rendered":"<p>Esp. Ing. L\u00eda Fabiana Torres Auad T\u00edtulos \u2022 Especialista en Tecnolog\u00eda Inform\u00e1tica aplicada en Educaci\u00f3n, egresada de la Facultad de Inform\u00e1tica de la Universidad Nacional de La Plata. \u2022 Ingeniera en Sistemas de Informaci\u00f3n, egresada de la Facultad Regional Tucum\u00e1n de Universidad Tecnol\u00f3gica Nacional. Docencia Profesora Asociada con Dedicaci\u00f3n Exclusiva en las asignaturas Conceptos de [&hellip;]<\/p>\n","protected":false},"author":23,"featured_media":0,"parent":0,"menu_order":0,"comment_status":"closed","ping_status":"closed","template":"","meta":[],"_links":{"self":[{"href":"https:\/\/www.facet.unt.edu.ar\/dpto-cs-comp\/wp-json\/wp\/v2\/pages\/460"}],"collection":[{"href":"https:\/\/www.facet.unt.edu.ar\/dpto-cs-comp\/wp-json\/wp\/v2\/pages"}],"about":[{"href":"https:\/\/www.facet.unt.edu.ar\/dpto-cs-comp\/wp-json\/wp\/v2\/types\/page"}],"author":[{"embeddable":true,"href":"https:\/\/www.facet.unt.edu.ar\/dpto-cs-comp\/wp-json\/wp\/v2\/users\/23"}],"replies":[{"embeddable":true,"href":"https:\/\/www.facet.unt.edu.ar\/dpto-cs-comp\/wp-json\/wp\/v2\/comments?post=460"}],"version-history":[{"count":3,"href":"https:\/\/www.facet.unt.edu.ar\/dpto-cs-comp\/wp-json\/wp\/v2\/pages\/460\/revisions"}],"predecessor-version":[{"id":2386,"href":"https:\/\/www.facet.unt.edu.ar\/dpto-cs-comp\/wp-json\/wp\/v2\/pages\/460\/revisions\/2386"}],"wp:attachment":[{"href":"https:\/\/www.facet.unt.edu.ar\/dpto-cs-comp\/wp-json\/wp\/v2\/media?parent=460"}],"curies":[{"name":"wp","href":"https:\/\/api.w.org\/{rel}","templated":true}]}}