{"id":845,"date":"2017-08-12T17:15:53","date_gmt":"2017-08-12T20:15:53","guid":{"rendered":"https:\/\/www.facet.unt.edu.ar\/dpto-cs-comp\/?page_id=845"},"modified":"2017-08-12T17:27:54","modified_gmt":"2017-08-12T20:27:54","slug":"despedida-marcela-leiva","status":"publish","type":"page","link":"https:\/\/www.facet.unt.edu.ar\/dpto-cs-comp\/despedida-marcela-leiva\/","title":{"rendered":"Despedida Marcela Leiva"},"content":{"rendered":"<h2>Despedida Marcela Leiva<\/h2>\n<p>El d\u00eda 30 de Mayo de 2017 los docentes del Departamento despidieron con mucho cari\u00f1o a nuestra querid\u00edsima y apreciada Marcela Leiva, Jefa Administrativa del Departamento, quien accedi\u00f3 a su jubilaci\u00f3n.<\/p>\n<p>Querid\u00edsima &#8220;Zecre&#8221;!!!! Nuestro Dpto. no ser\u00e1 igual sin vos, sin tu siempre servicial sonrisa y t\u00fa tu voluntad incondicional!!! Gracias por tanto. Lo mejor para vos en esta nueva etapa y a disfrutar!!!!! TE QUEREMOS MARCELITA!!!<\/p>\n<div id=\"metaslider-id-824\" style=\"max-width: 560px; margin: 0 auto;\" class=\"ml-slider-3-27-5 metaslider metaslider-responsive metaslider-824 ml-slider\">\n    <div id=\"metaslider_container_824\">\n        <ul id='metaslider_824' class='rslides'>\n            <li><img width=\"960\" height=\"540\" src=\"https:\/\/www.facet.unt.edu.ar\/dpto-cs-comp\/wp-content\/uploads\/sites\/29\/2017\/08\/18813734_10154558135151517_4790708315788756071_n.jpg\" class=\"slider-824 slide-841\" alt=\"\" decoding=\"async\" loading=\"lazy\" rel=\"\" title=\"\" srcset=\"https:\/\/www.facet.unt.edu.ar\/dpto-cs-comp\/wp-content\/uploads\/sites\/29\/2017\/08\/18813734_10154558135151517_4790708315788756071_n.jpg 960w, https:\/\/www.facet.unt.edu.ar\/dpto-cs-comp\/wp-content\/uploads\/sites\/29\/2017\/08\/18813734_10154558135151517_4790708315788756071_n-300x169.jpg 300w, https:\/\/www.facet.unt.edu.ar\/dpto-cs-comp\/wp-content\/uploads\/sites\/29\/2017\/08\/18813734_10154558135151517_4790708315788756071_n-768x432.jpg 768w\" sizes=\"(max-width: 960px) 100vw, 960px\" \/><\/li>\n            <li style='display: none;'><img width=\"960\" height=\"540\" src=\"https:\/\/www.facet.unt.edu.ar\/dpto-cs-comp\/wp-content\/uploads\/sites\/29\/2017\/08\/Despedida-Marce.jpg\" class=\"slider-824 slide-842\" alt=\"\" decoding=\"async\" loading=\"lazy\" rel=\"\" title=\"\" srcset=\"https:\/\/www.facet.unt.edu.ar\/dpto-cs-comp\/wp-content\/uploads\/sites\/29\/2017\/08\/Despedida-Marce.jpg 960w, https:\/\/www.facet.unt.edu.ar\/dpto-cs-comp\/wp-content\/uploads\/sites\/29\/2017\/08\/Despedida-Marce-300x169.jpg 300w, https:\/\/www.facet.unt.edu.ar\/dpto-cs-comp\/wp-content\/uploads\/sites\/29\/2017\/08\/Despedida-Marce-768x432.jpg 768w\" sizes=\"(max-width: 960px) 100vw, 960px\" \/><\/li>\n            <li style='display: none;'><img width=\"2560\" height=\"1440\" src=\"https:\/\/www.facet.unt.edu.ar\/dpto-cs-comp\/wp-content\/uploads\/sites\/29\/2017\/08\/IMG_20170530_140628098.jpg\" class=\"slider-824 slide-836\" alt=\"\" decoding=\"async\" loading=\"lazy\" rel=\"\" title=\"\" srcset=\"https:\/\/www.facet.unt.edu.ar\/dpto-cs-comp\/wp-content\/uploads\/sites\/29\/2017\/08\/IMG_20170530_140628098.jpg 2560w, https:\/\/www.facet.unt.edu.ar\/dpto-cs-comp\/wp-content\/uploads\/sites\/29\/2017\/08\/IMG_20170530_140628098-300x169.jpg 300w, https:\/\/www.facet.unt.edu.ar\/dpto-cs-comp\/wp-content\/uploads\/sites\/29\/2017\/08\/IMG_20170530_140628098-768x432.jpg 768w, https:\/\/www.facet.unt.edu.ar\/dpto-cs-comp\/wp-content\/uploads\/sites\/29\/2017\/08\/IMG_20170530_140628098-1024x576.jpg 1024w\" sizes=\"(max-width: 2560px) 100vw, 2560px\" \/><\/li>\n            <li style='display: none;'><img width=\"2560\" height=\"1440\" src=\"https:\/\/www.facet.unt.edu.ar\/dpto-cs-comp\/wp-content\/uploads\/sites\/29\/2017\/08\/IMG_20170530_142807763.jpg\" class=\"slider-824 slide-837\" alt=\"\" decoding=\"async\" loading=\"lazy\" rel=\"\" title=\"\" srcset=\"https:\/\/www.facet.unt.edu.ar\/dpto-cs-comp\/wp-content\/uploads\/sites\/29\/2017\/08\/IMG_20170530_142807763.jpg 2560w, https:\/\/www.facet.unt.edu.ar\/dpto-cs-comp\/wp-content\/uploads\/sites\/29\/2017\/08\/IMG_20170530_142807763-300x169.jpg 300w, https:\/\/www.facet.unt.edu.ar\/dpto-cs-comp\/wp-content\/uploads\/sites\/29\/2017\/08\/IMG_20170530_142807763-768x432.jpg 768w, https:\/\/www.facet.unt.edu.ar\/dpto-cs-comp\/wp-content\/uploads\/sites\/29\/2017\/08\/IMG_20170530_142807763-1024x576.jpg 1024w\" sizes=\"(max-width: 2560px) 100vw, 2560px\" \/><\/li>\n            <li style='display: none;'><img width=\"1920\" height=\"1080\" src=\"https:\/\/www.facet.unt.edu.ar\/dpto-cs-comp\/wp-content\/uploads\/sites\/29\/2017\/08\/IMG_20170530_144849219.jpg\" class=\"slider-824 slide-840\" alt=\"\" decoding=\"async\" loading=\"lazy\" rel=\"\" title=\"\" srcset=\"https:\/\/www.facet.unt.edu.ar\/dpto-cs-comp\/wp-content\/uploads\/sites\/29\/2017\/08\/IMG_20170530_144849219.jpg 1920w, https:\/\/www.facet.unt.edu.ar\/dpto-cs-comp\/wp-content\/uploads\/sites\/29\/2017\/08\/IMG_20170530_144849219-300x169.jpg 300w, https:\/\/www.facet.unt.edu.ar\/dpto-cs-comp\/wp-content\/uploads\/sites\/29\/2017\/08\/IMG_20170530_144849219-768x432.jpg 768w, https:\/\/www.facet.unt.edu.ar\/dpto-cs-comp\/wp-content\/uploads\/sites\/29\/2017\/08\/IMG_20170530_144849219-1024x576.jpg 1024w\" sizes=\"(max-width: 1920px) 100vw, 1920px\" \/><\/li>\n            <li style='display: none;'><img width=\"1440\" height=\"2560\" src=\"https:\/\/www.facet.unt.edu.ar\/dpto-cs-comp\/wp-content\/uploads\/sites\/29\/2017\/08\/IMG_20170531_130023676_HDR.jpg\" class=\"slider-824 slide-843\" alt=\"\" decoding=\"async\" loading=\"lazy\" rel=\"\" title=\"\" srcset=\"https:\/\/www.facet.unt.edu.ar\/dpto-cs-comp\/wp-content\/uploads\/sites\/29\/2017\/08\/IMG_20170531_130023676_HDR.jpg 1440w, https:\/\/www.facet.unt.edu.ar\/dpto-cs-comp\/wp-content\/uploads\/sites\/29\/2017\/08\/IMG_20170531_130023676_HDR-169x300.jpg 169w, https:\/\/www.facet.unt.edu.ar\/dpto-cs-comp\/wp-content\/uploads\/sites\/29\/2017\/08\/IMG_20170531_130023676_HDR-768x1365.jpg 768w, https:\/\/www.facet.unt.edu.ar\/dpto-cs-comp\/wp-content\/uploads\/sites\/29\/2017\/08\/IMG_20170531_130023676_HDR-576x1024.jpg 576w\" sizes=\"(max-width: 1440px) 100vw, 1440px\" \/><\/li>\n            <li style='display: none;'><img width=\"1440\" height=\"2560\" src=\"https:\/\/www.facet.unt.edu.ar\/dpto-cs-comp\/wp-content\/uploads\/sites\/29\/2017\/08\/IMG_20170531_130037942.jpg\" class=\"slider-824 slide-844\" alt=\"\" decoding=\"async\" loading=\"lazy\" rel=\"\" title=\"\" srcset=\"https:\/\/www.facet.unt.edu.ar\/dpto-cs-comp\/wp-content\/uploads\/sites\/29\/2017\/08\/IMG_20170531_130037942.jpg 1440w, https:\/\/www.facet.unt.edu.ar\/dpto-cs-comp\/wp-content\/uploads\/sites\/29\/2017\/08\/IMG_20170531_130037942-169x300.jpg 169w, https:\/\/www.facet.unt.edu.ar\/dpto-cs-comp\/wp-content\/uploads\/sites\/29\/2017\/08\/IMG_20170531_130037942-768x1365.jpg 768w, https:\/\/www.facet.unt.edu.ar\/dpto-cs-comp\/wp-content\/uploads\/sites\/29\/2017\/08\/IMG_20170531_130037942-576x1024.jpg 576w\" sizes=\"(max-width: 1440px) 100vw, 1440px\" \/><\/li>\n        <\/ul>\n        \n    <\/div>\n<\/div>\n","protected":false},"excerpt":{"rendered":"<p>Despedida Marcela Leiva El d\u00eda 30 de Mayo de 2017 los docentes del Departamento despidieron con mucho cari\u00f1o a nuestra querid\u00edsima y apreciada Marcela Leiva, Jefa Administrativa del Departamento, quien accedi\u00f3 a su jubilaci\u00f3n. Querid\u00edsima &#8220;Zecre&#8221;!!!! Nuestro Dpto. no ser\u00e1 igual sin vos, sin tu siempre servicial sonrisa y t\u00fa tu voluntad incondicional!!! Gracias por [&hellip;]<\/p>\n","protected":false},"author":23,"featured_media":0,"parent":0,"menu_order":0,"comment_status":"closed","ping_status":"closed","template":"","meta":[],"_links":{"self":[{"href":"https:\/\/www.facet.unt.edu.ar\/dpto-cs-comp\/wp-json\/wp\/v2\/pages\/845"}],"collection":[{"href":"https:\/\/www.facet.unt.edu.ar\/dpto-cs-comp\/wp-json\/wp\/v2\/pages"}],"about":[{"href":"https:\/\/www.facet.unt.edu.ar\/dpto-cs-comp\/wp-json\/wp\/v2\/types\/page"}],"author":[{"embeddable":true,"href":"https:\/\/www.facet.unt.edu.ar\/dpto-cs-comp\/wp-json\/wp\/v2\/users\/23"}],"replies":[{"embeddable":true,"href":"https:\/\/www.facet.unt.edu.ar\/dpto-cs-comp\/wp-json\/wp\/v2\/comments?post=845"}],"version-history":[{"count":5,"href":"https:\/\/www.facet.unt.edu.ar\/dpto-cs-comp\/wp-json\/wp\/v2\/pages\/845\/revisions"}],"predecessor-version":[{"id":851,"href":"https:\/\/www.facet.unt.edu.ar\/dpto-cs-comp\/wp-json\/wp\/v2\/pages\/845\/revisions\/851"}],"wp:attachment":[{"href":"https:\/\/www.facet.unt.edu.ar\/dpto-cs-comp\/wp-json\/wp\/v2\/media?parent=845"}],"curies":[{"name":"wp","href":"https:\/\/api.w.org\/{rel}","templated":true}]}}

<h2>Despedida Marcela Leiva</h2>
<p>El día 30 de Mayo de 2017 los docentes del Departamento despidieron con mucho cariño a nuestra queridísima y apreciada Marcela Leiva, Jefa Administrativa del Departamento, quien accedió a su jubilación.</p>
<p>Queridísima &#8220;Zecre&#8221;!!!! Nuestro Dpto. no será igual sin vos, sin tu siempre servicial sonrisa y tú tu voluntad incondicional!!! Gracias por tanto. Lo mejor para vos en esta nueva etapa y a disfrutar!!!!! TE QUEREMOS MARCELITA!!!</p>
<div id="metaslider-id-824" style="max-width: 560px; margin: 0 auto;" class="ml-slider-3-27-5 metaslider metaslider-responsive metaslider-824 ml-slider">
    <div id="metaslider_container_824">
        <ul id='metaslider_824' class='rslides'>
            <li><img width="960" height="540" src="https://www.facet.unt.edu.ar/dpto-cs-comp/wp-content/uploads/sites/29/2017/08/18813734_10154558135151517_4790708315788756071_n.jpg" class="slider-824 slide-841" alt="" decoding="async" loading="lazy" rel="" title="" srcset="https://www.facet.unt.edu.ar/dpto-cs-comp/wp-content/uploads/sites/29/2017/08/18813734_10154558135151517_4790708315788756071_n.jpg 960w, https://www.facet.unt.edu.ar/dpto-cs-comp/wp-content/uploads/sites/29/2017/08/18813734_10154558135151517_4790708315788756071_n-300x169.jpg 300w, https://www.facet.unt.edu.ar/dpto-cs-comp/wp-content/uploads/sites/29/2017/08/18813734_10154558135151517_4790708315788756071_n-768x432.jpg 768w" sizes="(max-width: 960px) 100vw, 960px" /></li>
            <li style='display: none;'><img width="960" height="540" src="https://www.facet.unt.edu.ar/dpto-cs-comp/wp-content/uploads/sites/29/2017/08/Despedida-Marce.jpg" class="slider-824 slide-842" alt="" decoding="async" loading="lazy" rel="" title="" srcset="https://www.facet.unt.edu.ar/dpto-cs-comp/wp-content/uploads/sites/29/2017/08/Despedida-Marce.jpg 960w, https://www.facet.unt.edu.ar/dpto-cs-comp/wp-content/uploads/sites/29/2017/08/Despedida-Marce-300x169.jpg 300w, https://www.facet.unt.edu.ar/dpto-cs-comp/wp-content/uploads/sites/29/2017/08/Despedida-Marce-768x432.jpg 768w" sizes="(max-width: 960px) 100vw, 960px" /></li>
            <li style='display: none;'><img width="2560" height="1440" src="https://www.facet.unt.edu.ar/dpto-cs-comp/wp-content/uploads/sites/29/2017/08/IMG_20170530_140628098.jpg" class="slider-824 slide-836" alt="" decoding="async" loading="lazy" rel="" title="" srcset="https://www.facet.unt.edu.ar/dpto-cs-comp/wp-content/uploads/sites/29/2017/08/IMG_20170530_140628098.jpg 2560w, https://www.facet.unt.edu.ar/dpto-cs-comp/wp-content/uploads/sites/29/2017/08/IMG_20170530_140628098-300x169.jpg 300w, https://www.facet.unt.edu.ar/dpto-cs-comp/wp-content/uploads/sites/29/2017/08/IMG_20170530_140628098-768x432.jpg 768w, https://www.facet.unt.edu.ar/dpto-cs-comp/wp-content/uploads/sites/29/2017/08/IMG_20170530_140628098-1024x576.jpg 1024w" sizes="(max-width: 2560px) 100vw, 2560px" /></li>
            <li style='display: none;'><img width="2560" height="1440" src="https://www.facet.unt.edu.ar/dpto-cs-comp/wp-content/uploads/sites/29/2017/08/IMG_20170530_142807763.jpg" class="slider-824 slide-837" alt="" decoding="async" loading="lazy" rel="" title="" srcset="https://www.facet.unt.edu.ar/dpto-cs-comp/wp-content/uploads/sites/29/2017/08/IMG_20170530_142807763.jpg 2560w, https://www.facet.unt.edu.ar/dpto-cs-comp/wp-content/uploads/sites/29/2017/08/IMG_20170530_142807763-300x169.jpg 300w, https://www.facet.unt.edu.ar/dpto-cs-comp/wp-content/uploads/sites/29/2017/08/IMG_20170530_142807763-768x432.jpg 768w, https://www.facet.unt.edu.ar/dpto-cs-comp/wp-content/uploads/sites/29/2017/08/IMG_20170530_142807763-1024x576.jpg 1024w" sizes="(max-width: 2560px) 100vw, 2560px" /></li>
            <li style='display: none;'><img width="1920" height="1080" src="https://www.facet.unt.edu.ar/dpto-cs-comp/wp-content/uploads/sites/29/2017/08/IMG_20170530_144849219.jpg" class="slider-824 slide-840" alt="" decoding="async" loading="lazy" rel="" title="" srcset="https://www.facet.unt.edu.ar/dpto-cs-comp/wp-content/uploads/sites/29/2017/08/IMG_20170530_144849219.jpg 1920w, https://www.facet.unt.edu.ar/dpto-cs-comp/wp-content/uploads/sites/29/2017/08/IMG_20170530_144849219-300x169.jpg 300w, https://www.facet.unt.edu.ar/dpto-cs-comp/wp-content/uploads/sites/29/2017/08/IMG_20170530_144849219-768x432.jpg 768w, https://www.facet.unt.edu.ar/dpto-cs-comp/wp-content/uploads/sites/29/2017/08/IMG_20170530_144849219-1024x576.jpg 1024w" sizes="(max-width: 1920px) 100vw, 1920px" /></li>
            <li style='display: none;'><img width="1440" height="2560" src="https://www.facet.unt.edu.ar/dpto-cs-comp/wp-content/uploads/sites/29/2017/08/IMG_20170531_130023676_HDR.jpg" class="slider-824 slide-843" alt="" decoding="async" loading="lazy" rel="" title="" srcset="https://www.facet.unt.edu.ar/dpto-cs-comp/wp-content/uploads/sites/29/2017/08/IMG_20170531_130023676_HDR.jpg 1440w, https://www.facet.unt.edu.ar/dpto-cs-comp/wp-content/uploads/sites/29/2017/08/IMG_20170531_130023676_HDR-169x300.jpg 169w, https://www.facet.unt.edu.ar/dpto-cs-comp/wp-content/uploads/sites/29/2017/08/IMG_20170531_130023676_HDR-768x1365.jpg 768w, https://www.facet.unt.edu.ar/dpto-cs-comp/wp-content/uploads/sites/29/2017/08/IMG_20170531_130023676_HDR-576x1024.jpg 576w" sizes="(max-width: 1440px) 100vw, 1440px" /></li>
            <li style='display: none;'><img width="1440" height="2560" src="https://www.facet.unt.edu.ar/dpto-cs-comp/wp-content/uploads/sites/29/2017/08/IMG_20170531_130037942.jpg" class="slider-824 slide-844" alt="" decoding="async" loading="lazy" rel="" title="" srcset="https://www.facet.unt.edu.ar/dpto-cs-comp/wp-content/uploads/sites/29/2017/08/IMG_20170531_130037942.jpg 1440w, https://www.facet.unt.edu.ar/dpto-cs-comp/wp-content/uploads/sites/29/2017/08/IMG_20170531_130037942-169x300.jpg 169w, https://www.facet.unt.edu.ar/dpto-cs-comp/wp-content/uploads/sites/29/2017/08/IMG_20170531_130037942-768x1365.jpg 768w, https://www.facet.unt.edu.ar/dpto-cs-comp/wp-content/uploads/sites/29/2017/08/IMG_20170531_130037942-576x1024.jpg 576w" sizes="(max-width: 1440px) 100vw, 1440px" /></li>
        </ul>
        
    </div>
</div>

<p>Despedida Marcela Leiva El día 30 de Mayo de 2017 los docentes del Departamento despidieron con mucho cariño a nuestra queridísima y apreciada Marcela Leiva, Jefa Administrativa del Departamento, quien accedió a su jubilación. Queridísima &#8220;Zecre&#8221;!!!! Nuestro Dpto. no será igual sin vos, sin tu siempre servicial sonrisa y tú tu voluntad incondicional!!! Gracias por [&hellip;]</p>
