{"id":107,"date":"2023-03-28T14:39:13","date_gmt":"2023-03-28T17:39:13","guid":{"rendered":"https:\/\/www.facet.unt.edu.ar\/dpto-fisica\/?page_id=107"},"modified":"2026-03-13T11:35:32","modified_gmt":"2026-03-13T14:35:32","slug":"investigacion","status":"publish","type":"page","link":"https:\/\/www.facet.unt.edu.ar\/dpto-fisica\/investigacion\/","title":{"rendered":"Investigaci\u00f3n"},"content":{"rendered":"<div id=\"pl-107\"  class=\"panel-layout\" ><div id=\"pg-107-0\"  class=\"panel-grid panel-no-style\" ><div id=\"pgc-107-0-0\"  class=\"panel-grid-cell\" ><div id=\"panel-107-0-0-0\" class=\"so-panel widget widget_sow-editor panel-first-child panel-last-child\" data-index=\"0\" ><div\n\t\t\t\n\t\t\tclass=\"so-widget-sow-editor so-widget-sow-editor-base\"\n\t\t\t\n\t\t>\n<div class=\"siteorigin-widget-tinymce textwidget\">\n\t<p><span data-sheets-root=\"1\">Laboratorio de F\u00edsica del S\u00f3lido (<a href=\"https:\/\/www.facet.unt.edu.ar\/lafiso\/\">LAFISO<\/a>) - Dr. Germ\u00e1n Bridoux <\/span><\/p>\n<p><span data-sheets-root=\"1\">Laboratorio de Nanomateriales - Director: Dr. Oscar Marin Ram\u00edrez y Co-Directora: Dra. Nadia Celeste Vega<\/span><\/p>\n<p><span data-sheets-root=\"1\">Laboratorio de Investigaci\u00f3n y An\u00e1lisis por Rayos X (LINARX) - Dr. David Comedi<\/span><\/p>\n<p><span data-sheets-root=\"1\">Laboratorio de Ionosfera, Atm\u00f3sfera Neutra y Magnetosfera (<a href=\"https:\/\/www.facet.unt.edu.ar\/labatmosfera\/\">LIANM<\/a>) - Dra. Ana Georgina El\u00edas<\/span><\/p>\n<p><span data-sheets-root=\"1\">Laboratorio de F\u00edsica Aplicada - Dra. Ana C. G\u00f3mez Marigliano<\/span><\/p>\n<p><span data-sheets-root=\"1\">Laboratorio de Fisicoqu\u00edmica - Ing. Diego Gonz\u00e1lez<\/span><\/p>\n<p><span data-sheets-root=\"1\">Grupo de Investigaci\u00f3n de Perturbaciones Ionosf\u00e9ricas Multi-Origen (<a href=\"https:\/\/www.facet.unt.edu.ar\/gipimo\/\" target=\"_blank\" rel=\"noopener\">GIPIMO<\/a>) - Dra. Andrea Borgazzi<\/span><\/p>\n<p><span data-sheets-root=\"1\">Laboratorio de F\u00edsica de Fluidos y Electrorreolog\u00eda - Lic. Azucena G\u00f3mez L\u00f3pez<\/span><\/p>\n<p><span data-sheets-root=\"1\">Laboratorio de Diel\u00e9ctricos - Mg. Juan A. Garc\u00eda<\/span><\/p>\n<p><span data-sheets-root=\"1\">Idioma Ingl\u00e9s - Prof. Mar\u00eda Rosa Bennasar<\/span><\/p>\n<p><span data-sheets-root=\"1\">Investigaci\u00f3n en docencia - Dr. C\u00e9sar Medina<\/span><\/p>\n<\/div>\n<\/div><\/div><\/div><\/div><\/div>","protected":false},"excerpt":{"rendered":"<p>Laboratorio de F\u00edsica del S\u00f3lido (LAFISO) &#8211; Dr. Germ\u00e1n Bridoux Laboratorio de Nanomateriales &#8211; Director: Dr. Oscar Marin Ram\u00edrez y Co-Directora: Dra. Nadia Celeste Vega Laboratorio de Investigaci\u00f3n y An\u00e1lisis por Rayos X (LINARX) &#8211; Dr. David Comedi Laboratorio de Ionosfera, Atm\u00f3sfera Neutra y Magnetosfera (LIANM) &#8211; Dra. Ana Georgina El\u00edas Laboratorio de F\u00edsica Aplicada [&hellip;]<\/p>\n","protected":false},"author":123495,"featured_media":0,"parent":0,"menu_order":0,"comment_status":"closed","ping_status":"closed","template":"","meta":[],"_links":{"self":[{"href":"https:\/\/www.facet.unt.edu.ar\/dpto-fisica\/wp-json\/wp\/v2\/pages\/107"}],"collection":[{"href":"https:\/\/www.facet.unt.edu.ar\/dpto-fisica\/wp-json\/wp\/v2\/pages"}],"about":[{"href":"https:\/\/www.facet.unt.edu.ar\/dpto-fisica\/wp-json\/wp\/v2\/types\/page"}],"author":[{"embeddable":true,"href":"https:\/\/www.facet.unt.edu.ar\/dpto-fisica\/wp-json\/wp\/v2\/users\/123495"}],"replies":[{"embeddable":true,"href":"https:\/\/www.facet.unt.edu.ar\/dpto-fisica\/wp-json\/wp\/v2\/comments?post=107"}],"version-history":[{"count":7,"href":"https:\/\/www.facet.unt.edu.ar\/dpto-fisica\/wp-json\/wp\/v2\/pages\/107\/revisions"}],"predecessor-version":[{"id":373,"href":"https:\/\/www.facet.unt.edu.ar\/dpto-fisica\/wp-json\/wp\/v2\/pages\/107\/revisions\/373"}],"wp:attachment":[{"href":"https:\/\/www.facet.unt.edu.ar\/dpto-fisica\/wp-json\/wp\/v2\/media?parent=107"}],"curies":[{"name":"wp","href":"https:\/\/api.w.org\/{rel}","templated":true}]}}