{"id":108,"date":"2023-03-28T14:39:14","date_gmt":"2023-03-28T17:39:14","guid":{"rendered":"https:\/\/www.facet.unt.edu.ar\/dpto-fisica\/?page_id=108"},"modified":"2025-09-08T10:48:35","modified_gmt":"2025-09-08T13:48:35","slug":"links-de-interes","status":"publish","type":"page","link":"https:\/\/www.facet.unt.edu.ar\/dpto-fisica\/links-de-interes\/","title":{"rendered":"Links de inter\u00e9s"},"content":{"rendered":"<div id=\"pl-108\"  class=\"panel-layout\" ><div id=\"pg-108-0\"  class=\"panel-grid panel-no-style\" ><div id=\"pgc-108-0-0\"  class=\"panel-grid-cell\" ><div id=\"panel-108-0-0-0\" class=\"so-panel widget widget_sow-editor panel-first-child panel-last-child\" data-index=\"0\" ><div\n\t\t\t\n\t\t\tclass=\"so-widget-sow-editor so-widget-sow-editor-base\"\n\t\t\t\n\t\t>\n<div class=\"siteorigin-widget-tinymce textwidget\">\n\t<p><a href=\"https:\/\/www.fisica.org.ar\/\">Asociaci\u00f3n F\u00edsica Argentina (AFA)<\/a><\/p>\n<p><a href=\"https:\/\/infinoa.conicet.gov.ar\/\">Instituto de F\u00edsica del Noroeste Argentino (INFINOA)<\/a><\/p>\n<\/div>\n<\/div><\/div><\/div><\/div><\/div>","protected":false},"excerpt":{"rendered":"<p>Asociaci\u00f3n F\u00edsica Argentina (AFA) Instituto de F\u00edsica del Noroeste Argentino (INFINOA)<\/p>\n","protected":false},"author":123495,"featured_media":0,"parent":0,"menu_order":0,"comment_status":"closed","ping_status":"closed","template":"","meta":[],"_links":{"self":[{"href":"https:\/\/www.facet.unt.edu.ar\/dpto-fisica\/wp-json\/wp\/v2\/pages\/108"}],"collection":[{"href":"https:\/\/www.facet.unt.edu.ar\/dpto-fisica\/wp-json\/wp\/v2\/pages"}],"about":[{"href":"https:\/\/www.facet.unt.edu.ar\/dpto-fisica\/wp-json\/wp\/v2\/types\/page"}],"author":[{"embeddable":true,"href":"https:\/\/www.facet.unt.edu.ar\/dpto-fisica\/wp-json\/wp\/v2\/users\/123495"}],"replies":[{"embeddable":true,"href":"https:\/\/www.facet.unt.edu.ar\/dpto-fisica\/wp-json\/wp\/v2\/comments?post=108"}],"version-history":[{"count":5,"href":"https:\/\/www.facet.unt.edu.ar\/dpto-fisica\/wp-json\/wp\/v2\/pages\/108\/revisions"}],"predecessor-version":[{"id":364,"href":"https:\/\/www.facet.unt.edu.ar\/dpto-fisica\/wp-json\/wp\/v2\/pages\/108\/revisions\/364"}],"wp:attachment":[{"href":"https:\/\/www.facet.unt.edu.ar\/dpto-fisica\/wp-json\/wp\/v2\/media?parent=108"}],"curies":[{"name":"wp","href":"https:\/\/api.w.org\/{rel}","templated":true}]}}