{"id":161,"date":"2023-03-29T09:27:06","date_gmt":"2023-03-29T12:27:06","guid":{"rendered":"https:\/\/www.facet.unt.edu.ar\/dpto-fisica\/?page_id=161"},"modified":"2025-08-27T14:29:16","modified_gmt":"2025-08-27T17:29:16","slug":"espacio-docente","status":"publish","type":"page","link":"https:\/\/www.facet.unt.edu.ar\/dpto-fisica\/espacio-docente\/","title":{"rendered":"Espacio docente"},"content":{"rendered":"<div id=\"pl-161\"  class=\"panel-layout\" ><div id=\"pg-161-0\"  class=\"panel-grid panel-no-style\" ><div id=\"pgc-161-0-0\"  class=\"panel-grid-cell\" ><div id=\"panel-161-0-0-0\" class=\"so-panel widget widget_sow-editor panel-first-child\" data-index=\"0\" ><div\n\t\t\t\n\t\t\tclass=\"so-widget-sow-editor so-widget-sow-editor-base\"\n\t\t\t\n\t\t>\n<div class=\"siteorigin-widget-tinymce textwidget\">\n\t<p>Acceda a la distribuci\u00f3n actualizada de aulas del 4to piso y reserva de proyectores.<\/p>\n<\/div>\n<\/div><\/div><div id=\"panel-161-0-0-1\" class=\"so-panel widget widget_sow-button\" data-index=\"1\" ><div\n\t\t\t\n\t\t\tclass=\"so-widget-sow-button so-widget-sow-button-atom-5c8faa648dfe-161\"\n\t\t\t\n\t\t><div class=\"ow-button-base ow-button-align-left\">\n\t<a href=\"https:\/\/docs.google.com\/spreadsheets\/d\/1b4jq1UljVQKdK4mYF9PizxqIwANaYrUW\/edit?usp=sharing&#038;ouid=102524210546338715065&#038;rtpof=true&#038;sd=true\" class=\"ow-icon-placement-left ow-button-hover\" target=\"_blank\" rel=\"noopener noreferrer\" \t\t>\n\t\t<span>\n\t\t\t<span class=\"sow-icon-fontawesome sow-far\" data-sow-icon=\"&#xf073;\"\n\t\tstyle=\"color: #ffffff\" \n\t\taria-hidden=\"true\"><\/span>\n\t\t\tDISTRIBUCI\u00d3N DE AULAS - 1\u00b0 Cuatrimestre\t\t<\/span>\n\t<\/a>\n<\/div>\n<\/div><\/div><div id=\"panel-161-0-0-2\" class=\"so-panel widget widget_sow-button panel-last-child\" data-index=\"2\" ><div\n\t\t\t\n\t\t\tclass=\"so-widget-sow-button so-widget-sow-button-atom-5c8faa648dfe-161\"\n\t\t\t\n\t\t><div class=\"ow-button-base ow-button-align-left\">\n\t<a href=\"https:\/\/docs.google.com\/spreadsheets\/d\/1l1_teAg9_guZ3Io-FFqgdkzBej2UNCisgXSQgehr9cc\/edit?usp=sharing\" class=\"ow-icon-placement-left ow-button-hover\" target=\"_blank\" rel=\"noopener noreferrer\" \t\t>\n\t\t<span>\n\t\t\t<span class=\"sow-icon-fontawesome sow-far\" data-sow-icon=\"&#xf073;\"\n\t\tstyle=\"color: #ffffff\" \n\t\taria-hidden=\"true\"><\/span>\n\t\t\tDISTRIBUCI\u00d3N DE AULAS - 2\u00b0 Cuatrimestre\t\t<\/span>\n\t<\/a>\n<\/div>\n<\/div><\/div><\/div><\/div><div id=\"pg-161-1\"  class=\"panel-grid panel-no-style\" ><div id=\"pgc-161-1-0\"  class=\"panel-grid-cell\" ><div id=\"panel-161-1-0-0\" class=\"so-panel widget widget_sow-editor panel-first-child\" data-index=\"3\" ><div\n\t\t\t\n\t\t\tclass=\"so-widget-sow-editor so-widget-sow-editor-base\"\n\t\t\t\n\t\t>\n<div class=\"siteorigin-widget-tinymce textwidget\">\n\t<p>Consulte el estado de sus expedientes en SUDOCU.<\/p>\n<\/div>\n<\/div><\/div><div id=\"panel-161-1-0-1\" class=\"so-panel widget widget_sow-button panel-last-child\" data-index=\"4\" ><div\n\t\t\t\n\t\t\tclass=\"so-widget-sow-button so-widget-sow-button-atom-5c8faa648dfe-161\"\n\t\t\t\n\t\t><div class=\"ow-button-base ow-button-align-left\">\n\t<a href=\"https:\/\/constrad.unt.edu.ar\/\" class=\"ow-icon-placement-left ow-button-hover\" target=\"_blank\" rel=\"noopener noreferrer\" \t\t>\n\t\t<span>\n\t\t\t<span class=\"sow-icon-fontawesome sow-far\" data-sow-icon=\"&#xf058;\"\n\t\tstyle=\"color: #ffffff\" \n\t\taria-hidden=\"true\"><\/span>\n\t\t\tTR\u00c1MITES\t\t<\/span>\n\t<\/a>\n<\/div>\n<\/div><\/div><\/div><\/div><div id=\"pg-161-2\"  class=\"panel-grid panel-no-style\" ><div id=\"pgc-161-2-0\"  class=\"panel-grid-cell\" ><div id=\"panel-161-2-0-0\" class=\"so-panel widget widget_sow-editor panel-first-child panel-last-child\" data-index=\"5\" ><div\n\t\t\t\n\t\t\tclass=\"so-widget-sow-editor so-widget-sow-editor-base\"\n\t\t\t\n\t\t>\n<div class=\"siteorigin-widget-tinymce textwidget\">\n\t<p>Acceda a la reglamentaci\u00f3n vigente.<\/p>\n<\/div>\n<\/div><\/div><\/div><\/div><div id=\"pg-161-3\"  class=\"panel-grid panel-no-style\" ><div id=\"pgc-161-3-0\"  class=\"panel-grid-cell\" ><div id=\"panel-161-3-0-0\" class=\"so-panel widget widget_sow-accordion panel-first-child\" data-index=\"6\" ><div\n\t\t\t\n\t\t\tclass=\"so-widget-sow-accordion so-widget-sow-accordion-default-1e66536d87d2-161\"\n\t\t\t\n\t\t><div>\n\t<div class=\"sow-accordion\">\n\t\t\t<div class=\"sow-accordion-panel sow-accordion-panel-open\"\n\t\t\t data-anchor=\"reglamentos\">\n\t\t\t\t<div class=\"sow-accordion-panel-header-container\" role=\"heading\" aria-level=\"2\">\n\t\t\t\t\t<div class=\"sow-accordion-panel-header\" tabindex=\"0\" role=\"button\" id=\"accordion-label-reglamentos\" aria-controls=\"accordion-content-reglamentos\" aria-expanded=\"true\">\n\t\t\t\t\t\t<div class=\"sow-accordion-title sow-accordion-title-icon-left\">\n\t\t\t\t\t\t\t\t\t\t\t\t\t\tReglamentos\t\t\t\t\t\t\t\t\t\t\t\t\t<\/div>\n\t\t\t\t\t\t<div class=\"sow-accordion-open-close-button\">\n\t\t\t\t\t\t\t<div class=\"sow-accordion-open-button\">\n\t\t\t\t\t\t\t\t<span class=\"sow-icon-ionicons\" data-sow-icon=\"&#xf218;\"\n\t\t \n\t\taria-hidden=\"true\"><\/span>\t\t\t\t\t\t\t<\/div>\n\t\t\t\t\t\t\t<div class=\"sow-accordion-close-button\">\n\t\t\t\t\t\t\t\t<span class=\"sow-icon-ionicons\" data-sow-icon=\"&#xf209;\"\n\t\t \n\t\taria-hidden=\"true\"><\/span>\t\t\t\t\t\t\t<\/div>\n\t\t\t\t\t\t<\/div>\n\t\t\t\t\t<\/div>\n\t\t\t\t<\/div>\n\n\t\t\t<div\n\t\t\t\tclass=\"sow-accordion-panel-content\"\n\t\t\t\trole=\"region\"\n\t\t\t\taria-labelledby=\"accordion-label-reglamentos\"\n\t\t\t\tid=\"accordion-content-reglamentos\"\n\t\t\t\t\t\t\t>\n\t\t\t\t<div class=\"sow-accordion-panel-border\" tabindex=\"0\">\n\t\t\t\t\t<p><a href=\"https:\/\/www.facet.unt.edu.ar\/dpto-fisica\/wp-content\/uploads\/sites\/87\/2025\/06\/Res.-CD-0478-2020-Designaciones-Interinas-y-Transitorias.pdf\" target=\"_blank\" rel=\"noopener\"><span class=\"il\">Designaciones Interinas y Transitorias -\u00a0<\/span><span class=\"il\">RES. CD 478\/2020<\/span><\/a><\/p>\n<p><a href=\"https:\/\/www.facet.unt.edu.ar\/dpto-fisica\/wp-content\/uploads\/sites\/87\/2025\/06\/RES-FACET-DDAC-4346-2024-REGLAMENTACION-ESTUDIANTIL-LABORAL.pdf\" target=\"_blank\" rel=\"noopener\">Reglamentaci\u00f3n Estudiantil Laboral \u2013 RES-FACET-DDAC- 4346\/2024<\/a><\/p>\n<p><a href=\"https:\/\/www.facet.unt.edu.ar\/dpto-fisica\/wp-content\/uploads\/sites\/87\/2025\/06\/Reglamento_Funcionamiento_Academico_y_Plan_Transicion_Res_5758-2024-1.pdf\" target=\"_blank\" rel=\"noopener\">Reglamentaci\u00f3n Interna de las Actividades Acad\u00e9micas de Pregrado y Grado (FACET) aprobada por RES - FACET - DDAC - 5758 \/ 2024<\/a><\/p>\n<p><a href=\"https:\/\/www.facet.unt.edu.ar\/dpto-fisica\/wp-content\/uploads\/sites\/87\/2025\/06\/Res_1195_22-baja-de-la-Resolucion-N\u00b0-706-2022.pdf\" target=\"_blank\" rel=\"noopener\">Resoluci\u00f3n de aprobaci\u00f3n procedimiento de inscripci\u00f3n a Mesas Especiales<\/a><\/p>\n\t\t\t\t<\/div>\n\t\t\t<\/div>\n\t\t<\/div>\n\t\t<\/div>\n<\/div>\n<\/div><\/div><div id=\"panel-161-3-0-1\" class=\"so-panel widget widget_sow-button panel-last-child\" data-index=\"7\" ><div\n\t\t\t\n\t\t\tclass=\"so-widget-sow-button so-widget-sow-button-atom-79578b9a5c1f-161\"\n\t\t\t\n\t\t><div class=\"ow-button-base ow-button-align-center\">\n\t<a href=\"https:\/\/drive.google.com\/drive\/folders\/1VT4VEdpL74Lb4-6KeLceuqIoh9V80sY3\" class=\"ow-icon-placement-bottom ow-button-hover\" target=\"_blank\" rel=\"noopener noreferrer\" \t\t>\n\t\t<span>\n\t\t\t<span class=\"sow-icon-fontawesome sow-far\" data-sow-icon=\"&#xf15c;\"\n\t\tstyle=\"color: #ffffff\" \n\t\taria-hidden=\"true\"><\/span>\n\t\t\tVER TODO\t\t<\/span>\n\t<\/a>\n<\/div>\n<\/div><\/div><\/div><\/div><\/div>","protected":false},"excerpt":{"rendered":"<p>Acceda a la distribuci\u00f3n actualizada de aulas del 4to piso y reserva de proyectores. Consulte el estado de sus expedientes en SUDOCU.<\/p>\n","protected":false},"author":123495,"featured_media":0,"parent":0,"menu_order":0,"comment_status":"closed","ping_status":"closed","template":"","meta":[],"_links":{"self":[{"href":"https:\/\/www.facet.unt.edu.ar\/dpto-fisica\/wp-json\/wp\/v2\/pages\/161"}],"collection":[{"href":"https:\/\/www.facet.unt.edu.ar\/dpto-fisica\/wp-json\/wp\/v2\/pages"}],"about":[{"href":"https:\/\/www.facet.unt.edu.ar\/dpto-fisica\/wp-json\/wp\/v2\/types\/page"}],"author":[{"embeddable":true,"href":"https:\/\/www.facet.unt.edu.ar\/dpto-fisica\/wp-json\/wp\/v2\/users\/123495"}],"replies":[{"embeddable":true,"href":"https:\/\/www.facet.unt.edu.ar\/dpto-fisica\/wp-json\/wp\/v2\/comments?post=161"}],"version-history":[{"count":52,"href":"https:\/\/www.facet.unt.edu.ar\/dpto-fisica\/wp-json\/wp\/v2\/pages\/161\/revisions"}],"predecessor-version":[{"id":335,"href":"https:\/\/www.facet.unt.edu.ar\/dpto-fisica\/wp-json\/wp\/v2\/pages\/161\/revisions\/335"}],"wp:attachment":[{"href":"https:\/\/www.facet.unt.edu.ar\/dpto-fisica\/wp-json\/wp\/v2\/media?parent=161"}],"curies":[{"name":"wp","href":"https:\/\/api.w.org\/{rel}","templated":true}]}}