{"id":50,"date":"2013-12-16T11:48:36","date_gmt":"2013-12-16T14:48:36","guid":{"rendered":"https:\/\/www.facet.unt.edu.ardepartamentogeodesia-topografia\/?page_id=50"},"modified":"2025-11-14T10:59:56","modified_gmt":"2025-11-14T13:59:56","slug":"docencia","status":"publish","type":"page","link":"https:\/\/www.facet.unt.edu.ar\/dpto-geodesia-topografia\/docencia\/","title":{"rendered":"DOCENCIA"},"content":{"rendered":"<div class=\"panel-grid panel-no-style\">\n<h4 data-index=\"0\">\u00c1rea Fotogrametr\u00eda y Cartograf\u00eda<\/h4>\n<div data-index=\"0\">Ing. Mg. Javier Ariel Carelli<\/div>\n<div data-index=\"0\">Ing. Sandra M\u00f3nica Corral<\/div>\n<div data-index=\"0\">Ing. Julio C\u00e9sar Robles<\/div>\n<div data-index=\"0\">Ing. Gabriel Santiago Paez<\/div>\n<div data-index=\"0\">Ing. Carlos Ernesto Valdez<\/div>\n<div data-index=\"0\">Ing. Roxana del Valle Villacorta<\/div>\n<\/div>\n<h4 data-index=\"0\">\u00c1rea Geodesia<\/h4>\n<div data-index=\"0\">Dr. Jorge Marcelo Durand<\/div>\n<div class=\"panel-grid panel-no-style\">\n<div data-index=\"0\">Ing. Ra\u00fal Sebasti\u00e1n Guti\u00e9rrez<\/div>\n<div data-index=\"0\">Ing. Mar\u00eda Fernanda Graneros<\/div>\n<div data-index=\"0\">Dr. Jos\u00e9 Luis Vacaflor<\/div>\n<h4 data-index=\"0\">\u00c1rea Geof\u00edsica<\/h4>\n<div data-index=\"0\">Ing. Mg. Jos\u00e9 Rodolfo Golbach<\/div>\n<div data-index=\"0\">Ing. Federico Augusto Navarro<\/div>\n<div data-index=\"0\">Ing. Sergio Alfredo Sosa<\/div>\n<h4 data-index=\"0\">\u00c1rea Legal<\/h4>\n<div data-index=\"0\">Agrim. Eduardo Ren\u00e9 C\u00e1rdenas<\/div>\n<div data-index=\"0\">Dr. Juan Jos\u00e9 Martorell<\/div>\n<div data-index=\"0\">Dr. Rodrigo Cabrera Ar\u00e1oz<\/div>\n<div data-index=\"0\">Ing. Benjam\u00edn L\u00f3pez Kuchudis<\/div>\n<div data-index=\"0\">Ing. Mar\u00eda Emilia I\u00f1igo Martinez<\/div>\n<h4 data-index=\"0\">\u00c1rea Ordenamiento Territorial<\/h4>\n<div data-index=\"0\">Ing. Roberto Daniel Corbella<\/div>\n<div data-index=\"0\">Dra. Paula Luciana Boldrini Peralta<\/div>\n<div data-index=\"0\">Ing. Santiago Adolfo Baez<\/div>\n<div data-index=\"0\">Ing. Leandro Giobellina<\/div>\n<div data-index=\"0\">Ing. Patricio Ballesteros<\/div>\n<h4 data-index=\"0\">\u00c1rea Topograf\u00eda<\/h4>\n<div data-index=\"0\">Ing. Guillermo Federico Odstrcil<\/div>\n<div data-index=\"0\">Ing. Sebasti\u00e1n Canevaro<\/div>\n<div data-index=\"0\">Ing. Otto Hern\u00e1n Echaz\u00fa Aciar<\/div>\n<div data-index=\"0\"><\/div>\n<div data-index=\"0\"><\/div>\n<div data-index=\"0\"><\/div>\n<div data-index=\"0\"><\/div>\n<div data-index=\"0\"><\/div>\n<div data-index=\"0\"><\/div>\n<div data-index=\"0\"><\/div>\n<div data-index=\"0\"><\/div>\n<div data-index=\"0\"><\/div>\n<div data-index=\"0\"><\/div>\n<div data-index=\"0\"><\/div>\n<div data-index=\"0\"><\/div>\n<div data-index=\"0\"><\/div>\n<div data-index=\"0\"><\/div>\n<div data-index=\"0\"><\/div>\n<div data-index=\"0\"><\/div>\n<div data-index=\"0\"><\/div>\n<div data-index=\"0\"><\/div>\n<div data-index=\"0\"><\/div>\n<div data-index=\"0\"><\/div>\n<\/div>\n<div class=\"panel-grid panel-no-style\">\n<p>&nbsp;<\/p>\n<div data-index=\"0\"><\/div>\n<div data-index=\"0\"><\/div>\n<\/div>\n","protected":false},"excerpt":{"rendered":"<p>\u00c1rea Fotogrametr\u00eda y Cartograf\u00eda Ing. Mg. Javier Ariel Carelli Ing. Sandra M\u00f3nica Corral Ing. Julio C\u00e9sar Robles Ing. Gabriel Santiago Paez Ing. Carlos Ernesto Valdez Ing. Roxana del Valle Villacorta \u00c1rea Geodesia Dr. Jorge Marcelo Durand Ing. Ra\u00fal Sebasti\u00e1n Guti\u00e9rrez Ing. Mar\u00eda Fernanda Graneros Dr. Jos\u00e9 Luis Vacaflor \u00c1rea Geof\u00edsica Ing. Mg. Jos\u00e9 Rodolfo Golbach [&hellip;]<\/p>\n","protected":false},"author":1,"featured_media":0,"parent":0,"menu_order":0,"comment_status":"closed","ping_status":"closed","template":"","meta":[],"_links":{"self":[{"href":"https:\/\/www.facet.unt.edu.ar\/dpto-geodesia-topografia\/wp-json\/wp\/v2\/pages\/50"}],"collection":[{"href":"https:\/\/www.facet.unt.edu.ar\/dpto-geodesia-topografia\/wp-json\/wp\/v2\/pages"}],"about":[{"href":"https:\/\/www.facet.unt.edu.ar\/dpto-geodesia-topografia\/wp-json\/wp\/v2\/types\/page"}],"author":[{"embeddable":true,"href":"https:\/\/www.facet.unt.edu.ar\/dpto-geodesia-topografia\/wp-json\/wp\/v2\/users\/1"}],"replies":[{"embeddable":true,"href":"https:\/\/www.facet.unt.edu.ar\/dpto-geodesia-topografia\/wp-json\/wp\/v2\/comments?post=50"}],"version-history":[{"count":24,"href":"https:\/\/www.facet.unt.edu.ar\/dpto-geodesia-topografia\/wp-json\/wp\/v2\/pages\/50\/revisions"}],"predecessor-version":[{"id":540,"href":"https:\/\/www.facet.unt.edu.ar\/dpto-geodesia-topografia\/wp-json\/wp\/v2\/pages\/50\/revisions\/540"}],"wp:attachment":[{"href":"https:\/\/www.facet.unt.edu.ar\/dpto-geodesia-topografia\/wp-json\/wp\/v2\/media?parent=50"}],"curies":[{"name":"wp","href":"https:\/\/api.w.org\/{rel}","templated":true}]}}