{"id":162,"date":"2023-02-15T16:24:27","date_gmt":"2023-02-15T19:24:27","guid":{"rendered":"https:\/\/www.facet.unt.edu.ar\/egi\/?page_id=162"},"modified":"2023-02-15T16:29:43","modified_gmt":"2023-02-15T19:29:43","slug":"contacto","status":"publish","type":"page","link":"https:\/\/www.facet.unt.edu.ar\/egi\/contacto\/","title":{"rendered":"Contacto"},"content":{"rendered":"<h3 class=\"widget-title\">Informaci\u00f3n de Contacto<\/h3>\n<div class=\"textwidget\">\n<p>Por <strong>Informes<\/strong>\u00a0sobre la carrera, por favor, contactarse a:<\/p>\n<\/div>\n<p><a href=\"https:\/\/www.facet.unt.edu.ar\/areainfraestructura\/wp-content\/uploads\/sites\/21\/2014\/09\/mail.png\"><img decoding=\"async\" loading=\"lazy\" class=\"alignnone wp-image-175\" src=\"https:\/\/www.facet.unt.edu.ar\/areainfraestructura\/wp-content\/uploads\/sites\/21\/2014\/09\/mail-280x300.png\" sizes=\"(max-width: 40px) 100vw, 40px\" srcset=\"https:\/\/www.facet.unt.edu.ar\/areainfraestructura\/wp-content\/uploads\/sites\/21\/2014\/09\/mail-280x300.png 280w, https:\/\/www.facet.unt.edu.ar\/areainfraestructura\/wp-content\/uploads\/sites\/21\/2014\/09\/mail-768x823.png 768w, https:\/\/www.facet.unt.edu.ar\/areainfraestructura\/wp-content\/uploads\/sites\/21\/2014\/09\/mail.png 889w\" alt=\"mail\" width=\"40\" height=\"43\" \/><\/a>\u00a0\u00a0<a href=\"mailto:cytfacet@herrera.unt.edu.ar\" target=\"_blank\" rel=\"noopener noreferrer\">jcsantanas@herrera.unt.edu.ar<\/a> \/\u00a0 <a href=\"mailto:lepastorino@herrera.unt.edu.ar\" target=\"_blank\" rel=\"noopener\">lepastorino@herrera.unt.edu.ar<\/a><\/p>\n<p><strong><a href=\"https:\/\/www.facet.unt.edu.ar\/egi\/wp-content\/uploads\/sites\/86\/2023\/02\/logo-de-telefono.jpg\"><img decoding=\"async\" loading=\"lazy\" class=\"wp-image-164 alignleft\" src=\"https:\/\/www.facet.unt.edu.ar\/egi\/wp-content\/uploads\/sites\/86\/2023\/02\/logo-de-telefono.jpg\" alt=\"\" width=\"32\" height=\"34\" \/><\/a><\/strong><strong>3816319434<\/strong><\/p>\n<p>&nbsp;<\/p>\n<p style=\"text-align: justify;\"><strong>Direcci\u00f3n<\/strong>: Facultad de Cs. Exactas y Tecnolog\u00eda &#8211; UNT . Av. Independencia 1800 &#8211; C.P. 4000 &#8211; Tucum\u00e1n (Rep. Argentina)<\/p>\n","protected":false},"excerpt":{"rendered":"<p>Informaci\u00f3n de Contacto Por Informes\u00a0sobre la carrera, por favor, contactarse a: \u00a0\u00a0jcsantanas@herrera.unt.edu.ar \/\u00a0 lepastorino@herrera.unt.edu.ar 3816319434 &nbsp; Direcci\u00f3n: Facultad de Cs. Exactas y Tecnolog\u00eda &#8211; UNT . Av. Independencia 1800 &#8211; C.P. 4000 &#8211; Tucum\u00e1n (Rep. Argentina)<\/p>\n","protected":false},"author":6,"featured_media":0,"parent":0,"menu_order":0,"comment_status":"closed","ping_status":"closed","template":"","meta":[],"_links":{"self":[{"href":"https:\/\/www.facet.unt.edu.ar\/egi\/wp-json\/wp\/v2\/pages\/162"}],"collection":[{"href":"https:\/\/www.facet.unt.edu.ar\/egi\/wp-json\/wp\/v2\/pages"}],"about":[{"href":"https:\/\/www.facet.unt.edu.ar\/egi\/wp-json\/wp\/v2\/types\/page"}],"author":[{"embeddable":true,"href":"https:\/\/www.facet.unt.edu.ar\/egi\/wp-json\/wp\/v2\/users\/6"}],"replies":[{"embeddable":true,"href":"https:\/\/www.facet.unt.edu.ar\/egi\/wp-json\/wp\/v2\/comments?post=162"}],"version-history":[{"count":4,"href":"https:\/\/www.facet.unt.edu.ar\/egi\/wp-json\/wp\/v2\/pages\/162\/revisions"}],"predecessor-version":[{"id":168,"href":"https:\/\/www.facet.unt.edu.ar\/egi\/wp-json\/wp\/v2\/pages\/162\/revisions\/168"}],"wp:attachment":[{"href":"https:\/\/www.facet.unt.edu.ar\/egi\/wp-json\/wp\/v2\/media?parent=162"}],"curies":[{"name":"wp","href":"https:\/\/api.w.org\/{rel}","templated":true}]}}