{"id":157,"date":"2015-12-15T10:39:45","date_gmt":"2015-12-15T13:39:45","guid":{"rendered":"https:\/\/www.facet.unt.edu.ar\/eiti\/?page_id=157"},"modified":"2023-02-06T10:30:17","modified_gmt":"2023-02-06T13:30:17","slug":"bases-de-datos-avanzadas-i","status":"publish","type":"page","link":"https:\/\/www.facet.unt.edu.ar\/eiti\/bases-de-datos-avanzadas-i\/","title":{"rendered":"Bases de Datos Avanzadas I"},"content":{"rendered":"<p><strong>Docente a Cargo:<\/strong> Mag. Ing. <a href=\"https:\/\/www.facet.unt.edu.ar\/eiti\/luis-eduardo-nieto-penalver\/\" target=\"_blank\" rel=\"noopener\">Luis Nieto Pe\u00f1alver<\/a>.<\/p>\n<p><strong>Asignaci\u00f3n Horaria Semanal:<\/strong> 5 hs.<\/p>\n<p><strong>Duraci\u00f3n Total:<\/strong> 40 hs.<\/p>\n<p><strong>Evaluaci\u00f3n:<\/strong> proyecto final.<\/p>\n<p><strong>Formaci\u00f3n Pr\u00e1ctica:<\/strong> para la formaci\u00f3n pr\u00e1ctica se dispondr\u00e1 de computadoras del <a href=\"https:\/\/www.facet.unt.edu.ar\/eiti\/laboratorio-de-software\/\" target=\"_blank\" rel=\"noopener\">Laboratorio de Software<\/a> del Departamento de Ingenier\u00eda El\u00e9ctrica, Electr\u00f3nica y Computaci\u00f3n.<\/p>\n<p><strong>Contenido M\u00ednimo:<\/strong><\/p>\n<ul>\n<li>Instalaci\u00f3n y configuraci\u00f3n.<\/li>\n<li>Administraci\u00f3n de bases de datos. Copia de seguridad y restauraci\u00f3n de bases de datos.<\/li>\n<li>Replicaci\u00f3n de bases de datos. Transferencia de datos.<\/li>\n<li>Manejo de seguridad. Monitoreo.<\/li>\n<li>Automatizaci\u00f3n de tareas.<\/li>\n<li>Optimizaci\u00f3n a trav\u00e9s del an\u00e1lisis de \u00edndices.<\/li>\n<\/ul>\n","protected":false},"excerpt":{"rendered":"<p>Docente a Cargo: Mag. Ing. Luis Nieto Pe\u00f1alver. Asignaci\u00f3n Horaria Semanal: 5 hs. Duraci\u00f3n Total: 40 hs. Evaluaci\u00f3n: proyecto final. Formaci\u00f3n Pr\u00e1ctica: para la formaci\u00f3n pr\u00e1ctica se dispondr\u00e1 de computadoras del Laboratorio de Software del Departamento de Ingenier\u00eda El\u00e9ctrica, Electr\u00f3nica y Computaci\u00f3n. Contenido M\u00ednimo: Instalaci\u00f3n y configuraci\u00f3n. Administraci\u00f3n de bases de datos. Copia de seguridad [&hellip;]<\/p>\n","protected":false},"author":101015,"featured_media":0,"parent":0,"menu_order":0,"comment_status":"closed","ping_status":"closed","template":"templates\/template-full.php","meta":[],"_links":{"self":[{"href":"https:\/\/www.facet.unt.edu.ar\/eiti\/wp-json\/wp\/v2\/pages\/157"}],"collection":[{"href":"https:\/\/www.facet.unt.edu.ar\/eiti\/wp-json\/wp\/v2\/pages"}],"about":[{"href":"https:\/\/www.facet.unt.edu.ar\/eiti\/wp-json\/wp\/v2\/types\/page"}],"author":[{"embeddable":true,"href":"https:\/\/www.facet.unt.edu.ar\/eiti\/wp-json\/wp\/v2\/users\/101015"}],"replies":[{"embeddable":true,"href":"https:\/\/www.facet.unt.edu.ar\/eiti\/wp-json\/wp\/v2\/comments?post=157"}],"version-history":[{"count":4,"href":"https:\/\/www.facet.unt.edu.ar\/eiti\/wp-json\/wp\/v2\/pages\/157\/revisions"}],"predecessor-version":[{"id":1767,"href":"https:\/\/www.facet.unt.edu.ar\/eiti\/wp-json\/wp\/v2\/pages\/157\/revisions\/1767"}],"wp:attachment":[{"href":"https:\/\/www.facet.unt.edu.ar\/eiti\/wp-json\/wp\/v2\/media?parent=157"}],"curies":[{"name":"wp","href":"https:\/\/api.w.org\/{rel}","templated":true}]}}