{"id":160,"date":"2015-12-15T10:42:48","date_gmt":"2015-12-15T13:42:48","guid":{"rendered":"https:\/\/www.facet.unt.edu.ar\/eiti\/?page_id=160"},"modified":"2015-12-15T10:42:48","modified_gmt":"2015-12-15T13:42:48","slug":"luis-eduardo-nieto-penalver","status":"publish","type":"page","link":"https:\/\/www.facet.unt.edu.ar\/eiti\/luis-eduardo-nieto-penalver\/","title":{"rendered":"Luis Eduardo Nieto Pe\u00f1alver"},"content":{"rendered":"<ul>\n<li><strong>Apellido y Nombres:<\/strong> Nieto Pe\u00f1alver, Luis Eduardo<\/li>\n<li><strong>Titulaci\u00f3n<\/strong> (grado\/posgrado, indicar Universidad otorgante):\n<ul>\n<li>Ingeniero en Computaci\u00f3n, Universidad Nacional de Tucum\u00e1n.<\/li>\n<li>Magister en Ingenier\u00eda de Software de la Facultad de Inform\u00e1tica de la Universidad Nacional de La Plata.<\/li>\n<\/ul>\n<\/li>\n<li><strong>Temas de Investigaci\u00f3n y\/o Transferencia Tecnol\u00f3gica:<\/strong>\n<ul>\n<li>Integrante del Proyecto CIUNT \u201cL\u00f3gica Matem\u00e1tica e Inform\u00e1tica en las Ciencias Sociales. Necesidades, L\u00edmites y Alcances en las Investigaciones\u201d, aprobado por Resoluci\u00f3n 1206\/08 del HCS (c\u00f3digo 26\/F413), con vigencia desde el 01\/07\/2008 hasta el 30\/04\/2013.<\/li>\n<li>Dictado del seminario \u201cPatrones de Dise\u00f1o de Software\u201d. A\u00f1o 2008.<\/li>\n<li>Dictado del curso \u201cPreparaci\u00f3n para certificaci\u00f3n Java\u201d. A\u00f1o 2009<\/li>\n<li>Principales resultados en los tres \u00faltimos a\u00f1os:\n<ul>\n<li>Presentaci\u00f3n de p\u00f3ster en Jornadas de Ciencia y T\u00e9cnica realizadas en el a\u00f1o 2011 por la Secretar\u00eda de Ciencia y T\u00e9cnica de la Universidad Nacional de Tucum\u00e1n.<\/li>\n<li>Categor\u00eda de Investigador: V (CIUNT).<\/li>\n<\/ul>\n<\/li>\n<\/ul>\n<\/li>\n<li><strong>Cargo Docente Actual<\/strong> (categor\u00eda\/dedicaci\u00f3n): Profesor Adjunto con dedicaci\u00f3n exclusiva.<\/li>\n<li><strong>Departamento\/Facultad\/Universidad:<\/strong>\n<ul>\n<li>Departamento de Electricidad, Electr\u00f3nica y Computaci\u00f3n, Facultad de Ciencias Exactas y Tecnolog\u00eda, Universidad Nacional de Tucum\u00e1n.<\/li>\n<\/ul>\n<\/li>\n<li><strong>Asignaturas<\/strong> (grado\/posgrado):\n<ul>\n<li>Programaci\u00f3n I (grado).<\/li>\n<li>Programaci\u00f3n II (grado).<\/li>\n<li>Laboratorio de Bases de Datos (grado).<\/li>\n<\/ul>\n<\/li>\n<li><strong>Publicaciones<\/strong> (M\u00e1s relevantes en los \u00faltimos 3 a\u00f1os):\n<ul>\n<li>Rodr\u00edguez, Mar\u00eda Rosa \u2013 Zeballos, Jes\u00fas A \u2013 Sota, Aldo M. \u2013 Franco, Sandra N. \u2013 Nieto, Eduardo M. \u2013 Nieto, Luis \u2013 Sota, Gustavo A. \u201cL\u00f3gica, Matem\u00e1tica e Inform\u00e1tica en las Ciencias Sociales. Necesidades, L\u00edmites y Alcances en las Investigaciones\u201d, Primera Jornada de Ciencia y T\u00e9cnica de la UNT. \u2013 Diciembre de 2011.<\/li>\n<\/ul>\n<\/li>\n<li><strong>Contacto<\/strong> (tel.\/E-mail): <a href=\"mailto:lnieto@herrera.unt.edu.ar\" target=\"_blank\">lnieto@herrera.unt.edu.ar<\/a><\/li>\n<\/ul>\n","protected":false},"excerpt":{"rendered":"<p>Apellido y Nombres: Nieto Pe\u00f1alver, Luis Eduardo Titulaci\u00f3n (grado\/posgrado, indicar Universidad otorgante): Ingeniero en Computaci\u00f3n, Universidad Nacional de Tucum\u00e1n. Magister en Ingenier\u00eda de Software de la Facultad de Inform\u00e1tica de la Universidad Nacional de La Plata. Temas de Investigaci\u00f3n y\/o Transferencia Tecnol\u00f3gica: Integrante del Proyecto CIUNT \u201cL\u00f3gica Matem\u00e1tica e Inform\u00e1tica en las Ciencias Sociales. Necesidades, [&hellip;]<\/p>\n","protected":false},"author":101015,"featured_media":0,"parent":0,"menu_order":0,"comment_status":"closed","ping_status":"closed","template":"templates\/template-full.php","meta":[],"_links":{"self":[{"href":"https:\/\/www.facet.unt.edu.ar\/eiti\/wp-json\/wp\/v2\/pages\/160"}],"collection":[{"href":"https:\/\/www.facet.unt.edu.ar\/eiti\/wp-json\/wp\/v2\/pages"}],"about":[{"href":"https:\/\/www.facet.unt.edu.ar\/eiti\/wp-json\/wp\/v2\/types\/page"}],"author":[{"embeddable":true,"href":"https:\/\/www.facet.unt.edu.ar\/eiti\/wp-json\/wp\/v2\/users\/101015"}],"replies":[{"embeddable":true,"href":"https:\/\/www.facet.unt.edu.ar\/eiti\/wp-json\/wp\/v2\/comments?post=160"}],"version-history":[{"count":1,"href":"https:\/\/www.facet.unt.edu.ar\/eiti\/wp-json\/wp\/v2\/pages\/160\/revisions"}],"predecessor-version":[{"id":161,"href":"https:\/\/www.facet.unt.edu.ar\/eiti\/wp-json\/wp\/v2\/pages\/160\/revisions\/161"}],"wp:attachment":[{"href":"https:\/\/www.facet.unt.edu.ar\/eiti\/wp-json\/wp\/v2\/media?parent=160"}],"curies":[{"name":"wp","href":"https:\/\/api.w.org\/{rel}","templated":true}]}}