{"id":1753,"date":"2023-02-06T10:17:03","date_gmt":"2023-02-06T13:17:03","guid":{"rendered":"https:\/\/www.facet.unt.edu.ar\/eiti\/?page_id=1753"},"modified":"2023-02-06T10:24:58","modified_gmt":"2023-02-06T13:24:58","slug":"desarrollo-de-sistemas-embebidos","status":"publish","type":"page","link":"https:\/\/www.facet.unt.edu.ar\/eiti\/desarrollo-de-sistemas-embebidos\/","title":{"rendered":"Desarrollo de Sistemas Embebidos"},"content":{"rendered":"<p><strong>Docente a Cargo:<\/strong> M.Sc. Ing. <a href=\"https:\/\/www.facet.unt.edu.ar\/eiti\/eduardo-daniel-cohen\/\" target=\"_blank\" rel=\"noopener\">Eduardo D. Cohen<\/a>.<\/p>\n<p><strong>Carga Horaria Semanal:<\/strong> 5 hs.<\/p>\n<p><strong>Duraci\u00f3n Total:<\/strong> 40 hs.<\/p>\n<p><strong>Evaluaci\u00f3n:<\/strong> proyecto de dise\u00f1o con integraci\u00f3n de Software, Hardware y Comunicaciones.<\/p>\n<p><strong>Formaci\u00f3n Pr\u00e1ctica:<\/strong> la formaci\u00f3n pr\u00e1ctica se impartir\u00e1 en el <a href=\"https:\/\/www.facet.unt.edu.ar\/eiti\/laboratorio-de-microprocesadores\/\" target=\"_blank\" rel=\"noopener\">Laboratorio de Microprocesadores<\/a> del Departamento de Electricidad, Electr\u00f3nica y Computaci\u00f3n.<\/p>\n<p><strong>Contenido M\u00ednimo:<\/strong><\/p>\n<ul>\n<li>Estructura general de un sistema embebido y su realizaci\u00f3n.<\/li>\n<li>Herramientas y procesos para la construcci\u00f3n del hardware.<\/li>\n<li>Herramientas y procesos para la construcci\u00f3n del software.<\/li>\n<li>Dise\u00f1o de un sistema de entrada\/salida. Abstracci\u00f3n del hardware utilizando controladores de dispositivos. Manejo de m\u00faltiples dispositivos mediante multiplicado en el tiempo y mediante la utilizaci\u00f3n de<br \/>\nbuses.<\/li>\n<li>Implementaci\u00f3n por software de m\u00e1quinas de estados finitos.<\/li>\n<\/ul>\n","protected":false},"excerpt":{"rendered":"<p>Docente a Cargo: M.Sc. Ing. Eduardo D. Cohen. Carga Horaria Semanal: 5 hs. Duraci\u00f3n Total: 40 hs. Evaluaci\u00f3n: proyecto de dise\u00f1o con integraci\u00f3n de Software, Hardware y Comunicaciones. Formaci\u00f3n Pr\u00e1ctica: la formaci\u00f3n pr\u00e1ctica se impartir\u00e1 en el Laboratorio de Microprocesadores del Departamento de Electricidad, Electr\u00f3nica y Computaci\u00f3n. Contenido M\u00ednimo: Estructura general de un sistema embebido [&hellip;]<\/p>\n","protected":false},"author":101015,"featured_media":0,"parent":0,"menu_order":0,"comment_status":"closed","ping_status":"closed","template":"","meta":[],"_links":{"self":[{"href":"https:\/\/www.facet.unt.edu.ar\/eiti\/wp-json\/wp\/v2\/pages\/1753"}],"collection":[{"href":"https:\/\/www.facet.unt.edu.ar\/eiti\/wp-json\/wp\/v2\/pages"}],"about":[{"href":"https:\/\/www.facet.unt.edu.ar\/eiti\/wp-json\/wp\/v2\/types\/page"}],"author":[{"embeddable":true,"href":"https:\/\/www.facet.unt.edu.ar\/eiti\/wp-json\/wp\/v2\/users\/101015"}],"replies":[{"embeddable":true,"href":"https:\/\/www.facet.unt.edu.ar\/eiti\/wp-json\/wp\/v2\/comments?post=1753"}],"version-history":[{"count":2,"href":"https:\/\/www.facet.unt.edu.ar\/eiti\/wp-json\/wp\/v2\/pages\/1753\/revisions"}],"predecessor-version":[{"id":1760,"href":"https:\/\/www.facet.unt.edu.ar\/eiti\/wp-json\/wp\/v2\/pages\/1753\/revisions\/1760"}],"wp:attachment":[{"href":"https:\/\/www.facet.unt.edu.ar\/eiti\/wp-json\/wp\/v2\/media?parent=1753"}],"curies":[{"name":"wp","href":"https:\/\/api.w.org\/{rel}","templated":true}]}}