{"id":1755,"date":"2023-02-06T10:18:46","date_gmt":"2023-02-06T13:18:46","guid":{"rendered":"https:\/\/www.facet.unt.edu.ar\/eiti\/?page_id=1755"},"modified":"2023-02-06T10:25:54","modified_gmt":"2023-02-06T13:25:54","slug":"sistemas-embebidos-en-tiempo-real","status":"publish","type":"page","link":"https:\/\/www.facet.unt.edu.ar\/eiti\/sistemas-embebidos-en-tiempo-real\/","title":{"rendered":"Sistemas Embebidos de Tiempo Real"},"content":{"rendered":"<p><strong>Docente a Cargo:<\/strong> M.Sc. Ing. <a href=\"https:\/\/www.facet.unt.edu.ar\/eiti\/eduardo-daniel-cohen\/\" target=\"_blank\" rel=\"noopener\">Eduardo D. Cohen<\/a>.<\/p>\n<p><strong>Carga Horaria Semanal:<\/strong> 5 hs.<\/p>\n<p><strong>Duraci\u00f3n Total:<\/strong> 40 hs.<\/p>\n<p><strong>Evaluaci\u00f3n:<\/strong> proyecto de dise\u00f1o con integraci\u00f3n de Software, Hardware y Comunicaciones.<\/p>\n<p><strong>Formaci\u00f3n Pr\u00e1ctica:<\/strong> la formaci\u00f3n pr\u00e1ctica se impartir\u00e1 en el <a href=\"https:\/\/www.facet.unt.edu.ar\/eiti\/laboratorio-de-microprocesadores\/\" target=\"_blank\" rel=\"noopener\">Laboratorio de Microprocesadores<\/a> del Departamento de Electricidad, Electr\u00f3nica y Computaci\u00f3n.<\/p>\n<p><strong>Contenido M\u00ednimo:<\/strong><\/p>\n<ul>\n<li>Caracter\u00edsticas de los sistemas reactivos y de tiempo real. Caracter\u00edsticas de los sistemas operativos<br \/>\nde tiempo real.<\/li>\n<li>Estructura de los sistemas embebidos complejos. Principios de dise\u00f1o para aplicaciones multitarea en<br \/>\ntiempo real.<\/li>\n<li>Definici\u00f3n de tarea. Estados de las tareas. Planificador y Despachador. Cambio de contexto. Servicios<br \/>\npara espera de tiempo.<\/li>\n<li>Sincronizaci\u00f3n de procesos. Secci\u00f3n critica. Protecci\u00f3n mediante Mutex. Interbloqueo y inversi\u00f3n de<br \/>\nprioridad.<\/li>\n<li>Comunicaci\u00f3n entre procesos. Utilizaci\u00f3n de sem\u00e1foros y colas.<\/li>\n<\/ul>\n","protected":false},"excerpt":{"rendered":"<p>Docente a Cargo: M.Sc. Ing. Eduardo D. Cohen. Carga Horaria Semanal: 5 hs. Duraci\u00f3n Total: 40 hs. Evaluaci\u00f3n: proyecto de dise\u00f1o con integraci\u00f3n de Software, Hardware y Comunicaciones. Formaci\u00f3n Pr\u00e1ctica: la formaci\u00f3n pr\u00e1ctica se impartir\u00e1 en el Laboratorio de Microprocesadores del Departamento de Electricidad, Electr\u00f3nica y Computaci\u00f3n. Contenido M\u00ednimo: Caracter\u00edsticas de los sistemas reactivos y [&hellip;]<\/p>\n","protected":false},"author":101015,"featured_media":0,"parent":0,"menu_order":0,"comment_status":"closed","ping_status":"closed","template":"","meta":[],"_links":{"self":[{"href":"https:\/\/www.facet.unt.edu.ar\/eiti\/wp-json\/wp\/v2\/pages\/1755"}],"collection":[{"href":"https:\/\/www.facet.unt.edu.ar\/eiti\/wp-json\/wp\/v2\/pages"}],"about":[{"href":"https:\/\/www.facet.unt.edu.ar\/eiti\/wp-json\/wp\/v2\/types\/page"}],"author":[{"embeddable":true,"href":"https:\/\/www.facet.unt.edu.ar\/eiti\/wp-json\/wp\/v2\/users\/101015"}],"replies":[{"embeddable":true,"href":"https:\/\/www.facet.unt.edu.ar\/eiti\/wp-json\/wp\/v2\/comments?post=1755"}],"version-history":[{"count":2,"href":"https:\/\/www.facet.unt.edu.ar\/eiti\/wp-json\/wp\/v2\/pages\/1755\/revisions"}],"predecessor-version":[{"id":1762,"href":"https:\/\/www.facet.unt.edu.ar\/eiti\/wp-json\/wp\/v2\/pages\/1755\/revisions\/1762"}],"wp:attachment":[{"href":"https:\/\/www.facet.unt.edu.ar\/eiti\/wp-json\/wp\/v2\/media?parent=1755"}],"curies":[{"name":"wp","href":"https:\/\/api.w.org\/{rel}","templated":true}]}}

<p><strong>Docente a Cargo:</strong> M.Sc. Ing. <a href="https://www.facet.unt.edu.ar/eiti/eduardo-daniel-cohen/" target="_blank" rel="noopener">Eduardo D. Cohen</a>.</p>
<p><strong>Carga Horaria Semanal:</strong> 5 hs.</p>
<p><strong>Duración Total:</strong> 40 hs.</p>
<p><strong>Evaluación:</strong> proyecto de diseño con integración de Software, Hardware y Comunicaciones.</p>
<p><strong>Formación Práctica:</strong> la formación práctica se impartirá en el <a href="https://www.facet.unt.edu.ar/eiti/laboratorio-de-microprocesadores/" target="_blank" rel="noopener">Laboratorio de Microprocesadores</a> del Departamento de Electricidad, Electrónica y Computación.</p>
<p><strong>Contenido Mínimo:</strong></p>
<ul>
<li>Características de los sistemas reactivos y de tiempo real. Características de los sistemas operativos<br />
de tiempo real.</li>
<li>Estructura de los sistemas embebidos complejos. Principios de diseño para aplicaciones multitarea en<br />
tiempo real.</li>
<li>Definición de tarea. Estados de las tareas. Planificador y Despachador. Cambio de contexto. Servicios<br />
para espera de tiempo.</li>
<li>Sincronización de procesos. Sección critica. Protección mediante Mutex. Interbloqueo y inversión de<br />
prioridad.</li>
<li>Comunicación entre procesos. Utilización de semáforos y colas.</li>
</ul>

<p>Docente a Cargo: M.Sc. Ing. Eduardo D. Cohen. Carga Horaria Semanal: 5 hs. Duración Total: 40 hs. Evaluación: proyecto de diseño con integración de Software, Hardware y Comunicaciones. Formación Práctica: la formación práctica se impartirá en el Laboratorio de Microprocesadores del Departamento de Electricidad, Electrónica y Computación. Contenido Mínimo: Características de los sistemas reactivos y [&hellip;]</p>
