{"id":1792,"date":"2023-04-05T12:16:43","date_gmt":"2023-04-05T15:16:43","guid":{"rendered":"https:\/\/www.facet.unt.edu.ar\/eiti\/?page_id=1792"},"modified":"2023-04-05T18:24:33","modified_gmt":"2023-04-05T21:24:33","slug":"aulas-virtuales","status":"publish","type":"page","link":"https:\/\/www.facet.unt.edu.ar\/eiti\/aulas-virtuales\/","title":{"rendered":"Aulas virtuales"},"content":{"rendered":"<p><a href=\"https:\/\/facetvirtual.facet.unt.edu.ar\/course\/index.php?categoryid=20\">Acceso a todas las aulas virtuales<\/a>.<\/p>\n<p>Enlaces al aula virtual de cada asignatura:<\/p>\n<ul>\n<li><a href=\"https:\/\/facetvirtual.facet.unt.edu.ar\/course\/view.php?id=653\">Desarrollo de Sistemas Embebidos.<\/a><\/li>\n<li><a href=\"https:\/\/facetvirtual.facet.unt.edu.ar\/course\/view.php?id=654\">Sistemas Embebidos de Tiempo Real.<\/a><\/li>\n<li><a href=\"https:\/\/facetvirtual.facet.unt.edu.ar\/course\/view.php?id=655\">Redes de Computadoras Avanzadas I.<\/a><\/li>\n<li><a href=\"https:\/\/facetvirtual.facet.unt.edu.ar\/course\/view.php?id=656\">Redes de Computadoras Avanzadas II.<\/a><\/li>\n<li><a href=\"https:\/\/facetvirtual.facet.unt.edu.ar\/course\/view.php?id=657\">Bases de Datos Avanzadas I.<\/a><\/li>\n<li><a href=\"https:\/\/facetvirtual.facet.unt.edu.ar\/enrol\/index.php?id=658\">Bases de Datos Avanzadas II.<\/a><\/li>\n<li><a href=\"https:\/\/facetvirtual.facet.unt.edu.ar\/course\/view.php?id=659\">T\u00f3picos Avanzados de Ingenier\u00eda de Software.<\/a><\/li>\n<li><a href=\"https:\/\/facetvirtual.facet.unt.edu.ar\/course\/view.php?id=660\">Gesti\u00f3n de Empresas de Emprendimientos de Base Tecnol\u00f3gica.<\/a><\/li>\n<li><a href=\"https:\/\/facetvirtual.facet.unt.edu.ar\/course\/view.php?id=661\">Seminarios de Integraci\u00f3n de Tecnolog\u00edas Inform\u00e1ticas.<\/a><\/li>\n<\/ul>\n","protected":false},"excerpt":{"rendered":"<p>Acceso a todas las aulas virtuales. Enlaces al aula virtual de cada asignatura: Desarrollo de Sistemas Embebidos. Sistemas Embebidos de Tiempo Real. Redes de Computadoras Avanzadas I. Redes de Computadoras Avanzadas II. Bases de Datos Avanzadas I. Bases de Datos Avanzadas II. T\u00f3picos Avanzados de Ingenier\u00eda de Software. Gesti\u00f3n de Empresas de Emprendimientos de Base [&hellip;]<\/p>\n","protected":false},"author":101015,"featured_media":0,"parent":0,"menu_order":0,"comment_status":"closed","ping_status":"closed","template":"","meta":[],"_links":{"self":[{"href":"https:\/\/www.facet.unt.edu.ar\/eiti\/wp-json\/wp\/v2\/pages\/1792"}],"collection":[{"href":"https:\/\/www.facet.unt.edu.ar\/eiti\/wp-json\/wp\/v2\/pages"}],"about":[{"href":"https:\/\/www.facet.unt.edu.ar\/eiti\/wp-json\/wp\/v2\/types\/page"}],"author":[{"embeddable":true,"href":"https:\/\/www.facet.unt.edu.ar\/eiti\/wp-json\/wp\/v2\/users\/101015"}],"replies":[{"embeddable":true,"href":"https:\/\/www.facet.unt.edu.ar\/eiti\/wp-json\/wp\/v2\/comments?post=1792"}],"version-history":[{"count":7,"href":"https:\/\/www.facet.unt.edu.ar\/eiti\/wp-json\/wp\/v2\/pages\/1792\/revisions"}],"predecessor-version":[{"id":1800,"href":"https:\/\/www.facet.unt.edu.ar\/eiti\/wp-json\/wp\/v2\/pages\/1792\/revisions\/1800"}],"wp:attachment":[{"href":"https:\/\/www.facet.unt.edu.ar\/eiti\/wp-json\/wp\/v2\/media?parent=1792"}],"curies":[{"name":"wp","href":"https:\/\/api.w.org\/{rel}","templated":true}]}}