{"id":186,"date":"2015-12-15T11:27:43","date_gmt":"2015-12-15T14:27:43","guid":{"rendered":"https:\/\/www.facet.unt.edu.ar\/eiti\/?page_id=186"},"modified":"2015-12-17T08:48:53","modified_gmt":"2015-12-17T11:48:53","slug":"infraestructura","status":"publish","type":"page","link":"https:\/\/www.facet.unt.edu.ar\/eiti\/infraestructura\/","title":{"rendered":"Infraestructura"},"content":{"rendered":"<p>La especializaci\u00f3n se dictar\u00e1 en el \u00e1mbito del Departamento de Electricidad, Electr\u00f3nica y Computaci\u00f3n, cuya infraestructura y equipamiento pertenecen \u00edntegramente a la Facultad de Ciencias Exactas y Tecnolog\u00eda de la UNT. A continuaci\u00f3n se describe el equipamiento y la infraestructura del Departamento de Electricidad, Electr\u00f3nica y Computaci\u00f3n que ser\u00e1 utilizado para el desarrollo de la Especialidad en Ingenier\u00eda en Computaci\u00f3n.<\/p>\n<p>&nbsp;<\/p>\n<p><strong>Biblioteca.<\/strong><br \/>\nSe dispondr\u00e1 de la <a href=\"http:\/\/www1.herrera.unt.edu.ar\/biblcet\/\" target=\"_blank\">biblioteca <\/a>de la FACET, con un n\u00famero importante de textos actualizados y suscripciones electr\u00f3nicas. Adicionalmente, existen bibliotecas de c\u00e1tedra que sumar\u00e1n una oferta de textos especializados y actualizados.<\/p>\n<p>&nbsp;<\/p>\n<p><strong>Sala de estudio para alumnos.<\/strong><br \/>\nLa Biblioteca de la FACET dispone de lugar de estudio para alumnos, con correspondientes mesas, PCs para consulta, Aire Acondicionado.<\/p>\n<p>&nbsp;<\/p>\n<p><strong>Laboratorios y Equipamiento:<\/strong><\/p>\n<ul>\n<li><a href=\"https:\/\/www.facet.unt.edu.ar\/eiti\/laboratorio-de-microprocesadores\/\" target=\"_blank\">Laboratorio de Microprocesadores<\/a><\/li>\n<li><a href=\"https:\/\/www.facet.unt.edu.ar\/eiti\/laboratorio-de-redes-de-computadoras\/\" target=\"_blank\">Laboratorio de Redes de Computadoras<\/a><\/li>\n<li><a href=\"https:\/\/www.facet.unt.edu.ar\/eiti\/laboratorio-de-software\/\" target=\"_blank\">Laboratorio de Software<\/a><\/li>\n<\/ul>\n","protected":false},"excerpt":{"rendered":"<p>La especializaci\u00f3n se dictar\u00e1 en el \u00e1mbito del Departamento de Electricidad, Electr\u00f3nica y Computaci\u00f3n, cuya infraestructura y equipamiento pertenecen \u00edntegramente a la Facultad de Ciencias Exactas y Tecnolog\u00eda de la UNT. A continuaci\u00f3n se describe el equipamiento y la infraestructura del Departamento de Electricidad, Electr\u00f3nica y Computaci\u00f3n que ser\u00e1 utilizado para el desarrollo de la [&hellip;]<\/p>\n","protected":false},"author":101015,"featured_media":0,"parent":0,"menu_order":0,"comment_status":"closed","ping_status":"closed","template":"templates\/template-full.php","meta":[],"_links":{"self":[{"href":"https:\/\/www.facet.unt.edu.ar\/eiti\/wp-json\/wp\/v2\/pages\/186"}],"collection":[{"href":"https:\/\/www.facet.unt.edu.ar\/eiti\/wp-json\/wp\/v2\/pages"}],"about":[{"href":"https:\/\/www.facet.unt.edu.ar\/eiti\/wp-json\/wp\/v2\/types\/page"}],"author":[{"embeddable":true,"href":"https:\/\/www.facet.unt.edu.ar\/eiti\/wp-json\/wp\/v2\/users\/101015"}],"replies":[{"embeddable":true,"href":"https:\/\/www.facet.unt.edu.ar\/eiti\/wp-json\/wp\/v2\/comments?post=186"}],"version-history":[{"count":5,"href":"https:\/\/www.facet.unt.edu.ar\/eiti\/wp-json\/wp\/v2\/pages\/186\/revisions"}],"predecessor-version":[{"id":263,"href":"https:\/\/www.facet.unt.edu.ar\/eiti\/wp-json\/wp\/v2\/pages\/186\/revisions\/263"}],"wp:attachment":[{"href":"https:\/\/www.facet.unt.edu.ar\/eiti\/wp-json\/wp\/v2\/media?parent=186"}],"curies":[{"name":"wp","href":"https:\/\/api.w.org\/{rel}","templated":true}]}}