{"id":249,"date":"2015-12-17T08:28:12","date_gmt":"2015-12-17T11:28:12","guid":{"rendered":"https:\/\/www.facet.unt.edu.ar\/eiti\/?page_id=249"},"modified":"2015-12-17T08:28:12","modified_gmt":"2015-12-17T11:28:12","slug":"historia","status":"publish","type":"page","link":"https:\/\/www.facet.unt.edu.ar\/eiti\/historia\/","title":{"rendered":"Historia"},"content":{"rendered":"<p>El desarrollo de la Ingenier\u00eda en computaci\u00f3n en la Universidad Nacional de Tucum\u00e1n se inicia en 1991, como una nueva orientaci\u00f3n del T\u00edtulo Ingeniero Electricista que brindaba el Instituto de Ingenier\u00eda El\u00e9ctrica de la Facultad de Ciencias Exactas y Tecnolog\u00eda (FACET) de la Universidad Nacional de Tucum\u00e1n (UNT).<br \/>\nEn el a\u00f1o 1963 se reforma el plan de estudios de Ingenier\u00eda El\u00e9ctrica con dos orientaciones, potencia y electr\u00f3nica. Entonces trabajaban en el Instituto de Ingenier\u00eda El\u00e9ctrica profesores que arribaron a Tucum\u00e1n entre los a\u00f1os 1930 y 1950 provenientes de pa\u00edses europeos y otras zonas del pa\u00eds. A este grupo de destacados especialistas en Ingenier\u00eda El\u00e9ctrica de Potencia, se suma la contrataci\u00f3n de ingenieros en centros universitarios fuera de Tucum\u00e1n, en su mayor\u00eda electr\u00f3nicos. Esto posibilita la creaci\u00f3n de laboratorios de investigaci\u00f3n y desarrollo en Alta Tensi\u00f3n, Luminotecnia, Electr\u00f3nica y Bioingenier\u00eda.<br \/>\nA partir de la d\u00e9cada de 1980 en adelante se incorporan a la planta permanente del Instituto de Ingenier\u00eda El\u00e9ctrica, nuevos docentes que realizaron posgrado en importantes universidades del exterior en Ingenier\u00eda en Computaci\u00f3n, lo que va a sentar las bases para la creaci\u00f3n de la Orientaci\u00f3n Computaci\u00f3n.<br \/>\nSi bien la FACET, a trav\u00e9s del Instituto de Matem\u00e1tica, adquiere la primera computadora digital en el a\u00f1o 1965 (IBM 1620) con posteriores actualizaciones hasta el a\u00f1o 1980, con la adquisici\u00f3n de una computadora VAX, las mismas se emplearon para brindar servicio de procesamiento de datos a toda la Universidad sin avances concretos en el plano educativo.<br \/>\nPor tal raz\u00f3n, la Orientaci\u00f3n Computaci\u00f3n es la primera carrera relacionada a las tecnolog\u00edas de la informaci\u00f3n que ofrece la Universidad Nacional de Tucum\u00e1n, y lo hace a trav\u00e9s del Instituto de Ingenier\u00eda El\u00e9ctrica (actual Departamento de Electricidad, Electr\u00f3nica y Computaci\u00f3n), a partir del a\u00f1o 1992, habida cuenta de la fuerte interrelaci\u00f3n curricular entre la Orientaci\u00f3n Electr\u00f3nica y la nueva Orientaci\u00f3n Computaci\u00f3n.<br \/>\nUnos a\u00f1os m\u00e1s tarde se crea el Departamento de Ciencias de la Computaci\u00f3n, dando as\u00ed comienzo al dictado de la Carrera de Programador Universitario, agregando posteriormente la carrera de Licenciatura en Inform\u00e1tica a su oferta de grado.<br \/>\nEn el a\u00f1o 2005, se cambia el original plan de estudio de la Carrera Ingenier\u00eda en Computaci\u00f3n adecu\u00e1ndose a los Est\u00e1ndares de Acreditaci\u00f3n para las ingenier\u00edas, emitidos por la CONEAU (Comisi\u00f3n Nacional de Evaluaci\u00f3n y Acreditaci\u00f3n Universitaria), verificados posteriormente por la Resol. Ministerial 786 de Mayo 2009. Con el nuevo plan de estudios, se incorporan formalmente los m\u00e1s modernos avances en esta carrera, dejando sentadas las bases para su adaptaci\u00f3n permanente a una disciplina que se encuentra en una acelerada evoluci\u00f3n.<br \/>\nEn el a\u00f1o 2010, la carrera se presenta a la Acreditaci\u00f3n de CONEAU obteni\u00e9ndose resultados positivos, seg\u00fan Resol. 691 de dicha comisi\u00f3n (Octubre de 2011).<br \/>\nA la par de la oferta de grado de la carrera Ingenier\u00eda en Computaci\u00f3n, comienza a realizarse una importante serie de actividades de posgrado, entre los que se pueden citar diversos cursos de posgrado como as\u00ed tambi\u00e9n el ciclo de seminarios de actualizaci\u00f3n, cuyo dictado crea una demanda constante, raz\u00f3n por la cual se impone la necesidad de un nuevo ciclo cada dos a\u00f1os. La importante asistencia de profesionales con que cuentan estas actividades, representan el antecedente m\u00e1s directo de la presente propuesta de posgrado.<br \/>\nEn cuanto a las tareas de Investigaci\u00f3n, la mayor\u00eda de los docentes que revisten t\u00edtulos de posgrado participan de proyectos acreditados por el Consejo de Investigaciones de la UNT desde hace varios a\u00f1os. En abril de 2013 se presenta un Programa de Investigaci\u00f3n para la convocatoria 2013 de Proyectos de Investigaci\u00f3n de la UNT, \u201cPIUNT 2013\u201d. El programa integra dos proyectos: uno en Sistemas Embebidos y otro en Redes de Computadoras y Protocolos de Comunicaci\u00f3n.<br \/>\nLa apertura de la oferta curricular al nivel de posgrado est\u00e1 destinada principalmente a profesionales en Ingenier\u00eda en Computaci\u00f3n, que deseen especializarse en la integraci\u00f3n de las tecnolog\u00edas inform\u00e1ticas, ampliar sus horizontes y sus capacidades para estar al d\u00eda con el avance actual de la disciplina, como as\u00ed tambi\u00e9n entrenarse en la capacidad m\u00e1s importante que un profesional de este tipo debe tener: la de aprender continuamente y mantenerse al d\u00eda frente a los acelerados cambios que se producen en este campo.<br \/>\nEl 4\u00ba Encuentro Nacional de Ingenier\u00edas en Computaci\u00f3n, realizada en mayo de 2011, remarca que \u201cactualmente no existe en el pa\u00eds una especializaci\u00f3n de posgrado destinada a  Ingenier\u00eda en Computaci\u00f3n. La especializaci\u00f3n que se propone contribuir\u00e1 a comenzar a cubrir este vac\u00edo en la formaci\u00f3n de posgrado\u201d.<\/p>\n","protected":false},"excerpt":{"rendered":"<p>El desarrollo de la Ingenier\u00eda en computaci\u00f3n en la Universidad Nacional de Tucum\u00e1n se inicia en 1991, como una nueva orientaci\u00f3n del T\u00edtulo Ingeniero Electricista que brindaba el Instituto de Ingenier\u00eda El\u00e9ctrica de la Facultad de Ciencias Exactas y Tecnolog\u00eda (FACET) de la Universidad Nacional de Tucum\u00e1n (UNT). En el a\u00f1o 1963 se reforma el [&hellip;]<\/p>\n","protected":false},"author":101015,"featured_media":0,"parent":0,"menu_order":0,"comment_status":"closed","ping_status":"closed","template":"templates\/template-full.php","meta":[],"_links":{"self":[{"href":"https:\/\/www.facet.unt.edu.ar\/eiti\/wp-json\/wp\/v2\/pages\/249"}],"collection":[{"href":"https:\/\/www.facet.unt.edu.ar\/eiti\/wp-json\/wp\/v2\/pages"}],"about":[{"href":"https:\/\/www.facet.unt.edu.ar\/eiti\/wp-json\/wp\/v2\/types\/page"}],"author":[{"embeddable":true,"href":"https:\/\/www.facet.unt.edu.ar\/eiti\/wp-json\/wp\/v2\/users\/101015"}],"replies":[{"embeddable":true,"href":"https:\/\/www.facet.unt.edu.ar\/eiti\/wp-json\/wp\/v2\/comments?post=249"}],"version-history":[{"count":1,"href":"https:\/\/www.facet.unt.edu.ar\/eiti\/wp-json\/wp\/v2\/pages\/249\/revisions"}],"predecessor-version":[{"id":250,"href":"https:\/\/www.facet.unt.edu.ar\/eiti\/wp-json\/wp\/v2\/pages\/249\/revisions\/250"}],"wp:attachment":[{"href":"https:\/\/www.facet.unt.edu.ar\/eiti\/wp-json\/wp\/v2\/media?parent=249"}],"curies":[{"name":"wp","href":"https:\/\/api.w.org\/{rel}","templated":true}]}}